{"id":7288,"date":"2025-06-11T21:54:25","date_gmt":"2025-06-12T00:54:25","guid":{"rendered":"https:\/\/hospitalariars.com.br\/?post_type=product&#038;p=7288"},"modified":"2026-03-27T16:03:45","modified_gmt":"2026-03-27T19:03:45","slug":"gel-condutor-p-exames-1kg-plurigel-carbogel","status":"publish","type":"product","link":"https:\/\/hospitalariars.com.br\/index.php\/produto\/gel-condutor-p-exames-1kg-plurigel-carbogel\/","title":{"rendered":"Gel Condutor P\/ exames 1KG Plurigel &#8211; Carbogel"},"content":{"rendered":"<p>Gel condutor para exames &#8211; PLURIGEL GARRAFA 1kg<\/p>\n<p>PLURIGEL \u00e9 um gel n\u00e3o gorduroso, inodoro e transl\u00facido. \u00c9 facilmente absorvido por guardanapos de papel ou tecido, favorecendo sua remo\u00e7\u00e3o ap\u00f3s o procedimento. Por ser isento de sal, o PLURIGEL n\u00e3o danifica os aparelhos. Possui pH neutro.<\/p>\n<p>Indica\u00e7\u00f5es de uso:<br \/>\n\u00c9 indicado como meio de contato para exames de ultrassonografia (ecografia) simples ou com doppler, e como meio de transmiss\u00e3o de impulsos el\u00e9tricos entre a pele do paciente e o eletrodo em exames de eletrocardiograma. USO EXTERNO.&#8221;<\/p>\n<p>RMS 80005910004<\/p>\n","protected":false},"excerpt":{"rendered":"Gel condutor para exames &#8211; PLURIGEL GARRAFA 1kg PLURIGEL \u00e9 um gel n\u00e3o gorduroso, inodoro e transl\u00facido. \u00c9&hellip;","protected":false},"featured_media":7318,"comment_status":"open","ping_status":"closed","template":"","meta":{"slim_seo":{"title":"Gel Condutor P\/ exames 1KG Plurigel - Carbogel - Hospitalaria RS","description":"Gel condutor para exames - PLURIGEL GARRAFA 1kg PLURIGEL \u00e9 um gel n\u00e3o gorduroso, inodoro e transl\u00facido. \u00c9 facilmente absorvido por guardanapos de papel ou tecid"}},"product_brand":[247],"product_cat":[36],"product_tag":[248,252,250,249,251],"class_list":{"0":"post-7288","1":"product","2":"type-product","3":"status-publish","4":"has-post-thumbnail","6":"product_brand-carbogel","7":"product_cat-materiais-de-consumo","8":"product_tag-gel-condutor-ultrassom","9":"product_tag-gel-nao-gorduroso","10":"product_tag-gel-neutro-inodoro","11":"product_tag-gel-para-eletrocardiograma","12":"product_tag-gel-para-exames-medicos","13":"product_shipping_class-ate-10kg","14":"mbf-entry","16":"first","17":"outofstock","18":"sale","19":"shipping-taxable","20":"purchasable","21":"product-type-simple"},"_links":{"self":[{"href":"https:\/\/hospitalariars.com.br\/index.php\/wp-json\/wp\/v2\/product\/7288","targetHints":{"allow":["GET"]}}],"collection":[{"href":"https:\/\/hospitalariars.com.br\/index.php\/wp-json\/wp\/v2\/product"}],"about":[{"href":"https:\/\/hospitalariars.com.br\/index.php\/wp-json\/wp\/v2\/types\/product"}],"replies":[{"embeddable":true,"href":"https:\/\/hospitalariars.com.br\/index.php\/wp-json\/wp\/v2\/comments?post=7288"}],"wp:featuredmedia":[{"embeddable":true,"href":"https:\/\/hospitalariars.com.br\/index.php\/wp-json\/wp\/v2\/media\/7318"}],"wp:attachment":[{"href":"https:\/\/hospitalariars.com.br\/index.php\/wp-json\/wp\/v2\/media?parent=7288"}],"wp:term":[{"taxonomy":"product_brand","embeddable":true,"href":"https:\/\/hospitalariars.com.br\/index.php\/wp-json\/wp\/v2\/product_brand?post=7288"},{"taxonomy":"product_cat","embeddable":true,"href":"https:\/\/hospitalariars.com.br\/index.php\/wp-json\/wp\/v2\/product_cat?post=7288"},{"taxonomy":"product_tag","embeddable":true,"href":"https:\/\/hospitalariars.com.br\/index.php\/wp-json\/wp\/v2\/product_tag?post=7288"}],"curies":[{"name":"wp","href":"https:\/\/api.w.org\/{rel}","templated":true}]}}