{"id":7296,"date":"2025-06-11T21:54:26","date_gmt":"2025-06-12T00:54:26","guid":{"rendered":"https:\/\/hospitalariars.com.br\/?post_type=product&#038;p=7296"},"modified":"2026-03-27T16:03:45","modified_gmt":"2026-03-27T19:03:45","slug":"touca-sanfonada-descartavel-com-elastico-pacote-com-100-un","status":"publish","type":"product","link":"https:\/\/hospitalariars.com.br\/index.php\/produto\/touca-sanfonada-descartavel-com-elastico-pacote-com-100-un\/","title":{"rendered":"Touca Sanfonada Descart\u00e1vel com El\u00e1stico 01 un &#8211; Pacote com 100 un &#8211; Medix"},"content":{"rendered":"<div class=\"card__header\">\n<h2 class=\"card__title heading h3\"><span style=\"vertical-align: inherit;\"><span style=\"vertical-align: inherit;\"><span style=\"vertical-align: inherit;\"><span style=\"vertical-align: inherit;\">Descri\u00e7\u00e3o<\/span><\/span><\/span><\/span><\/h2>\n<\/div>\n<div class=\"card__section\">\n<div class=\"rte text--pull\">\n<p><span style=\"vertical-align: inherit;\"><span style=\"vertical-align: inherit;\"><span style=\"vertical-align: inherit;\"><span style=\"vertical-align: inherit;\">A Touca Descart\u00e1vel Medix Brasil (IMPORTADA) \u00e9 feita em polipropileno n\u00e3o tecido, possui fechamento em el\u00e1stico e \u00e9 de uso \u00fanico.<\/span><\/span><\/span><\/span><\/p>\n<p><span style=\"vertical-align: inherit;\"><span style=\"vertical-align: inherit;\"><span style=\"vertical-align: inherit;\"><span style=\"vertical-align: inherit;\">Indicado para evitar a queda de sujeira e part\u00edculas de cabelo em ambientes onde h\u00e1 necessidade de alta limpeza, protegendo o usu\u00e1rio contra respingos, fluidos e outras subst\u00e2ncias.<\/span><\/span><\/span><\/span><\/p>\n<p><span style=\"vertical-align: inherit;\"><span style=\"vertical-align: inherit;\"><span style=\"vertical-align: inherit;\"><span style=\"vertical-align: inherit;\">Produto n\u00e3o est\u00e9ril e de uso \u00fanico. Proibido reprocessar. Destruir ap\u00f3s o uso.<\/span><\/span><\/span><\/span><\/p>\n<p><strong><span style=\"vertical-align: inherit;\"><span style=\"vertical-align: inherit;\"><span style=\"vertical-align: inherit;\"><span style=\"vertical-align: inherit;\">Benef\u00edcios<\/span><\/span><\/span><\/span><\/strong><\/p>\n<ul>\n<li><span style=\"vertical-align: inherit;\"><span style=\"vertical-align: inherit;\"><span style=\"vertical-align: inherit;\"><span style=\"vertical-align: inherit;\">Barreira f\u00edsica contra contamina\u00e7\u00e3o por fluidos, part\u00edculas, sujeira e outras subst\u00e2ncias.<\/span><\/span><\/span><\/span><\/li>\n<\/ul>\n<p><strong><span style=\"vertical-align: inherit;\"><span style=\"vertical-align: inherit;\"><span style=\"vertical-align: inherit;\"><span style=\"vertical-align: inherit;\">Modo de uso<\/span><\/span><\/span><\/span><\/strong><\/p>\n<ol>\n<li><span style=\"vertical-align: inherit;\"><span style=\"vertical-align: inherit;\"><span style=\"vertical-align: inherit;\"><span style=\"vertical-align: inherit;\">Verifique a integridade da embalagem;<\/span><\/span><\/span><\/span><\/li>\n<li><span style=\"vertical-align: inherit;\"><span style=\"vertical-align: inherit;\"><span style=\"vertical-align: inherit;\"><span style=\"vertical-align: inherit;\">Realize a higiene das m\u00e3os, certifique-se de que as m\u00e3os estejam limpas e secas para o passo seguinte;<\/span><\/span><\/span><\/span><\/li>\n<li><span style=\"vertical-align: inherit;\"><span style=\"vertical-align: inherit;\"><span style=\"vertical-align: inherit;\"><span style=\"vertical-align: inherit;\">Retire um toque da embalagem o mais pr\u00f3ximo poss\u00edvel do momento do uso;<\/span><\/span><\/span><\/span><\/li>\n<li><span style=\"vertical-align: inherit;\"><span style=\"vertical-align: inherit;\"><span style=\"vertical-align: inherit;\"><span style=\"vertical-align: inherit;\">Coloque a touca na regi\u00e3o da cabe\u00e7a, cobrindo toda a cabe\u00e7a e o cabelo;<\/span><\/span><\/span><\/span><\/li>\n<li><span style=\"vertical-align: inherit;\"><span style=\"vertical-align: inherit;\"><span style=\"vertical-align: inherit;\"><span style=\"vertical-align: inherit;\">Adaptado \u00e0s condi\u00e7\u00f5es da cabe\u00e7a;<\/span><\/span><\/span><\/span><\/li>\n<li><span style=\"vertical-align: inherit;\"><span style=\"vertical-align: inherit;\"><span style=\"vertical-align: inherit;\"><span style=\"vertical-align: inherit;\">Ap\u00f3s o uso, retire a touca descarte em local protegido.<\/span><\/span><\/span><\/span><\/li>\n<\/ol>\n<p><strong><span style=\"vertical-align: inherit;\"><span style=\"vertical-align: inherit;\"><span style=\"vertical-align: inherit;\"><span style=\"vertical-align: inherit;\">Indica\u00e7\u00f5es de uso<\/span><\/span><\/span><\/span><\/strong><\/p>\n<p><span style=\"vertical-align: inherit;\"><span style=\"vertical-align: inherit;\"><span style=\"vertical-align: inherit;\"><span style=\"vertical-align: inherit;\">Indicado para a prote\u00e7\u00e3o e para reduzir a contamina\u00e7\u00e3o durante a realiza\u00e7\u00e3o de procedimentos.<\/span><\/span><\/span><\/span><\/p>\n<p><strong><span style=\"vertical-align: inherit;\"><span style=\"vertical-align: inherit;\"><span style=\"vertical-align: inherit;\"><span style=\"vertical-align: inherit;\">Especifica\u00e7\u00e3o t\u00e9cnica<\/span><\/span><\/span><\/span><\/strong><\/p>\n<ul>\n<li><span style=\"vertical-align: inherit;\"><span style=\"vertical-align: inherit;\"><span style=\"vertical-align: inherit;\"><span style=\"vertical-align: inherit;\">De uso \u00fanico;<\/span><\/span><\/span><\/span><\/li>\n<li><span style=\"vertical-align: inherit;\"><span style=\"vertical-align: inherit;\"><span style=\"vertical-align: inherit;\"><span style=\"vertical-align: inherit;\">Descart\u00e1vel;<\/span><\/span><\/span><\/span><\/li>\n<li><span style=\"vertical-align: inherit;\"><span style=\"vertical-align: inherit;\"><span style=\"vertical-align: inherit;\"><span style=\"vertical-align: inherit;\">N\u00e3o est\u00e9ril.<\/span><\/span><\/span><\/span><\/li>\n<li><span style=\"vertical-align: inherit;\"><span style=\"vertical-align: inherit;\"><span style=\"vertical-align: inherit;\"><span style=\"vertical-align: inherit;\">Material: polipropileno n\u00e3o tecido.<\/span><\/span><\/span><\/span><\/li>\n<li><span style=\"vertical-align: inherit;\"><span style=\"vertical-align: inherit;\"><span style=\"vertical-align: inherit;\"><span style=\"vertical-align: inherit;\">Cor: branca.<\/span><\/span><\/span><\/span><\/li>\n<li><span style=\"vertical-align: inherit;\"><span style=\"vertical-align: inherit;\"><span style=\"vertical-align: inherit;\"><span style=\"vertical-align: inherit;\">Tamanho: \u00fanico<\/span><\/span><\/span><\/span><\/li>\n<li><span style=\"vertical-align: inherit;\"><span style=\"vertical-align: inherit;\"><span style=\"vertical-align: inherit;\"><span style=\"vertical-align: inherit;\">Validade: 5 anos ap\u00f3s a data de fabrica\u00e7\u00e3o.<\/span><\/span><\/span><\/span><\/li>\n<li><span style=\"vertical-align: inherit;\"><span style=\"vertical-align: inherit;\"><span style=\"vertical-align: inherit;\"><span style=\"vertical-align: inherit;\">Embalagem: pacote com 100 unidades.<\/span><\/span><\/span><\/span><\/li>\n<li><span style=\"vertical-align: inherit;\"><span style=\"vertical-align: inherit;\"><span style=\"vertical-align: inherit;\"><span style=\"vertical-align: inherit;\">Dimens\u00f5es embalagem: 29cm(c) x 5cm(l) x 40,5cm(a).<\/span><\/span><\/span><\/span><\/li>\n<li><span style=\"vertical-align: inherit;\"><span style=\"vertical-align: inherit;\"><span style=\"vertical-align: inherit;\"><span style=\"vertical-align: inherit;\">Peso da embalagem: 300g.<\/span><\/span><\/span><\/span><\/li>\n<li><span style=\"vertical-align: inherit;\"><span style=\"vertical-align: inherit;\"><span style=\"vertical-align: inherit;\"><span style=\"vertical-align: inherit;\">Registro Anvisa 80495510075.<\/span><\/span><\/span><\/span><\/li>\n<\/ul>\n<\/div>\n<\/div>\n","protected":false},"excerpt":{"rendered":"Descri\u00e7\u00e3o A Touca Descart\u00e1vel Medix Brasil (IMPORTADA) \u00e9 feita em polipropileno n\u00e3o tecido, possui fechamento em el\u00e1stico e&hellip;","protected":false},"featured_media":7329,"comment_status":"open","ping_status":"closed","template":"","meta":{"slim_seo":{"title":"Touca Sanfonada Descart\u00e1vel com El\u00e1stico 01 un - Pacote com 100 un - Medix - Hospitalaria RS","description":"Descri\u00e7\u00e3o A Touca Descart\u00e1vel Medix Brasil (IMPORTADA) \u00e9 feita em polipropileno n\u00e3o tecido, possui fechamento em el\u00e1stico e \u00e9 de uso \u00fanico. Indicado para evitar"}},"product_brand":[77],"product_cat":[36],"product_tag":[348,347,345,346,344],"class_list":{"0":"post-7296","1":"product","2":"type-product","3":"status-publish","4":"has-post-thumbnail","6":"product_brand-medix","7":"product_cat-materiais-de-consumo","8":"product_tag-barreira-contra-contaminacao","9":"product_tag-protecao-para-cabelo","10":"product_tag-touca-descartavel","11":"product_tag-touca-polipropileno","12":"product_tag-uso-unico-hospitalar","13":"mbf-entry","15":"first","16":"outofstock","17":"shipping-taxable","18":"purchasable","19":"product-type-simple"},"_links":{"self":[{"href":"https:\/\/hospitalariars.com.br\/index.php\/wp-json\/wp\/v2\/product\/7296","targetHints":{"allow":["GET"]}}],"collection":[{"href":"https:\/\/hospitalariars.com.br\/index.php\/wp-json\/wp\/v2\/product"}],"about":[{"href":"https:\/\/hospitalariars.com.br\/index.php\/wp-json\/wp\/v2\/types\/product"}],"replies":[{"embeddable":true,"href":"https:\/\/hospitalariars.com.br\/index.php\/wp-json\/wp\/v2\/comments?post=7296"}],"wp:featuredmedia":[{"embeddable":true,"href":"https:\/\/hospitalariars.com.br\/index.php\/wp-json\/wp\/v2\/media\/7329"}],"wp:attachment":[{"href":"https:\/\/hospitalariars.com.br\/index.php\/wp-json\/wp\/v2\/media?parent=7296"}],"wp:term":[{"taxonomy":"product_brand","embeddable":true,"href":"https:\/\/hospitalariars.com.br\/index.php\/wp-json\/wp\/v2\/product_brand?post=7296"},{"taxonomy":"product_cat","embeddable":true,"href":"https:\/\/hospitalariars.com.br\/index.php\/wp-json\/wp\/v2\/product_cat?post=7296"},{"taxonomy":"product_tag","embeddable":true,"href":"https:\/\/hospitalariars.com.br\/index.php\/wp-json\/wp\/v2\/product_tag?post=7296"}],"curies":[{"name":"wp","href":"https:\/\/api.w.org\/{rel}","templated":true}]}}

Touca Sanfonada Descartável com Elástico 01 un &#8211; Pacote com 100 un &#8211; Medix

<div class="card__header">
<h2 class="card__title heading h3"><span style="vertical-align: inherit;"><span style="vertical-align: inherit;"><span style="vertical-align: inherit;"><span style="vertical-align: inherit;">Descrição</span></span></span></span></h2>
</div>
<div class="card__section">
<div class="rte text--pull">
<p><span style="vertical-align: inherit;"><span style="vertical-align: inherit;"><span style="vertical-align: inherit;"><span style="vertical-align: inherit;">A Touca Descartável Medix Brasil (IMPORTADA) é feita em polipropileno não tecido, possui fechamento em elástico e é de uso único.</span></span></span></span></p>
<p><span style="vertical-align: inherit;"><span style="vertical-align: inherit;"><span style="vertical-align: inherit;"><span style="vertical-align: inherit;">Indicado para evitar a queda de sujeira e partículas de cabelo em ambientes onde há necessidade de alta limpeza, protegendo o usuário contra respingos, fluidos e outras substâncias.</span></span></span></span></p>
<p><span style="vertical-align: inherit;"><span style="vertical-align: inherit;"><span style="vertical-align: inherit;"><span style="vertical-align: inherit;">Produto não estéril e de uso único. Proibido reprocessar. Destruir após o uso.</span></span></span></span></p>
<p><strong><span style="vertical-align: inherit;"><span style="vertical-align: inherit;"><span style="vertical-align: inherit;"><span style="vertical-align: inherit;">Benefícios</span></span></span></span></strong></p>
<ul>
<li><span style="vertical-align: inherit;"><span style="vertical-align: inherit;"><span style="vertical-align: inherit;"><span style="vertical-align: inherit;">Barreira física contra contaminação por fluidos, partículas, sujeira e outras substâncias.</span></span></span></span></li>
</ul>
<p><strong><span style="vertical-align: inherit;"><span style="vertical-align: inherit;"><span style="vertical-align: inherit;"><span style="vertical-align: inherit;">Modo de uso</span></span></span></span></strong></p>
<ol>
<li><span style="vertical-align: inherit;"><span style="vertical-align: inherit;"><span style="vertical-align: inherit;"><span style="vertical-align: inherit;">Verifique a integridade da embalagem;</span></span></span></span></li>
<li><span style="vertical-align: inherit;"><span style="vertical-align: inherit;"><span style="vertical-align: inherit;"><span style="vertical-align: inherit;">Realize a higiene das mãos, certifique-se de que as mãos estejam limpas e secas para o passo seguinte;</span></span></span></span></li>
<li><span style="vertical-align: inherit;"><span style="vertical-align: inherit;"><span style="vertical-align: inherit;"><span style="vertical-align: inherit;">Retire um toque da embalagem o mais próximo possível do momento do uso;</span></span></span></span></li>
<li><span style="vertical-align: inherit;"><span style="vertical-align: inherit;"><span style="vertical-align: inherit;"><span style="vertical-align: inherit;">Coloque a touca na região da cabeça, cobrindo toda a cabeça e o cabelo;</span></span></span></span></li>
<li><span style="vertical-align: inherit;"><span style="vertical-align: inherit;"><span style="vertical-align: inherit;"><span style="vertical-align: inherit;">Adaptado às condições da cabeça;</span></span></span></span></li>
<li><span style="vertical-align: inherit;"><span style="vertical-align: inherit;"><span style="vertical-align: inherit;"><span style="vertical-align: inherit;">Após o uso, retire a touca descarte em local protegido.</span></span></span></span></li>
</ol>
<p><strong><span style="vertical-align: inherit;"><span style="vertical-align: inherit;"><span style="vertical-align: inherit;"><span style="vertical-align: inherit;">Indicações de uso</span></span></span></span></strong></p>
<p><span style="vertical-align: inherit;"><span style="vertical-align: inherit;"><span style="vertical-align: inherit;"><span style="vertical-align: inherit;">Indicado para a proteção e para reduzir a contaminação durante a realização de procedimentos.</span></span></span></span></p>
<p><strong><span style="vertical-align: inherit;"><span style="vertical-align: inherit;"><span style="vertical-align: inherit;"><span style="vertical-align: inherit;">Especificação técnica</span></span></span></span></strong></p>
<ul>
<li><span style="vertical-align: inherit;"><span style="vertical-align: inherit;"><span style="vertical-align: inherit;"><span style="vertical-align: inherit;">De uso único;</span></span></span></span></li>
<li><span style="vertical-align: inherit;"><span style="vertical-align: inherit;"><span style="vertical-align: inherit;"><span style="vertical-align: inherit;">Descartável;</span></span></span></span></li>
<li><span style="vertical-align: inherit;"><span style="vertical-align: inherit;"><span style="vertical-align: inherit;"><span style="vertical-align: inherit;">Não estéril.</span></span></span></span></li>
<li><span style="vertical-align: inherit;"><span style="vertical-align: inherit;"><span style="vertical-align: inherit;"><span style="vertical-align: inherit;">Material: polipropileno não tecido.</span></span></span></span></li>
<li><span style="vertical-align: inherit;"><span style="vertical-align: inherit;"><span style="vertical-align: inherit;"><span style="vertical-align: inherit;">Cor: branca.</span></span></span></span></li>
<li><span style="vertical-align: inherit;"><span style="vertical-align: inherit;"><span style="vertical-align: inherit;"><span style="vertical-align: inherit;">Tamanho: único</span></span></span></span></li>
<li><span style="vertical-align: inherit;"><span style="vertical-align: inherit;"><span style="vertical-align: inherit;"><span style="vertical-align: inherit;">Validade: 5 anos após a data de fabricação.</span></span></span></span></li>
<li><span style="vertical-align: inherit;"><span style="vertical-align: inherit;"><span style="vertical-align: inherit;"><span style="vertical-align: inherit;">Embalagem: pacote com 100 unidades.</span></span></span></span></li>
<li><span style="vertical-align: inherit;"><span style="vertical-align: inherit;"><span style="vertical-align: inherit;"><span style="vertical-align: inherit;">Dimensões embalagem: 29cm(c) x 5cm(l) x 40,5cm(a).</span></span></span></span></li>
<li><span style="vertical-align: inherit;"><span style="vertical-align: inherit;"><span style="vertical-align: inherit;"><span style="vertical-align: inherit;">Peso da embalagem: 300g.</span></span></span></span></li>
<li><span style="vertical-align: inherit;"><span style="vertical-align: inherit;"><span style="vertical-align: inherit;"><span style="vertical-align: inherit;">Registro Anvisa 80495510075.</span></span></span></span></li>
</ul>
</div>
</div>

Descrição A Touca Descartável Medix Brasil (IMPORTADA) é feita em polipropileno não tecido, possui fechamento em elástico e&hellip;

Touca Sanfonada Descartável com Elástico 01 un - Pacote com 100 un - Medix - Hospitalaria RS

Descrição A Touca Descartável Medix Brasil (IMPORTADA) é feita em polipropileno não tecido, possui fechamento em elástico e é de uso único. Indicado para evitar
