{"id":7298,"date":"2025-06-11T21:54:26","date_gmt":"2025-06-12T00:54:26","guid":{"rendered":"https:\/\/hospitalariars.com.br\/?post_type=product&#038;p=7298"},"modified":"2026-03-27T16:03:45","modified_gmt":"2026-03-27T19:03:45","slug":"lencol-descartavel-com-elastico-pacote-com-10-un","status":"publish","type":"product","link":"https:\/\/hospitalariars.com.br\/index.php\/produto\/lencol-descartavel-com-elastico-pacote-com-10-un\/","title":{"rendered":"Len\u00e7ol Descart\u00e1vel com El\u00e1stico &#8211; Pacote com 10 un &#8211; Medix"},"content":{"rendered":"<div class=\"card__header\">\n<h2 class=\"card__title heading h3\"><span style=\"vertical-align: inherit;\"><span style=\"vertical-align: inherit;\">Descri\u00e7\u00e3o<\/span><\/span><\/h2>\n<\/div>\n<div class=\"card__section\">\n<div class=\"rte text--pull\">\n<p><span style=\"vertical-align: inherit;\"><span style=\"vertical-align: inherit;\">O Len\u00e7ol Descart\u00e1vel oferece maior seguran\u00e7a em locais que chamam de cuidados com limpeza e higiene, seu uso tem por finalidade formar uma barreira mec\u00e2nica que impede a passagem de sujidades.<\/span><\/span><\/p>\n<p><span style=\"vertical-align: inherit;\"><span style=\"vertical-align: inherit;\">Descart\u00e1vel, \u00e9 feito em tecido n\u00e3o tecido (TNT) 100% polipropileno, possui el\u00e1stico, pr\u00e1tico para utiliza\u00e7\u00e3o e fixa\u00e7\u00e3o.<\/span><\/span><\/p>\n<p><strong><span style=\"vertical-align: inherit;\"><span style=\"vertical-align: inherit;\">Benef\u00edcios<\/span><\/span><\/strong><\/p>\n<ul>\n<li><span style=\"vertical-align: inherit;\"><span style=\"vertical-align: inherit;\">Hipoalerg\u00eanico;<\/span><\/span><\/li>\n<li><span style=\"vertical-align: inherit;\"><span style=\"vertical-align: inherit;\">Apirog\u00eanico;<\/span><\/span><\/li>\n<li><span style=\"vertical-align: inherit;\"><span style=\"vertical-align: inherit;\">At\u00f3xico.<\/span><\/span><\/li>\n<\/ul>\n<p><strong><span style=\"vertical-align: inherit;\"><span style=\"vertical-align: inherit;\">Modo de Uso<\/span><\/span><\/strong><\/p>\n<ol>\n<li><span style=\"vertical-align: inherit;\"><span style=\"vertical-align: inherit;\">Abra o saco pl\u00e1stico pegue uma unidade de len\u00e7ol;<\/span><\/span><\/li>\n<li><span style=\"vertical-align: inherit;\"><span style=\"vertical-align: inherit;\">Abra-o separadamente, fixe em um lado na cama, em seguida fixe o outro lado, ent\u00e3o tirei e recobre o comprimento da cama fixando as pontas que faltaram;<\/span><\/span><\/li>\n<li><span style=\"vertical-align: inherit;\"><span style=\"vertical-align: inherit;\">Ap\u00f3s executar o procedimento; retirar e descartar em local de seguran\u00e7a.<\/span><\/span><\/li>\n<\/ol>\n<p><span style=\"vertical-align: inherit;\"><span style=\"vertical-align: inherit;\">N\u00e3o reutilize ou esterilize ap\u00f3s o uso. PROIBIDO REPROCESSAR.<\/span><\/span><\/p>\n<p><strong><span style=\"vertical-align: inherit;\"><span style=\"vertical-align: inherit;\">Especifica\u00e7\u00f5es T\u00e9cnicas<\/span><\/span><\/strong><\/p>\n<ul>\n<li><span style=\"vertical-align: inherit;\"><span style=\"vertical-align: inherit;\">Com el\u00e1stico;<\/span><\/span><\/li>\n<li><span style=\"vertical-align: inherit;\"><span style=\"vertical-align: inherit;\">Composi\u00e7\u00e3o: 100% polipropileno (n\u00e3o tecido);<\/span><\/span><\/li>\n<li><span style=\"vertical-align: inherit;\"><span style=\"vertical-align: inherit;\">Cor: Branca;<\/span><\/span><\/li>\n<li><span style=\"vertical-align: inherit;\"><span style=\"vertical-align: inherit;\">Gramatura: 16g;<\/span><\/span><\/li>\n<li><span style=\"vertical-align: inherit;\"><span style=\"vertical-align: inherit;\">Dispon\u00edvel no modelo: com el\u00e1stico;<\/span><\/span><\/li>\n<li><span style=\"vertical-align: inherit;\"><span style=\"vertical-align: inherit;\">Comprimento: 2 metros;<\/span><\/span><\/li>\n<li><span style=\"vertical-align: inherit;\"><span style=\"vertical-align: inherit;\">Largura: 0,90cm;<\/span><\/span><\/li>\n<li><span style=\"vertical-align: inherit;\"><span style=\"vertical-align: inherit;\">Validade 5 anos;<\/span><\/span><\/li>\n<li><span style=\"vertical-align: inherit;\"><span style=\"vertical-align: inherit;\">Descart\u00e1vel e de uso \u00fanico;<\/span><\/span><\/li>\n<li><span style=\"vertical-align: inherit;\"><span style=\"vertical-align: inherit;\">Produto n\u00e3o regulamentado pela GGTPS\/Anvisa.<\/span><\/span><\/li>\n<\/ul>\n<\/div>\n<\/div>\n","protected":false},"excerpt":{"rendered":"Descri\u00e7\u00e3o O Len\u00e7ol Descart\u00e1vel oferece maior seguran\u00e7a em locais que chamam de cuidados com limpeza e higiene, seu&hellip;","protected":false},"featured_media":7331,"comment_status":"open","ping_status":"closed","template":"","meta":{"slim_seo":{"title":"Len\u00e7ol Descart\u00e1vel com El\u00e1stico - Pacote com 10 un - Medix - Hospitalaria RS","description":"Descri\u00e7\u00e3o O Len\u00e7ol Descart\u00e1vel oferece maior seguran\u00e7a em locais que chamam de cuidados com limpeza e higiene, seu uso tem por finalidade formar uma barreira me"}},"product_brand":[77],"product_cat":[36],"product_tag":[260,261,259,258,262],"class_list":{"0":"post-7298","1":"product","2":"type-product","3":"status-publish","4":"has-post-thumbnail","6":"product_brand-medix","7":"product_cat-materiais-de-consumo","8":"product_tag-barreira-contra-sujidades","9":"product_tag-hipoalergenico-atoxico","10":"product_tag-lencol-com-elastico","11":"product_tag-lencol-descartavel-tnt","12":"product_tag-uso-unico-descartavel","13":"mbf-entry","15":"first","16":"outofstock","17":"shipping-taxable","18":"purchasable","19":"product-type-simple"},"_links":{"self":[{"href":"https:\/\/hospitalariars.com.br\/index.php\/wp-json\/wp\/v2\/product\/7298","targetHints":{"allow":["GET"]}}],"collection":[{"href":"https:\/\/hospitalariars.com.br\/index.php\/wp-json\/wp\/v2\/product"}],"about":[{"href":"https:\/\/hospitalariars.com.br\/index.php\/wp-json\/wp\/v2\/types\/product"}],"replies":[{"embeddable":true,"href":"https:\/\/hospitalariars.com.br\/index.php\/wp-json\/wp\/v2\/comments?post=7298"}],"wp:featuredmedia":[{"embeddable":true,"href":"https:\/\/hospitalariars.com.br\/index.php\/wp-json\/wp\/v2\/media\/7331"}],"wp:attachment":[{"href":"https:\/\/hospitalariars.com.br\/index.php\/wp-json\/wp\/v2\/media?parent=7298"}],"wp:term":[{"taxonomy":"product_brand","embeddable":true,"href":"https:\/\/hospitalariars.com.br\/index.php\/wp-json\/wp\/v2\/product_brand?post=7298"},{"taxonomy":"product_cat","embeddable":true,"href":"https:\/\/hospitalariars.com.br\/index.php\/wp-json\/wp\/v2\/product_cat?post=7298"},{"taxonomy":"product_tag","embeddable":true,"href":"https:\/\/hospitalariars.com.br\/index.php\/wp-json\/wp\/v2\/product_tag?post=7298"}],"curies":[{"name":"wp","href":"https:\/\/api.w.org\/{rel}","templated":true}]}}