{"id":7309,"date":"2025-06-11T21:54:27","date_gmt":"2025-06-12T00:54:27","guid":{"rendered":"https:\/\/hospitalariars.com.br\/?post_type=product&#038;p=7309"},"modified":"2026-03-27T16:03:44","modified_gmt":"2026-03-27T19:03:44","slug":"eletrocardiografo-cardio7-dicom-bionet","status":"publish","type":"product","link":"https:\/\/hospitalariars.com.br\/index.php\/produto\/eletrocardiografo-cardio7-dicom-bionet\/","title":{"rendered":"Eletrocardi\u00f3grafo Cardio7 DICOM Bionet"},"content":{"rendered":"<h1 class=\"title1 m-bottom1\">Eletrocardi\u00f3grafo Cardio7 DICOM Bionet<\/h1>\n<div class=\"paragraph m-top2\">\n<p>O eletrocardi\u00f3grafo Cardio7 possibilita integra\u00e7\u00e3o direta com PACS, gera imagens\u00a0no formato DICOM, sem a necessidade de convers\u00e3o com outros programas ou\u00a0computadores externos.<\/p>\n<\/div>\n<div class=\"flex-grid bloco-descricao\">\n<div class=\"left\">\n<h2 class=\"title1s border-title\">Benef\u00edcios<\/h2>\n<\/div>\n<div class=\"right\">\n<div class=\"text-box edit\">\n<p><strong>Worklist bidirecional<\/strong>\u00a0permite importar a lista de\u00a0exames agendados, selecionar os pacientes\u00a0prescritos e exportar os exames diretamente\u00a0ao PACS no formato DICOM.<\/p>\n<p><strong>Conex\u00e3o com servidor WEB<\/strong>\u00a0envia exames para\u00a0laudo, diretamente do Cardio7 para o endere\u00e7o\u00a0WEB, possibilitando seguran\u00e7a no envio, evitando\u00a0erros manuais.<\/p>\n<p><strong>WI-FI comunica\u00e7\u00e3o sem fio<\/strong>\u00a0com a rede do hospital,\u00a0possibilita melhor mobilidade entre ambientes,\u00a0seguran\u00e7a no envio e rapidez das informa\u00e7\u00f5es.<\/p>\n<p><strong>Otimiza\u00e7\u00e3o do fluxo de trabalho<\/strong>, redu\u00e7\u00e3o de custos e maior seguran\u00e7a na entrega e armazenamento dos exames.<\/p>\n<p><strong>Identifica\u00e7\u00e3o dos pacientes<\/strong>\u00a0no equipamento atrav\u00e9s do leitor de c\u00f3digo de barras, evitando duplicidade de exames ou troca de pacientes.<\/p>\n<p><strong>Elimina\u00e7\u00e3o da digitaliza\u00e7\u00e3o<\/strong>\u00a0dos exames impressos para anexar ao prontu\u00e1rio eletr\u00f4nico.<\/p>\n<hr \/>\n<\/div>\n<\/div>\n<\/div>\n<div class=\"flex-grid bloco-descricao\">\n<div class=\"left\">\n<h2 class=\"title1s border-title\">Caracter\u00edsticas<\/h2>\n<\/div>\n<div class=\"right\">\n<div class=\"text-box edit\">\n<ul>\n<li>Tela de LCD colorida touchscreen de 7\u201d.<\/li>\n<li>Visualiza\u00e7\u00e3o pr\u00e9via dos 12 canais em tempo real.<\/li>\n<li>ID do paciente atrav\u00e9s do leitor de c\u00f3digo de barras.<\/li>\n<li>Mem\u00f3ria interna para armazenar 200 exames.<\/li>\n<li>Pr\u00e9-laudo do ECG e medidas complexas.<\/li>\n<li>Beat report: texto, guia, vetor e mapa ST.<\/li>\n<li>Detec\u00e7\u00e3o de arritmia em tempo real (13 tipos).<\/li>\n<li>An\u00e1lise de Variabilidade da Frequ\u00eancia Card\u00edaca (VFC).<\/li>\n<\/ul>\n<hr \/>\n<\/div>\n<\/div>\n<\/div>\n<div class=\"flex-grid bloco-descricao\">\n<div class=\"left\">\n<h2 class=\"title1s border-title\">Especifica\u00e7\u00f5es T\u00e9cnica<\/h2>\n<\/div>\n<div class=\"right\">\n<div class=\"text-box edit\">\n<table>\n<tbody>\n<tr>\n<td><strong>ECG<\/strong><\/td>\n<td>Aquisi\u00e7\u00e3o simult\u00e2nea de 12 deriva\u00e7\u00f5es<\/td>\n<\/tr>\n<tr>\n<td><strong>Dimens\u00f5es<\/strong><\/td>\n<td>300 X 299 X 123mm, peso aproximado 3,5kg com bateria<\/td>\n<\/tr>\n<tr>\n<td><strong>Relat\u00f3rios<\/strong><\/td>\n<td>M\u00faltiplos formatos de impress\u00e3o configur\u00e1veis: 1 canal,\u00a03 canais + 1 ritmo, 3 canais + 3 ritmos, 6 canais + 1 ritmo e 12 canais<\/td>\n<\/tr>\n<tr>\n<td><strong>Sensibilidade<\/strong><\/td>\n<td>2.5, 5, 10, 20, autom\u00e1tico (I, II, III~aVF=10, V1~V6= 5) mm\/mV<\/td>\n<\/tr>\n<tr>\n<td><strong>Velocidade de impress\u00e3o<\/strong><\/td>\n<td>5 mm\/s, 12,5 mm\/s, 25 mm\/s, 50 mm\/s, 100 mm\/s<\/td>\n<\/tr>\n<tr>\n<td><strong>Filtros<\/strong><\/td>\n<td>AC (50\/60Hz, -20dB ou melhor)<\/p>\n<p>Muscular (25~35Hz, -3dB ou melhor)<\/p>\n<p>Filtro da linha de base (0.1Hz, -3dB ou melhor)<\/p>\n<p>Filtro passa baixa (desligado, 40Hz, 100Hz, 150Hz)<\/td>\n<\/tr>\n<tr>\n<td><strong>Tela de LCD<\/strong><\/td>\n<td>Tela TFT LCD colorida de 7&#8243; (800&#215;480)<\/p>\n<p>Exibi\u00e7\u00e3o de 6 e 12 canais simult\u00e2neos<\/td>\n<\/tr>\n<tr>\n<td><strong>Atalhos da tela<\/strong><\/td>\n<td>Sensibilidade, velocidade, configura\u00e7\u00f5es, frequ\u00eancia card\u00edaca, deriva\u00e7\u00e3o\u00a0de ritmo, ID, status da rede e bateria<\/td>\n<\/tr>\n<tr>\n<td><strong>Teclado<\/strong><\/td>\n<td>Touch Screen (alfa-num\u00e9rico e s\u00edmbolos)<\/p>\n<p>Teclado de membrana e bot\u00e3o de acesso r\u00e1pido ao menu<\/td>\n<\/tr>\n<tr>\n<td><strong>Dados do paciente<\/strong><\/td>\n<td>Identifica\u00e7\u00e3o, nome, idade, sexo, altura, peso, fumante, ra\u00e7a<\/td>\n<\/tr>\n<tr>\n<td><strong>Medidas<\/strong><\/td>\n<td>Frequ\u00eancia card\u00edaca, intervalo PR, dura\u00e7\u00e3o do QRS, HRV, intervalo R.R,\u00a0QT\/QTc e eixos P-R-T, relat\u00f3rio de ritmo e detec\u00e7\u00e3o de arritmia<\/td>\n<\/tr>\n<tr>\n<td><strong>Impress\u00e3o<\/strong><\/td>\n<td>Cabe\u00e7a de impress\u00e3o t\u00e9rmica, papel t\u00e9rmico<\/td>\n<\/tr>\n<tr>\n<td><strong>Tamanho da\u00a0Impress\u00e3o<\/strong><\/td>\n<td>A4<\/p>\n<p>Comprimento: 297mm (ou 11,7&#8243;)<\/p>\n<p>Largura: 210mm (ou 8.5&#8243;)<\/td>\n<\/tr>\n<tr>\n<td><strong>Resolu\u00e7\u00e3o\u00a0Impress\u00e3o<\/strong><\/td>\n<td>Vertical: 8 pontos\/mm<\/p>\n<p>Horizontal: 16 pontos\/mm<\/td>\n<\/tr>\n<tr>\n<td><strong>Caracter\u00edsticas t\u00e9cnicas<\/strong><\/td>\n<td>Ru\u00eddo interno: 20\u03bcV (p-p) max<\/p>\n<p>Circuito interno: entrada flutuante<\/p>\n<p>Imped\u00e2ncia interna: \u226550M\u03a9<\/p>\n<p>Varia\u00e7\u00e3o da tens\u00e3o de entrada: \u2265\u00b15mV<\/p>\n<p>Rejei\u00e7\u00e3o em modo comum: &gt;100dB<\/p>\n<p>Tens\u00e3o DC offset:\u2265\u00b1400mV<\/p>\n<p>Constante de tempo: 3.2sec<\/p>\n<p>Corrente de fuga ao paciente: &lt;10\u03bcA<\/p>\n<p>Resposta de Frequ\u00eancia: 0.05~150Hz<\/p>\n<p>Isolado e protegido contra desfibrila\u00e7\u00e3o<\/td>\n<\/tr>\n<tr>\n<td><strong>Tempo do processamento\u00a0do relat\u00f3rio<\/strong><\/td>\n<td>&lt;5 segundos<\/td>\n<\/tr>\n<tr>\n<td><strong>Controle de qualidade\u00a0de sinal<\/strong><\/td>\n<td>Identifica\u00e7\u00e3o do eletrodo desconectado<\/p>\n<p>Detec\u00e7\u00e3o de marca passo<\/td>\n<\/tr>\n<tr>\n<td><strong>Armazenamento do ECG<\/strong><\/td>\n<td>Mem\u00f3ria interna para 200 pacientes<\/td>\n<\/tr>\n<tr>\n<td><strong>Especifica\u00e7\u00f5es el\u00e9tricas<\/strong><\/td>\n<td>Alimenta\u00e7\u00e3o: Corrente Alternada ou bateria interna recarreg\u00e1vel<\/p>\n<p>Tens\u00e3o de alimenta\u00e7\u00e3o: 95 a 240V autom\u00e1tico, frequ\u00eancia 50\/60Hz<\/p>\n<p>Corrente de entrada: 1.0 &#8211; 0.5A<\/p>\n<p>Pot\u00eancia de entrada: M\u00e1ximo 60W<\/td>\n<\/tr>\n<tr>\n<td><strong>Autonomia da bateria<\/strong><\/td>\n<td>Acima de 200 impress\u00f5es de exames no modo autom\u00e1tico<\/td>\n<\/tr>\n<tr>\n<td><strong>Interface<\/strong><\/td>\n<td>LAN, USB, RS232 e WI-FI<\/td>\n<\/tr>\n<tr>\n<td><strong>Conformidades de\u00a0seguran\u00e7a<\/strong><\/td>\n<td>Classe I e energizado internamente, tipo BF \u00e0 prova de desfibrila\u00e7\u00e3o\u00a0NBR IEC 60601-1:11984 e emenda de 1997, NBR IEC 60601-1-2:2006 e\u00a0emenda de 2006, NBR IEC 6060-1-2-25:2001<\/p>\n<p>ANVISA, INMETRO, CE, FDA, CSA, KFDA, SFDA, CCC<\/td>\n<\/tr>\n<\/tbody>\n<\/table>\n<\/div>\n<\/div>\n<\/div>\n","protected":false},"excerpt":{"rendered":"300 X 299 X 123mm, peso aproximado 3,5kg com bateria","protected":false},"featured_media":7352,"comment_status":"open","ping_status":"closed","template":"","meta":{"slim_seo":{"title":"Eletrocardi\u00f3grafo Cardio7 DICOM Bionet - Hospitalaria RS","description":"300 X 299 X 123mm, peso aproximado 3,5kg com bateria"}},"product_brand":[80],"product_cat":[34],"product_tag":[234,232,231,235,233],"class_list":{"0":"post-7309","1":"product","2":"type-product","3":"status-publish","4":"has-post-thumbnail","6":"product_brand-bionet","7":"product_cat-equipamentos","8":"product_tag-comunicacao-wi-fi","9":"product_tag-ecg-com-dicom","10":"product_tag-eletrocardiografo-digital","11":"product_tag-integracao-com-pacs","12":"product_tag-tela-touchscreen-7","13":"mbf-entry","15":"first","16":"outofstock","17":"shipping-taxable","18":"product-type-simple"},"_links":{"self":[{"href":"https:\/\/hospitalariars.com.br\/index.php\/wp-json\/wp\/v2\/product\/7309","targetHints":{"allow":["GET"]}}],"collection":[{"href":"https:\/\/hospitalariars.com.br\/index.php\/wp-json\/wp\/v2\/product"}],"about":[{"href":"https:\/\/hospitalariars.com.br\/index.php\/wp-json\/wp\/v2\/types\/product"}],"replies":[{"embeddable":true,"href":"https:\/\/hospitalariars.com.br\/index.php\/wp-json\/wp\/v2\/comments?post=7309"}],"wp:featuredmedia":[{"embeddable":true,"href":"https:\/\/hospitalariars.com.br\/index.php\/wp-json\/wp\/v2\/media\/7352"}],"wp:attachment":[{"href":"https:\/\/hospitalariars.com.br\/index.php\/wp-json\/wp\/v2\/media?parent=7309"}],"wp:term":[{"taxonomy":"product_brand","embeddable":true,"href":"https:\/\/hospitalariars.com.br\/index.php\/wp-json\/wp\/v2\/product_brand?post=7309"},{"taxonomy":"product_cat","embeddable":true,"href":"https:\/\/hospitalariars.com.br\/index.php\/wp-json\/wp\/v2\/product_cat?post=7309"},{"taxonomy":"product_tag","embeddable":true,"href":"https:\/\/hospitalariars.com.br\/index.php\/wp-json\/wp\/v2\/product_tag?post=7309"}],"curies":[{"name":"wp","href":"https:\/\/api.w.org\/{rel}","templated":true}]}}