{"id":7311,"date":"2025-06-11T21:54:27","date_gmt":"2025-06-12T00:54:27","guid":{"rendered":"https:\/\/hospitalariars.com.br\/?post_type=product&#038;p=7311"},"modified":"2026-03-27T16:03:44","modified_gmt":"2026-03-27T19:03:44","slug":"otoscopio-digital-md-syncvision","status":"publish","type":"product","link":"https:\/\/hospitalariars.com.br\/index.php\/produto\/otoscopio-digital-md-syncvision\/","title":{"rendered":"Otosc\u00f3pio Digital MD SyncVision"},"content":{"rendered":"<div class=\"flex-grid bloco-descricao\">\n<div class=\"left\">\n<h2 class=\"title1s border-title\">Uma imagem vale mais quando ganha vida. Um \u00fanico instrumento para uma variedade impressionante de usos e recursos. Exames do canal auditivo, cavidades nasais e orais.<\/h2>\n<h2 class=\"title1s border-title\">Conecte. Mostre. Compartilhe.<\/h2>\n<\/div>\n<div class=\"right\">\n<div class=\"text-box edit\">\n<p>Exiba as imagens capturadas em tempo real em\u00a0notebooks ou computadores, promovendo maior\u00a0intera\u00e7\u00e3o com o paciente e colabora\u00e7\u00e3o entre<br \/>\nprofissionais. Grave, visualize e compartilhe fotos e\u00a0v\u00eddeos de alta qualidade com facilidade.<\/p>\n<ul>\n<li><strong>Colabora\u00e7\u00e3o m\u00e9dico-paciente:<\/strong>\u00a0imagens em tempo real auxiliam no entendimento do\u00a0diagn\u00f3stico.<\/li>\n<li><strong>Alta resolu\u00e7\u00e3o e nitidez:<\/strong>\u00a0LED branco de alta luminosidade que preserva os tons reais dos\u00a0tecidos.<\/li>\n<li><strong>Visualiza\u00e7\u00e3o aprimorada:<\/strong>\u00a0visor LCD integrado de 1,5&#8243; com qualidade Full HD.<\/li>\n<\/ul>\n<hr \/>\n<\/div>\n<\/div>\n<\/div>\n<div class=\"flex-grid bloco-descricao\">\n<div class=\"left\">\n<h2 class=\"title1s border-title\">Design Leve e Funcional<\/h2>\n<\/div>\n<div class=\"right\">\n<div class=\"text-box edit\">\n<p>Projetado para conforto no uso cont\u00ednuo. Compacto, ergon\u00f4mico e com bateria duradoura\u00a0para diversas consultas sem interrup\u00e7\u00f5es.<\/p>\n<ul>\n<li><strong>Peso aproximado:<\/strong>\u00a0140g<\/li>\n<li><strong>Formato anat\u00f4mico:<\/strong>\u00a0ideal para uso ambidestro e prolongado<\/li>\n<li><strong>Mem\u00f3ria para at\u00e9 100.000 imagens<\/strong><\/li>\n<\/ul>\n<hr \/>\n<\/div>\n<\/div>\n<\/div>\n<div class=\"flex-grid bloco-descricao\">\n<div class=\"left\">\n<h2 class=\"title1s border-title\">Especifica\u00e7\u00f5es T\u00e9cnicas<\/h2>\n<\/div>\n<div class=\"right\">\n<div class=\"text-box edit\">\n<ul>\n<li><strong>Visor\u00a0<\/strong>LCD colorido de 1,5&#8243; (TFT-LCD)<\/li>\n<li><strong>Resolu\u00e7\u00e3o de imagem\u00a0<\/strong>1920 x 1080 (Full HD)<\/li>\n<li><strong>Resolu\u00e7\u00e3o de v\u00eddeo\u00a0<\/strong>1080 x 720<\/li>\n<li><strong>Foco\u00a0<\/strong>Fixo<\/li>\n<li><strong>Ilumina\u00e7\u00e3o<\/strong>\u00a0LED branco de alta luminosidade<\/li>\n<li><strong>Formato de arquivo<\/strong>\u00a0JPEG (imagem) \/ MP4 (v\u00eddeo)<\/li>\n<li><strong>Interface<\/strong>\u00a0USB Tipo C<\/li>\n<li><strong>Armazenamento<\/strong>\u00a0Cart\u00e3o MicroSD de 32GB incluso (expans\u00edvel)<\/li>\n<li><strong>Peso<\/strong>\u00a0140g<\/li>\n<\/ul>\n<\/div>\n<\/div>\n<\/div>\n","protected":false},"excerpt":{"rendered":"Uma imagem vale mais quando ganha vida. Um \u00fanico instrumento para uma variedade impressionante de usos e recursos.&hellip;","protected":false},"featured_media":7354,"comment_status":"open","ping_status":"closed","template":"","meta":{"slim_seo":{"title":"Otosc\u00f3pio Digital MD SyncVision - Hospitalaria RS","description":"Uma imagem vale mais quando ganha vida. Um \u00fanico instrumento para uma variedade impressionante de usos e recursos. Exames do canal auditivo, cavidades nasais e"}},"product_brand":[78],"product_cat":[34],"product_tag":[310,307,311,306,309,308],"class_list":{"0":"post-7311","1":"product","2":"type-product","3":"status-publish","4":"has-post-thumbnail","6":"product_brand-md","7":"product_cat-equipamentos","8":"product_tag-5-polegadas","9":"product_tag-camera-para-exame-auditivo","10":"product_tag-gravacao-fotos-e-videos-full-hd","11":"product_tag-otoscopio-digital-portatil","12":"product_tag-visor-lcd-1","13":"product_tag-visualizacao-em-tempo-real","14":"mbf-entry","16":"first","17":"outofstock","18":"shipping-taxable","19":"product-type-simple"},"_links":{"self":[{"href":"https:\/\/hospitalariars.com.br\/index.php\/wp-json\/wp\/v2\/product\/7311","targetHints":{"allow":["GET"]}}],"collection":[{"href":"https:\/\/hospitalariars.com.br\/index.php\/wp-json\/wp\/v2\/product"}],"about":[{"href":"https:\/\/hospitalariars.com.br\/index.php\/wp-json\/wp\/v2\/types\/product"}],"replies":[{"embeddable":true,"href":"https:\/\/hospitalariars.com.br\/index.php\/wp-json\/wp\/v2\/comments?post=7311"}],"wp:featuredmedia":[{"embeddable":true,"href":"https:\/\/hospitalariars.com.br\/index.php\/wp-json\/wp\/v2\/media\/7354"}],"wp:attachment":[{"href":"https:\/\/hospitalariars.com.br\/index.php\/wp-json\/wp\/v2\/media?parent=7311"}],"wp:term":[{"taxonomy":"product_brand","embeddable":true,"href":"https:\/\/hospitalariars.com.br\/index.php\/wp-json\/wp\/v2\/product_brand?post=7311"},{"taxonomy":"product_cat","embeddable":true,"href":"https:\/\/hospitalariars.com.br\/index.php\/wp-json\/wp\/v2\/product_cat?post=7311"},{"taxonomy":"product_tag","embeddable":true,"href":"https:\/\/hospitalariars.com.br\/index.php\/wp-json\/wp\/v2\/product_tag?post=7311"}],"curies":[{"name":"wp","href":"https:\/\/api.w.org\/{rel}","templated":true}]}}