{"id":7312,"date":"2025-06-11T21:54:27","date_gmt":"2025-06-12T00:54:27","guid":{"rendered":"https:\/\/hospitalariars.com.br\/?post_type=product&#038;p=7312"},"modified":"2026-03-27T16:03:44","modified_gmt":"2026-03-27T19:03:44","slug":"otoscopio-omni-led-fibra-optica-preto-md","status":"publish","type":"product","link":"https:\/\/hospitalariars.com.br\/index.php\/produto\/otoscopio-omni-led-fibra-optica-preto-md\/","title":{"rendered":"Otosc\u00f3pio OMNI LED Fibra \u00d3ptica Preto MD"},"content":{"rendered":"<p>O b\u00e1sico da medicina \u00e9 ver os detalhes.\u00a0Vis\u00e3o clara.\u00a0Percep\u00e7\u00e3o completa.\u00a0Diagn\u00f3stico correto.<\/p>\n<div class=\"flex-grid bloco-descricao\">\n<div class=\"left\">\n<h2 class=\"title1s border-title\">Descri\u00e7\u00e3o<\/h2>\n<\/div>\n<div class=\"right\">\n<div class=\"text-box edit\">\n<ul>\n<li>Dispositivo de elevada performance e inigual\u00e1vel qualidade.<\/li>\n<li>Ilumina\u00e7\u00e3o atrav\u00e9s de l\u00e2mpada 2.5V LED, de alta intensidade luminosa, alto CRI e temperaturas de cor apropriadas para exames precisos e confi\u00e1veis sem distor\u00e7\u00f5es da cor do tecido.<\/li>\n<li>Cabos ergon\u00f4micos dispon\u00edveis em duas vers\u00f5es de alimenta\u00e7\u00e3o: convencional ou recarreg\u00e1vel.<\/li>\n<li>Cabo compat\u00edvel com todas cabe\u00e7as diagn\u00f3sticas da s\u00e9rie OMNI MD.<\/li>\n<li>Cabe\u00e7a trabalhada em a\u00e7o inoxid\u00e1vel e uma combina\u00e7\u00e3o de pol\u00edmeros termopl\u00e1sticos robustos, conferindo alt\u00edssima resist\u00eancia \u00e0 impactos e corros\u00f5es e superior durabilidade.<\/li>\n<li>Clip de bolso com interruptor integrado para acionamento liga\/desliga e proporciona desligamento autom\u00e1tico ao ser fixado no bolso.<\/li>\n<li>Dispon\u00edveis em 6 cores: Preto \/ Azul \/ Verde \/ Roxo \/ Vermelho<\/li>\n<\/ul>\n<hr \/>\n<\/div>\n<\/div>\n<\/div>\n<div class=\"flex-grid bloco-descricao\">\n<div class=\"left\">\n<h2 class=\"title1s border-title\">Benef\u00edcios<\/h2>\n<\/div>\n<div class=\"right\">\n<div class=\"text-box edit\">\n<ul>\n<li>Ilumina\u00e7\u00e3o LED de excelente intensidade luminosa de 50.000 Lux, com durabilidade de 50.000 horas.<\/li>\n<li>Transmiss\u00e3o da luz por fibra \u00f3ptica, sem obstru\u00e7\u00f5es, sem reflexos e sem aquecimento.<\/li>\n<li>Cabe\u00e7a em a\u00e7o inox e ABS, proporciona melhor durabilidade, resistente a impactos e corros\u00f5es.<\/li>\n<li>Lente girat\u00f3ria, permite instrumenta\u00e7\u00e3o e amplia\u00e7\u00e3o da imagem em 3 vezes.<\/li>\n<li>Cabo em a\u00e7o inox com revestimento termopl\u00e1stico refor\u00e7ado, resistente a impactos e corros\u00f5es.<\/li>\n<li>Clip de bolso com acionamento on\/off e desligamento autom\u00e1tico ao ser fixado no bolso.<\/li>\n<\/ul>\n<\/div>\n<\/div>\n<h2 class=\"title1s border-title\">Cores: Vermelho, Roxo e Verde<\/h2>\n<\/div>\n","protected":false},"excerpt":{"rendered":"O b\u00e1sico da medicina \u00e9 ver os detalhes.\u00a0Vis\u00e3o clara.\u00a0Percep\u00e7\u00e3o completa.\u00a0Diagn\u00f3stico correto. Descri\u00e7\u00e3o Dispositivo de elevada performance e inigual\u00e1vel&hellip;","protected":false},"featured_media":7355,"comment_status":"open","ping_status":"closed","template":"","meta":{"slim_seo":{"title":"Otosc\u00f3pio OMNI LED Fibra \u00d3ptica Preto MD - Hospitalaria RS","description":"O b\u00e1sico da medicina \u00e9 ver os detalhes.\u00a0Vis\u00e3o clara.\u00a0Percep\u00e7\u00e3o completa.\u00a0Diagn\u00f3stico correto. Descri\u00e7\u00e3o Dispositivo de elevada performance e inigual\u00e1vel qualida"}},"product_brand":[78],"product_cat":[34],"product_tag":[315,316,312,314,313],"class_list":{"0":"post-7312","1":"product","2":"type-product","3":"status-publish","4":"has-post-thumbnail","6":"product_brand-md","7":"product_cat-equipamentos","8":"product_tag-cabeca-aco-inoxidavel","9":"product_tag-clip-de-bolso-on-off","10":"product_tag-iluminador-medico-led","11":"product_tag-lente-giratoria-3x","12":"product_tag-otoscopio-fibra-optica","13":"mbf-entry","15":"first","16":"outofstock","17":"shipping-taxable","18":"product-type-simple"},"_links":{"self":[{"href":"https:\/\/hospitalariars.com.br\/index.php\/wp-json\/wp\/v2\/product\/7312","targetHints":{"allow":["GET"]}}],"collection":[{"href":"https:\/\/hospitalariars.com.br\/index.php\/wp-json\/wp\/v2\/product"}],"about":[{"href":"https:\/\/hospitalariars.com.br\/index.php\/wp-json\/wp\/v2\/types\/product"}],"replies":[{"embeddable":true,"href":"https:\/\/hospitalariars.com.br\/index.php\/wp-json\/wp\/v2\/comments?post=7312"}],"wp:featuredmedia":[{"embeddable":true,"href":"https:\/\/hospitalariars.com.br\/index.php\/wp-json\/wp\/v2\/media\/7355"}],"wp:attachment":[{"href":"https:\/\/hospitalariars.com.br\/index.php\/wp-json\/wp\/v2\/media?parent=7312"}],"wp:term":[{"taxonomy":"product_brand","embeddable":true,"href":"https:\/\/hospitalariars.com.br\/index.php\/wp-json\/wp\/v2\/product_brand?post=7312"},{"taxonomy":"product_cat","embeddable":true,"href":"https:\/\/hospitalariars.com.br\/index.php\/wp-json\/wp\/v2\/product_cat?post=7312"},{"taxonomy":"product_tag","embeddable":true,"href":"https:\/\/hospitalariars.com.br\/index.php\/wp-json\/wp\/v2\/product_tag?post=7312"}],"curies":[{"name":"wp","href":"https:\/\/api.w.org\/{rel}","templated":true}]}}