{"id":7315,"date":"2025-06-11T21:54:27","date_gmt":"2025-06-12T00:54:27","guid":{"rendered":"https:\/\/hospitalariars.com.br\/?post_type=product&#038;p=7315"},"modified":"2026-03-27T16:03:44","modified_gmt":"2026-03-27T19:03:44","slug":"oximetro-de-mesa-vs2000e-md","status":"publish","type":"product","link":"https:\/\/hospitalariars.com.br\/index.php\/produto\/oximetro-de-mesa-vs2000e-md\/","title":{"rendered":"Ox\u00edmetro de Mesa com Sensor de Dedo Adulto e Neonatal &#8211; VS2000E"},"content":{"rendered":"<p>O VS2000E \u00e9 um equipamento para monitoramento cont\u00ednuo da satura\u00e7\u00e3o de oxig\u00eanio, frequ\u00eancia card\u00edaca e for\u00e7a de pulso.<\/p>\n<div class=\"left\">\n<h2 class=\"title1s border-title\">Descri\u00e7\u00e3o<\/h2>\n<\/div>\n<div class=\"right\">\n<div class=\"text-box edit\">\n<ul>\n<li><span data-sheets-value=\"{\" data-sheets-userformat=\"{\">Visor LCD colorido de 7\u201d de alta resolu\u00e7\u00e3o e alto contraste.<\/span><\/li>\n<li><span data-sheets-value=\"{\" data-sheets-userformat=\"{\">Indica\u00e7\u00e3o da SpO2, frequ\u00eancia card\u00edaca, for\u00e7a de pulso, onda pletismogr\u00e1fica e tabela de tend\u00eancias.<\/span><\/li>\n<li><span data-sheets-value=\"{\" data-sheets-userformat=\"{\">Exibi\u00e7\u00e3o cont\u00ednua em tempo real das ondas pletismogr\u00e1ficas, par\u00e2metros medidos, dados cronol\u00f3gicos, tend\u00eancias de medi\u00e7\u00e3o, par\u00e2metros de alarme e informa\u00e7\u00f5es do paciente.<\/span><\/li>\n<li><span data-sheets-value=\"{\" data-sheets-userformat=\"{\">Possui 3 modos de exibi\u00e7\u00e3o: d\u00edgitos grandes; mesa e gr\u00e1fico.<\/span><\/li>\n<li><span data-sheets-value=\"{\" data-sheets-userformat=\"{\">Alarmes sonoros ajust\u00e1veis e program\u00e1veis.<\/span><\/li>\n<li><span data-sheets-value=\"{\" data-sheets-userformat=\"{\">Bot\u00f5es liga\/desliga; volume; brilho; silenciar alarme; modo de exibi\u00e7\u00e3o; menu.<\/span><\/li>\n<li><span data-sheets-value=\"{\" data-sheets-userformat=\"{\">LEDs indicativos: funcionamento por bateria e energia AC; carga da bateria; sil\u00eancio de alarme; status de funcionamento.<\/span><\/li>\n<li><span data-sheets-value=\"{\" data-sheets-userformat=\"{\">Bateria interna recarreg\u00e1vel de l\u00edtio.<\/span><\/li>\n<li><span data-sheets-value=\"{\" data-sheets-userformat=\"{\">Porta de rede para comunica\u00e7\u00e3o com computador.<\/span><\/li>\n<li><span data-sheets-value=\"{\" data-sheets-userformat=\"{\">Op\u00e7\u00f5es de sensores adulto, pedi\u00e1trico e neonatal.<\/span><\/li>\n<\/ul>\n<\/div>\n<\/div>\n","protected":false},"excerpt":{"rendered":"O VS2000E \u00e9 um equipamento para monitoramento cont\u00ednuo da satura\u00e7\u00e3o de oxig\u00eanio, frequ\u00eancia card\u00edaca e for\u00e7a de pulso.&hellip;","protected":false},"featured_media":7362,"comment_status":"open","ping_status":"closed","template":"","meta":{"slim_seo":{"title":"Ox\u00edmetro de Mesa com Sensor de Dedo Adulto e Neonatal - VS2000E - Hospitalaria RS","description":"O VS2000E \u00e9 um equipamento para monitoramento cont\u00ednuo da satura\u00e7\u00e3o de oxig\u00eanio, frequ\u00eancia card\u00edaca e for\u00e7a de pulso. Descri\u00e7\u00e3o Visor LCD colorido de 7\u201d de alt"}},"product_brand":[78],"product_cat":[34],"product_tag":[321,317,318,319,320],"class_list":{"0":"post-7315","1":"product","2":"type-product","3":"status-publish","4":"has-post-thumbnail","6":"product_brand-md","7":"product_cat-equipamentos","8":"product_tag-equipamento-com-alarme-programavel","9":"product_tag-monitor-de-oximetro","10":"product_tag-monitor-de-saturacao-spo2","11":"product_tag-monitor-frequencia-cardiaca","12":"product_tag-monitor-pletismografico","13":"mbf-entry","15":"first","16":"outofstock","17":"shipping-taxable","18":"purchasable","19":"product-type-simple"},"_links":{"self":[{"href":"https:\/\/hospitalariars.com.br\/index.php\/wp-json\/wp\/v2\/product\/7315","targetHints":{"allow":["GET"]}}],"collection":[{"href":"https:\/\/hospitalariars.com.br\/index.php\/wp-json\/wp\/v2\/product"}],"about":[{"href":"https:\/\/hospitalariars.com.br\/index.php\/wp-json\/wp\/v2\/types\/product"}],"replies":[{"embeddable":true,"href":"https:\/\/hospitalariars.com.br\/index.php\/wp-json\/wp\/v2\/comments?post=7315"}],"wp:featuredmedia":[{"embeddable":true,"href":"https:\/\/hospitalariars.com.br\/index.php\/wp-json\/wp\/v2\/media\/7362"}],"wp:attachment":[{"href":"https:\/\/hospitalariars.com.br\/index.php\/wp-json\/wp\/v2\/media?parent=7315"}],"wp:term":[{"taxonomy":"product_brand","embeddable":true,"href":"https:\/\/hospitalariars.com.br\/index.php\/wp-json\/wp\/v2\/product_brand?post=7315"},{"taxonomy":"product_cat","embeddable":true,"href":"https:\/\/hospitalariars.com.br\/index.php\/wp-json\/wp\/v2\/product_cat?post=7315"},{"taxonomy":"product_tag","embeddable":true,"href":"https:\/\/hospitalariars.com.br\/index.php\/wp-json\/wp\/v2\/product_tag?post=7315"}],"curies":[{"name":"wp","href":"https:\/\/api.w.org\/{rel}","templated":true}]}}