{"id":7596,"date":"2025-06-18T12:10:56","date_gmt":"2025-06-18T15:10:56","guid":{"rendered":"https:\/\/hospitalariars.com.br\/?post_type=product&#038;p=7596"},"modified":"2026-03-27T16:03:41","modified_gmt":"2026-03-27T19:03:41","slug":"almofada-comfort-care-alta-ortobras","status":"publish","type":"product","link":"https:\/\/hospitalariars.com.br\/index.php\/produto\/almofada-comfort-care-alta-ortobras\/","title":{"rendered":"Almofada Comfort Care Alta 01 un &#8211; Ortobras"},"content":{"rendered":"<h3 data-start=\"80\" data-end=\"132\">Caracter\u00edsticas principais da Comfort Care Alta:<\/h3>\n<ul data-start=\"134\" data-end=\"247\">\n<li data-start=\"134\" data-end=\"155\">\n<p data-start=\"136\" data-end=\"155\"><strong data-start=\"136\" data-end=\"149\">Material:<\/strong> PVC<\/p>\n<\/li>\n<li data-start=\"156\" data-end=\"188\">\n<p data-start=\"158\" data-end=\"188\"><strong data-start=\"158\" data-end=\"170\">V\u00e1lvula:<\/strong> Com trava f\u00e1cil<\/p>\n<\/li>\n<li data-start=\"189\" data-end=\"212\">\n<p data-start=\"191\" data-end=\"212\"><strong data-start=\"191\" data-end=\"200\">Capa:<\/strong> Poli\u00e9ster<\/p>\n<\/li>\n<li data-start=\"213\" data-end=\"247\">\n<p data-start=\"215\" data-end=\"247\"><strong data-start=\"215\" data-end=\"229\">Acompanha:<\/strong> Bomba de inflar<\/p>\n<\/li>\n<\/ul>\n<h3 data-start=\"249\" data-end=\"283\">Dimens\u00f5es (Grade de Tamanhos):<\/h3>\n<div class=\"_tableContainer_16hzy_1\">\n<div class=\"_tableWrapper_16hzy_14 group flex w-fit flex-col-reverse\" tabindex=\"-1\">\n<table class=\"w-fit min-w-(--thread-content-width)\" data-start=\"285\" data-end=\"426\">\n<thead data-start=\"285\" data-end=\"320\">\n<tr data-start=\"285\" data-end=\"320\">\n<th data-start=\"285\" data-end=\"295\" data-col-size=\"sm\">Largura<\/th>\n<th data-start=\"295\" data-end=\"310\" data-col-size=\"sm\">Profundidade<\/th>\n<th data-start=\"310\" data-end=\"320\" data-col-size=\"sm\">Altura<\/th>\n<\/tr>\n<\/thead>\n<tbody data-start=\"355\" data-end=\"426\">\n<tr data-start=\"355\" data-end=\"389\">\n<td data-start=\"355\" data-end=\"372\" data-col-size=\"sm\">40, 42 e 44 cm<\/td>\n<td data-col-size=\"sm\" data-start=\"372\" data-end=\"380\">40 cm<\/td>\n<td data-col-size=\"sm\" data-start=\"380\" data-end=\"389\">10 cm<\/td>\n<\/tr>\n<tr data-start=\"390\" data-end=\"426\">\n<td data-start=\"390\" data-end=\"403\" data-col-size=\"sm\">46 e 48 cm<\/td>\n<td data-col-size=\"sm\" data-start=\"403\" data-end=\"417\">40 ou 45 cm<\/td>\n<td data-col-size=\"sm\" data-start=\"417\" data-end=\"426\">10 cm<\/td>\n<\/tr>\n<\/tbody>\n<\/table>\n<\/div>\n<\/div>\n","protected":false},"excerpt":{"rendered":"Caracter\u00edsticas principais da Comfort Care Alta: Material: PVC V\u00e1lvula: Com trava f\u00e1cil Capa: Poli\u00e9ster Acompanha: Bomba de inflar&hellip;","protected":false},"featured_media":7598,"comment_status":"open","ping_status":"closed","template":"","meta":{"slim_seo":{"title":"Almofada Comfort Care Alta 01 un - Ortobras - Hospitalaria RS","description":"Caracter\u00edsticas principais da Comfort Care Alta: Material: PVC V\u00e1lvula: Com trava f\u00e1cil Capa: Poli\u00e9ster Acompanha: Bomba de inflar Dimens\u00f5es (Grade de Tamanhos)"}},"product_brand":[131],"product_cat":[163,34],"product_tag":[349,353,350,351,352],"class_list":{"0":"post-7596","1":"product","2":"type-product","3":"status-publish","4":"has-post-thumbnail","6":"product_brand-ortobras","7":"product_cat-almofada","8":"product_cat-equipamentos","9":"product_tag-almofada-antiescaras","10":"product_tag-bomba-para-inflar","11":"product_tag-conforto-hospitalar","12":"product_tag-material-pvc","13":"product_tag-valvula-trava-facil","14":"mbf-entry","16":"first","17":"outofstock","18":"sale","19":"shipping-taxable","20":"purchasable","21":"product-type-simple"},"_links":{"self":[{"href":"https:\/\/hospitalariars.com.br\/index.php\/wp-json\/wp\/v2\/product\/7596","targetHints":{"allow":["GET"]}}],"collection":[{"href":"https:\/\/hospitalariars.com.br\/index.php\/wp-json\/wp\/v2\/product"}],"about":[{"href":"https:\/\/hospitalariars.com.br\/index.php\/wp-json\/wp\/v2\/types\/product"}],"replies":[{"embeddable":true,"href":"https:\/\/hospitalariars.com.br\/index.php\/wp-json\/wp\/v2\/comments?post=7596"}],"wp:featuredmedia":[{"embeddable":true,"href":"https:\/\/hospitalariars.com.br\/index.php\/wp-json\/wp\/v2\/media\/7598"}],"wp:attachment":[{"href":"https:\/\/hospitalariars.com.br\/index.php\/wp-json\/wp\/v2\/media?parent=7596"}],"wp:term":[{"taxonomy":"product_brand","embeddable":true,"href":"https:\/\/hospitalariars.com.br\/index.php\/wp-json\/wp\/v2\/product_brand?post=7596"},{"taxonomy":"product_cat","embeddable":true,"href":"https:\/\/hospitalariars.com.br\/index.php\/wp-json\/wp\/v2\/product_cat?post=7596"},{"taxonomy":"product_tag","embeddable":true,"href":"https:\/\/hospitalariars.com.br\/index.php\/wp-json\/wp\/v2\/product_tag?post=7596"}],"curies":[{"name":"wp","href":"https:\/\/api.w.org\/{rel}","templated":true}]}}