{"id":7630,"date":"2025-06-18T14:59:35","date_gmt":"2025-06-18T17:59:35","guid":{"rendered":"https:\/\/hospitalariars.com.br\/?post_type=product&#038;p=7630"},"modified":"2026-03-27T16:03:41","modified_gmt":"2026-03-27T19:03:41","slug":"cadeira-de-rodas-ulx-hospitalar-ortobras","status":"publish","type":"product","link":"https:\/\/hospitalariars.com.br\/index.php\/produto\/cadeira-de-rodas-ulx-hospitalar-ortobras\/","title":{"rendered":"Cadeira de Rodas ULX Hospitalar &#8211; Ortobras"},"content":{"rendered":"<h2 data-start=\"76\" data-end=\"135\"><strong data-start=\"82\" data-end=\"135\">Cadeira de Rodas Modelo ULX Hospitalar \u2013 Ortobras<\/strong><\/h2>\n<h3 data-start=\"137\" data-end=\"169\"><strong data-start=\"144\" data-end=\"169\">Informa\u00e7\u00f5es T\u00e9cnicas:<\/strong><\/h3>\n<ul data-start=\"171\" data-end=\"1216\">\n<li data-start=\"171\" data-end=\"246\">\n<p data-start=\"173\" data-end=\"246\">Quadro constru\u00eddo com liga de alum\u00ednio aeron\u00e1utico temperado inoxid\u00e1vel<\/p>\n<\/li>\n<li data-start=\"247\" data-end=\"325\">\n<p data-start=\"249\" data-end=\"325\">Rolamentos blindados nas quatro rodas, inclusive no eixo vertical do garfo<\/p>\n<\/li>\n<li data-start=\"326\" data-end=\"343\">\n<p data-start=\"328\" data-end=\"343\">Pintura ep\u00f3xi<\/p>\n<\/li>\n<li data-start=\"344\" data-end=\"402\">\n<p data-start=\"346\" data-end=\"402\">Eixos refor\u00e7ados de a\u00e7o com revestimento anti-ferrugem<\/p>\n<\/li>\n<li data-start=\"403\" data-end=\"486\">\n<p data-start=\"405\" data-end=\"486\">Estofamento de assento e encosto com tecido imperme\u00e1vel e bolso para prontu\u00e1rio<\/p>\n<\/li>\n<li data-start=\"487\" data-end=\"548\">\n<p data-start=\"489\" data-end=\"548\">Almofada de 5 cm de espessura em espuma de alta densidade<\/p>\n<\/li>\n<li data-start=\"549\" data-end=\"597\">\n<p data-start=\"551\" data-end=\"597\">Estrutura dobr\u00e1vel com duplo \u201cX\u201d de alum\u00ednio<\/p>\n<\/li>\n<li data-start=\"598\" data-end=\"654\">\n<p data-start=\"600\" data-end=\"654\">Rodas traseiras fixas com pneu maci\u00e7o de 24 x 1.3\/8&#8243;<\/p>\n<\/li>\n<li data-start=\"655\" data-end=\"682\">\n<p data-start=\"657\" data-end=\"682\">Aro de impulso em nylon<\/p>\n<\/li>\n<li data-start=\"683\" data-end=\"765\">\n<p data-start=\"685\" data-end=\"765\">Rodas dianteiras de 6\u201d com pneu maci\u00e7o ou 200&#215;50 (somente na largura de 60 cm)<\/p>\n<\/li>\n<li data-start=\"766\" data-end=\"836\">\n<p data-start=\"768\" data-end=\"836\">Sistema de desmontagem r\u00e1pida \u201cquick release\u201d nas rodas dianteiras<\/p>\n<\/li>\n<li data-start=\"837\" data-end=\"858\">\n<p data-start=\"839\" data-end=\"858\">Freios bilaterais<\/p>\n<\/li>\n<li data-start=\"859\" data-end=\"899\">\n<p data-start=\"861\" data-end=\"899\">Protetor de roupas em nylon com abas<\/p>\n<\/li>\n<li data-start=\"900\" data-end=\"933\">\n<p data-start=\"902\" data-end=\"933\">Apoio de bra\u00e7os escamote\u00e1veis<\/p>\n<\/li>\n<li data-start=\"934\" data-end=\"997\">\n<p data-start=\"936\" data-end=\"997\">Pedal elev\u00e1vel e rebat\u00edvel com regulagem de altura e \u00e2ngulo<\/p>\n<\/li>\n<li data-start=\"998\" data-end=\"1032\">\n<p data-start=\"1000\" data-end=\"1032\">Apoio de panturrilha rebat\u00edvel<\/p>\n<\/li>\n<li data-start=\"1033\" data-end=\"1090\">\n<p data-start=\"1035\" data-end=\"1090\">Suporte de soro de a\u00e7o inoxid\u00e1vel com haste ajust\u00e1vel<\/p>\n<\/li>\n<li data-start=\"1091\" data-end=\"1134\">\n<p data-start=\"1093\" data-end=\"1134\">Suporte de oxig\u00eanio com faixa de ajuste<\/p>\n<\/li>\n<li data-start=\"1135\" data-end=\"1155\">\n<p data-start=\"1137\" data-end=\"1155\">Rodas anti-tombo<\/p>\n<\/li>\n<li data-start=\"1156\" data-end=\"1190\">\n<p data-start=\"1158\" data-end=\"1190\"><strong data-start=\"1158\" data-end=\"1181\">Capacidade de peso:<\/strong> 200 kg<\/p>\n<\/li>\n<li data-start=\"1191\" data-end=\"1216\">\n<p data-start=\"1193\" data-end=\"1216\"><strong data-start=\"1193\" data-end=\"1208\">Peso total:<\/strong> 18 kg<\/p>\n<\/li>\n<\/ul>\n<hr data-start=\"1218\" data-end=\"1221\" \/>\n<h3 data-start=\"1223\" data-end=\"1255\">\ud83d\udccf <strong data-start=\"1230\" data-end=\"1255\">Tamanhos Dispon\u00edveis:<\/strong><\/h3>\n<div class=\"_tableContainer_16hzy_1\">\n<div class=\"_tableWrapper_16hzy_14 group flex w-fit flex-col-reverse\" tabindex=\"-1\">\n<table class=\"w-fit min-w-(--thread-content-width)\" data-start=\"1257\" data-end=\"1496\">\n<thead data-start=\"1257\" data-end=\"1304\">\n<tr data-start=\"1257\" data-end=\"1304\">\n<th data-start=\"1257\" data-end=\"1271\" data-col-size=\"sm\">A \u2013 Largura<\/th>\n<th data-start=\"1271\" data-end=\"1290\" data-col-size=\"sm\">B \u2013 Profundidade<\/th>\n<th data-start=\"1290\" data-end=\"1304\" data-col-size=\"sm\">C \u2013 Altura<\/th>\n<\/tr>\n<\/thead>\n<tbody data-start=\"1353\" data-end=\"1496\">\n<tr data-start=\"1353\" data-end=\"1400\">\n<td data-start=\"1353\" data-end=\"1367\" data-col-size=\"sm\">38 cm<\/td>\n<td data-col-size=\"sm\" data-start=\"1367\" data-end=\"1386\">40 cm<\/td>\n<td data-col-size=\"sm\" data-start=\"1386\" data-end=\"1400\">40 cm<\/td>\n<\/tr>\n<tr data-start=\"1401\" data-end=\"1448\">\n<td data-start=\"1401\" data-end=\"1415\" data-col-size=\"sm\">50 cm<\/td>\n<td data-col-size=\"sm\" data-start=\"1415\" data-end=\"1434\">45 e 50 cm<\/td>\n<td data-col-size=\"sm\" data-start=\"1434\" data-end=\"1448\">45 cm<\/td>\n<\/tr>\n<tr data-start=\"1449\" data-end=\"1496\">\n<td data-start=\"1449\" data-end=\"1463\" data-col-size=\"sm\">60 cm<\/td>\n<td data-col-size=\"sm\" data-start=\"1463\" data-end=\"1482\">50 cm<\/td>\n<td data-col-size=\"sm\" data-start=\"1482\" data-end=\"1496\">50 cm<\/td>\n<\/tr>\n<\/tbody>\n<\/table>\n<div class=\"sticky end-(--thread-content-margin) h-0 self-end select-none\">\n<div class=\"absolute end-0 flex items-end\"><\/div>\n<\/div>\n<\/div>\n<\/div>\n<hr data-start=\"1498\" data-end=\"1501\" \/>\n<h3 data-start=\"1503\" data-end=\"1542\"><strong data-start=\"1510\" data-end=\"1542\">Op\u00e7\u00f5es de Cores Dispon\u00edveis:<\/strong><\/h3>\n<ul data-start=\"1544\" data-end=\"1750\">\n<li data-start=\"1544\" data-end=\"1553\">\n<p data-start=\"1546\" data-end=\"1553\">Preto<\/p>\n<\/li>\n<li data-start=\"1554\" data-end=\"1565\">\n<p data-start=\"1556\" data-end=\"1565\">Grafite<\/p>\n<\/li>\n<li data-start=\"1566\" data-end=\"1575\">\n<p data-start=\"1568\" data-end=\"1575\">Prata<\/p>\n<\/li>\n<li data-start=\"1576\" data-end=\"1585\">\n<p data-start=\"1578\" data-end=\"1585\">Cinza<\/p>\n<\/li>\n<li data-start=\"1586\" data-end=\"1596\">\n<p data-start=\"1588\" data-end=\"1596\">Branco<\/p>\n<\/li>\n<li data-start=\"1597\" data-end=\"1612\">\n<p data-start=\"1599\" data-end=\"1612\">Verde Oliva<\/p>\n<\/li>\n<li data-start=\"1613\" data-end=\"1624\">\n<p data-start=\"1615\" data-end=\"1624\">Amarelo<\/p>\n<\/li>\n<li data-start=\"1625\" data-end=\"1633\">\n<p data-start=\"1627\" data-end=\"1633\">Azul<\/p>\n<\/li>\n<li data-start=\"1634\" data-end=\"1650\">\n<p data-start=\"1636\" data-end=\"1650\">Azul Marinho<\/p>\n<\/li>\n<li data-start=\"1651\" data-end=\"1662\">\n<p data-start=\"1653\" data-end=\"1662\">Violeta<\/p>\n<\/li>\n<li data-start=\"1663\" data-end=\"1672\">\n<p data-start=\"1665\" data-end=\"1672\">Vinho<\/p>\n<\/li>\n<li data-start=\"1673\" data-end=\"1694\">\n<p data-start=\"1675\" data-end=\"1694\">Vermelho Met\u00e1lico<\/p>\n<\/li>\n<li data-start=\"1695\" data-end=\"1707\">\n<p data-start=\"1697\" data-end=\"1707\">Vermelho<\/p>\n<\/li>\n<li data-start=\"1708\" data-end=\"1727\">\n<p data-start=\"1710\" data-end=\"1727\">Cobre Brilhante<\/p>\n<\/li>\n<li data-start=\"1728\" data-end=\"1741\">\n<p data-start=\"1730\" data-end=\"1741\">Rosa Pink<\/p>\n<\/li>\n<li data-start=\"1742\" data-end=\"1750\">\n<p data-start=\"1744\" data-end=\"1750\">Rosa<\/p>\n<\/li>\n<\/ul>\n","protected":false},"excerpt":{"rendered":"Cadeira de Rodas Modelo ULX Hospitalar \u2013 Ortobras Informa\u00e7\u00f5es T\u00e9cnicas: Quadro constru\u00eddo com liga de alum\u00ednio aeron\u00e1utico temperado&hellip;","protected":false},"featured_media":7631,"comment_status":"open","ping_status":"closed","template":"","meta":{"slim_seo":{"title":"Cadeira de Rodas ULX Hospitalar - Ortobras - Hospitalaria RS","description":"Cadeira de Rodas Modelo ULX Hospitalar \u2013 Ortobras Informa\u00e7\u00f5es T\u00e9cnicas: Quadro constru\u00eddo com liga de alum\u00ednio aeron\u00e1utico temperado inoxid\u00e1vel Rolamentos blind"}},"product_brand":[131],"product_cat":[118,34],"product_tag":[119,430,474,475,126],"class_list":{"0":"post-7630","1":"product","2":"type-product","3":"status-publish","4":"has-post-thumbnail","6":"product_brand-ortobras","7":"product_cat-cadeira-de-rodas","8":"product_cat-equipamentos","9":"product_tag-cadeira-de-rodas","10":"product_tag-cadeira-dobravel","11":"product_tag-cadeira-hospitalar","12":"product_tag-rodas-macicas","13":"product_tag-suporte-de-soro","14":"mbf-entry","16":"first","17":"outofstock","18":"shipping-taxable","19":"product-type-simple"},"_links":{"self":[{"href":"https:\/\/hospitalariars.com.br\/index.php\/wp-json\/wp\/v2\/product\/7630","targetHints":{"allow":["GET"]}}],"collection":[{"href":"https:\/\/hospitalariars.com.br\/index.php\/wp-json\/wp\/v2\/product"}],"about":[{"href":"https:\/\/hospitalariars.com.br\/index.php\/wp-json\/wp\/v2\/types\/product"}],"replies":[{"embeddable":true,"href":"https:\/\/hospitalariars.com.br\/index.php\/wp-json\/wp\/v2\/comments?post=7630"}],"wp:featuredmedia":[{"embeddable":true,"href":"https:\/\/hospitalariars.com.br\/index.php\/wp-json\/wp\/v2\/media\/7631"}],"wp:attachment":[{"href":"https:\/\/hospitalariars.com.br\/index.php\/wp-json\/wp\/v2\/media?parent=7630"}],"wp:term":[{"taxonomy":"product_brand","embeddable":true,"href":"https:\/\/hospitalariars.com.br\/index.php\/wp-json\/wp\/v2\/product_brand?post=7630"},{"taxonomy":"product_cat","embeddable":true,"href":"https:\/\/hospitalariars.com.br\/index.php\/wp-json\/wp\/v2\/product_cat?post=7630"},{"taxonomy":"product_tag","embeddable":true,"href":"https:\/\/hospitalariars.com.br\/index.php\/wp-json\/wp\/v2\/product_tag?post=7630"}],"curies":[{"name":"wp","href":"https:\/\/api.w.org\/{rel}","templated":true}]}}