{"id":7632,"date":"2025-06-18T15:06:19","date_gmt":"2025-06-18T18:06:19","guid":{"rendered":"https:\/\/hospitalariars.com.br\/?post_type=product&#038;p=7632"},"modified":"2026-03-27T16:03:41","modified_gmt":"2026-03-27T19:03:41","slug":"cadeira-de-rodas-motorizada-e20-ortobras","status":"publish","type":"product","link":"https:\/\/hospitalariars.com.br\/index.php\/produto\/cadeira-de-rodas-motorizada-e20-ortobras\/","title":{"rendered":"Cadeira de Rodas Motorizada E20 &#8211; Ortobras"},"content":{"rendered":"<div class=\"pd-description\">\n<div class=\"pd-content\">\n<div class=\"std \">\n<div class=\"block-description w-100 mt-2 mb-2 \">\n<h2>Cadeira de Rodas Motorizada E20<\/h2>\n<p>Redescubra sua mobilidade com a\u00a0<strong>cadeira de rodas E20 da Ortobras<\/strong>: uma combina\u00e7\u00e3o perfeita de conforto, funcionalidade e praticidade. Seu design ergon\u00f4mico garante suporte adequado ao usu\u00e1rio, com o conforto inigual\u00e1vel da almofada Balance. Constru\u00edda com materiais leves e tecnologia de \u00edon de l\u00edtio, esta cadeira de rodas \u00e9 excepcionalmente leve e f\u00e1cil de manusear, tornando-a ideal para viagens e transporte. Apesar da leveza, sua estrutura \u00e9 robusta e dur\u00e1vel, resistindo ao desgaste do uso di\u00e1rio.<\/p>\n<p>Mais do que apenas um meio de locomo\u00e7\u00e3o, a\u00a0<strong>cadeira de rodas E20<\/strong>\u00a0\u00e9 uma ferramenta que te proporciona liberdade e independ\u00eancia para viver sua vidas plenamente.<\/p>\n<\/div>\n<\/div>\n<\/div>\n<\/div>\n<div class=\"pd-additional\">\n<p><span class=\"h5\">Informa\u00e7\u00f5es adicionais<\/span><\/p>\n<div class=\"pd-content\">\n<ul>\n<li data-attr-code=\"marca\"><strong>Marca:\u00a0<\/strong>Ortobras<\/li>\n<li data-attr-code=\"almofada\"><strong>Almofada:\u00a0<\/strong>Balance<\/li>\n<li data-attr-code=\"altura_dianteira_assento_piso\"><strong>Altura Dianteira do Assento ao Piso:\u00a0<\/strong>50 cm<\/li>\n<li data-attr-code=\"altura_traseira_assento_piso\"><strong>Altura Traseira do Assento ao Piso:\u00a0<\/strong>48 cm<\/li>\n<li data-attr-code=\"angulo_subida\"><strong>\u00c2ngulo m\u00e1ximo de subida:\u00a0<\/strong>12\u00b0<\/li>\n<li data-attr-code=\"apoio_braco\"><strong>Apoio de Bra\u00e7o:\u00a0<\/strong>Rebat\u00edvel<\/li>\n<li data-attr-code=\"apoio_pes\"><strong>Apoio de P\u00e9s:\u00a0<\/strong>Plataforma rebat\u00edvel, sem regulagem<\/li>\n<li data-attr-code=\"baterias\"><strong>Baterias:\u00a0<\/strong>Baterias de l\u00edtio de 14Ah \u2013 900 gramas<\/li>\n<li data-attr-code=\"capacidade\"><strong>Capacidade:\u00a0<\/strong>140 Kg<\/li>\n<li data-attr-code=\"peso_a_partir\"><strong>Peso:\u00a0<\/strong>A partir de 32KG<\/li>\n<li data-attr-code=\"classificacao_riscos\"><strong>Classifica\u00e7\u00e3o de Risco:\u00a0<\/strong>I-Baixo Risco<\/li>\n<li data-attr-code=\"cor\"><strong>Cor:\u00a0<\/strong>Preta Fosca<\/li>\n<li data-attr-code=\"eixo_dianteiro\"><strong>Eixo Dianteiro:\u00a0<\/strong>Fixo<\/li>\n<li data-attr-code=\"eixo_traseiro\"><strong>Eixo Traseiro:\u00a0<\/strong>Fixo<\/li>\n<li data-attr-code=\"estofamento_assento\"><strong>Estofamento de Assento:\u00a0<\/strong>Nylon<\/li>\n<li data-attr-code=\"estofamento_encosto\"><strong>Estofamento de Encosto:\u00a0<\/strong>Espuma Acolchoada<\/li>\n<li data-attr-code=\"freios\"><strong>Freios:\u00a0<\/strong>Eletromagn\u00e9ticos<\/li>\n<li data-attr-code=\"largura_do_assento\"><strong>Largura do Assento:\u00a0<\/strong>44 cm<\/li>\n<li data-attr-code=\"material_quadro\"><strong>Material do quadro:\u00a0<\/strong>Alum\u00ednio<\/li>\n<li data-attr-code=\"opcoes_encosto\"><strong>Op\u00e7\u00f5es de Encosto:\u00a0<\/strong>R\u00edgido Balance Back<\/li>\n<li data-attr-code=\"pneu_roda_traseira\"><strong>Pneu da Roda Traseira:\u00a0<\/strong>Maci\u00e7o 12\u2033<\/li>\n<li data-attr-code=\"profundidade_do_assento\"><strong>Profundidade do Assento:\u00a0<\/strong>45 cm<\/li>\n<li data-attr-code=\"registro_anvisa\"><strong>Registro ANVISA:\u00a0<\/strong>80118040005<\/li>\n<li data-attr-code=\"rodas_ianteiras\"><strong>Rodas Dianteiras:\u00a0<\/strong>200\u00d750 maci\u00e7a<\/li>\n<li data-attr-code=\"roda_traseira\"><strong>Rodas Traseiras:\u00a0<\/strong>12\u2033 Aro de alum\u00ednio<\/li>\n<li data-attr-code=\"rodas_antitombo\"><strong>Rodas anti-tombo:\u00a0<\/strong>Sim<\/li>\n<li data-attr-code=\"tipo_quadro\"><strong>Tipo do Quadro:\u00a0<\/strong>Fechamento frontal<\/li>\n<li data-attr-code=\"tipo_encosto\"><strong>Tipo do Encosto:\u00a0<\/strong>Rebat\u00edvel<\/li>\n<li data-attr-code=\"dimensao_caixa\"><strong>Dimens\u00e3o da caixa (cm):\u00a0<\/strong>L40 x C65 x A85<\/li>\n<\/ul>\n<\/div>\n<\/div>\n","protected":false},"excerpt":{"rendered":"Cadeira de Rodas Motorizada E20 Redescubra sua mobilidade com a\u00a0cadeira de rodas E20 da Ortobras: uma combina\u00e7\u00e3o perfeita&hellip;","protected":false},"featured_media":7636,"comment_status":"open","ping_status":"closed","template":"","meta":{"slim_seo":{"title":"Cadeira de Rodas Motorizada E20 - Ortobras - Hospitalaria RS","description":"Cadeira de Rodas Motorizada E20 Redescubra sua mobilidade com a\u00a0 cadeira de rodas E20 da Ortobras : uma combina\u00e7\u00e3o perfeita de conforto, funcionalidade e pratic"}},"product_brand":[131],"product_cat":[118,34],"product_tag":[450,453,451,151,452],"class_list":{"0":"post-7632","1":"product","2":"type-product","3":"status-publish","4":"has-post-thumbnail","6":"product_brand-ortobras","7":"product_cat-cadeira-de-rodas","8":"product_cat-equipamentos","9":"product_tag-almofada-balance","10":"product_tag-autonomia-eletrica","11":"product_tag-bateria-de-litio","12":"product_tag-cadeira-de-rodas-motorizada","13":"product_tag-freios-eletromagneticos","14":"mbf-entry","16":"first","17":"outofstock","18":"sale","19":"shipping-taxable","20":"purchasable","21":"product-type-simple"},"_links":{"self":[{"href":"https:\/\/hospitalariars.com.br\/index.php\/wp-json\/wp\/v2\/product\/7632","targetHints":{"allow":["GET"]}}],"collection":[{"href":"https:\/\/hospitalariars.com.br\/index.php\/wp-json\/wp\/v2\/product"}],"about":[{"href":"https:\/\/hospitalariars.com.br\/index.php\/wp-json\/wp\/v2\/types\/product"}],"replies":[{"embeddable":true,"href":"https:\/\/hospitalariars.com.br\/index.php\/wp-json\/wp\/v2\/comments?post=7632"}],"wp:featuredmedia":[{"embeddable":true,"href":"https:\/\/hospitalariars.com.br\/index.php\/wp-json\/wp\/v2\/media\/7636"}],"wp:attachment":[{"href":"https:\/\/hospitalariars.com.br\/index.php\/wp-json\/wp\/v2\/media?parent=7632"}],"wp:term":[{"taxonomy":"product_brand","embeddable":true,"href":"https:\/\/hospitalariars.com.br\/index.php\/wp-json\/wp\/v2\/product_brand?post=7632"},{"taxonomy":"product_cat","embeddable":true,"href":"https:\/\/hospitalariars.com.br\/index.php\/wp-json\/wp\/v2\/product_cat?post=7632"},{"taxonomy":"product_tag","embeddable":true,"href":"https:\/\/hospitalariars.com.br\/index.php\/wp-json\/wp\/v2\/product_tag?post=7632"}],"curies":[{"name":"wp","href":"https:\/\/api.w.org\/{rel}","templated":true}]}}