{"id":7653,"date":"2025-06-18T15:33:51","date_gmt":"2025-06-18T18:33:51","guid":{"rendered":"https:\/\/hospitalariars.com.br\/?post_type=product&#038;p=7653"},"modified":"2026-03-27T16:03:40","modified_gmt":"2026-03-27T19:03:40","slug":"cadeira-de-rodas-gazela-ultra-lite-ortobras","status":"publish","type":"product","link":"https:\/\/hospitalariars.com.br\/index.php\/produto\/cadeira-de-rodas-gazela-ultra-lite-ortobras\/","title":{"rendered":"Cadeira de rodas Gazela Ultra Lite &#8211; Ortobras"},"content":{"rendered":"<div>Constru\u00edda em liga alum\u00ednio aeron\u00e1utico temperado;<\/div>\n<div>\u2022 Rolamentos blindados nas quatro rodas, inclusive no eixo\u00a0vertical do garfo;<\/div>\n<div>\u2022 Eixos de a\u00e7o refor\u00e7ado;<\/div>\n<div>\u2022 Pintura ep\u00f3xi;<\/div>\n<div>\u2022 Estofamento 100% capota imperme\u00e1vel e acolchoado;<\/div>\n<div>\u2022 Estrutura tipo monobloco com encosto rebat\u00edvel;<\/div>\n<div>\u2022 Rodas traseiras de 24\u201d infl\u00e1veis, raiadas;<\/div>\n<div>\u2022 Rodas dianteiras de 6\u201d maci\u00e7as, com garfo de alum\u00ednio;<\/div>\n<div>\u2022 Aro de impulso em alum\u00ednio com pintura ep\u00f3xi;<\/div>\n<div>\u2022 Sistema de desmontagem r\u00e1pida \u201cquick release\u201d nas quatro\u00a0rodas;<\/div>\n<div>\u2022 Freios bilaterais;<\/div>\n<div>\u2022 Protetor de raios;<\/div>\n<div>\u2022 Apoio de bra\u00e7os remov\u00edveis;<\/div>\n<div>\u2022 Protetor de roupas incorporado ao apoio de bra\u00e7os;<\/div>\n<div>\u2022 Apoio de p\u00e9s rebat\u00edvel regul\u00e1vel na altura;<\/div>\n<div>\u2022 Faixa de panturrilha;<\/div>\n<div>\u2022 Placa de fixa\u00e7\u00e3o das rodas traseiras com 6 furos que\u00a0permitem a regulagem de altura, mudan\u00e7a do \u00e2ngulo do\u00a0assento e anterioriza\u00e7\u00e3o ou posterioriza\u00e7\u00e3o\u00a0das mesmas;<\/div>\n<ul>\n<li>30x100x100cm\u00a0<small>(Largura X Altura X Profundidade)<\/small><\/li>\n<li><strong>Peso:<\/strong>\u00a018.000kg<\/li>\n<\/ul>\n<div>\n<table border=\"1\" cellspacing=\"0\" cellpadding=\"0\">\n<tbody>\n<tr>\n<td valign=\"top\" width=\"96\">\n<div>Largura<\/div>\n<div>Assento (cm)<\/div>\n<\/td>\n<td valign=\"top\" width=\"47\">\n<div>35<\/div>\n<\/td>\n<td valign=\"top\" width=\"47\">\n<div>38<\/div>\n<\/td>\n<td valign=\"top\" width=\"47\">\n<div>40<\/div>\n<\/td>\n<td valign=\"top\" width=\"47\">\n<div>42<\/div>\n<\/td>\n<td valign=\"top\" width=\"47\">\n<div>44<\/div>\n<\/td>\n<td valign=\"top\" width=\"47\">\n<div>46<\/div>\n<\/td>\n<td valign=\"top\" width=\"47\">\n<div>48<\/div>\n<\/td>\n<td valign=\"top\" width=\"47\">\n<div>50<\/div>\n<\/td>\n<td valign=\"top\" width=\"46\">\n<div>55<\/div>\n<\/td>\n<td valign=\"top\" width=\"46\">\n<div>60<\/div>\n<\/td>\n<\/tr>\n<tr>\n<td valign=\"top\" width=\"96\">\n<div>Largura total (cm)<\/div>\n<\/td>\n<td valign=\"top\" width=\"47\">\n<div>57<\/div>\n<\/td>\n<td valign=\"top\" width=\"47\">\n<div>59<\/div>\n<\/td>\n<td valign=\"top\" width=\"47\">\n<div>61<\/div>\n<\/td>\n<td valign=\"top\" width=\"47\">\n<div>63<\/div>\n<\/td>\n<td valign=\"top\" width=\"47\">\n<div>65<\/div>\n<\/td>\n<td valign=\"top\" width=\"47\">\n<div>67<\/div>\n<\/td>\n<td valign=\"top\" width=\"47\">\n<div>69<\/div>\n<\/td>\n<td valign=\"top\" width=\"47\">\n<div>72<\/div>\n<\/td>\n<td valign=\"top\" width=\"46\">\n<div>78<\/div>\n<\/td>\n<td valign=\"top\" width=\"46\">\n<div>78<\/div>\n<\/td>\n<\/tr>\n<tr>\n<td valign=\"top\" width=\"96\">\n<div>Profundidade assento (cm)<\/div>\n<\/td>\n<td valign=\"top\" width=\"47\">\n<div>40<\/div>\n<\/td>\n<td valign=\"top\" width=\"47\">\n<div>40<\/div>\n<\/td>\n<td valign=\"top\" width=\"47\">\n<div>40<\/div>\n<\/td>\n<td valign=\"top\" width=\"47\">\n<div>40<\/div>\n<\/td>\n<td valign=\"top\" width=\"47\">\n<div>45<\/div>\n<\/td>\n<td valign=\"top\" width=\"47\">\n<div>45<\/div>\n<\/td>\n<td valign=\"top\" width=\"47\">\n<div>45<\/div>\n<\/td>\n<td valign=\"top\" width=\"47\">\n<div>50<\/div>\n<\/td>\n<td valign=\"top\" width=\"46\">\n<div>50<\/div>\n<\/td>\n<td valign=\"top\" width=\"46\">\n<div>50<\/div>\n<\/td>\n<\/tr>\n<tr>\n<td valign=\"top\" width=\"96\">\n<div>Altura encosto (cm)<\/div>\n<\/td>\n<td valign=\"top\" width=\"47\">\n<div>40<\/div>\n<\/td>\n<td valign=\"top\" width=\"47\">\n<div>40<\/div>\n<\/td>\n<td valign=\"top\" width=\"47\">\n<div>40<\/div>\n<\/td>\n<td valign=\"top\" width=\"47\">\n<div>40<\/div>\n<\/td>\n<td valign=\"top\" width=\"47\">\n<div>45<\/div>\n<\/td>\n<td valign=\"top\" width=\"47\">\n<div>45<\/div>\n<\/td>\n<td valign=\"top\" width=\"47\">\n<div>45<\/div>\n<\/td>\n<td valign=\"top\" width=\"47\">\n<div>50<\/div>\n<\/td>\n<td valign=\"top\" width=\"46\">\n<div>50<\/div>\n<\/td>\n<td valign=\"top\" width=\"46\">\n<div>50<\/div>\n<\/td>\n<\/tr>\n<tr>\n<td valign=\"top\" width=\"96\">\n<div>Profundidade total (cm)<\/div>\n<\/td>\n<td valign=\"top\" width=\"47\">\n<div>93<\/div>\n<\/td>\n<td valign=\"top\" width=\"47\">\n<div>93<\/div>\n<\/td>\n<td valign=\"top\" width=\"47\">\n<div>93<\/div>\n<\/td>\n<td valign=\"top\" width=\"47\">\n<div>93<\/div>\n<\/td>\n<td valign=\"top\" width=\"47\">\n<div>98<\/div>\n<\/td>\n<td valign=\"top\" width=\"47\">\n<div>98<\/div>\n<\/td>\n<td valign=\"top\" width=\"47\">\n<div>98<\/div>\n<\/td>\n<td valign=\"top\" width=\"47\">\n<div>103<\/div>\n<\/td>\n<td valign=\"top\" width=\"46\">\n<div>103<\/div>\n<\/td>\n<td valign=\"top\" width=\"46\">\n<div>103<\/div>\n<\/td>\n<\/tr>\n<tr>\n<td valign=\"top\" width=\"96\">\n<div>Peso total (kg)<\/div>\n<\/td>\n<td valign=\"top\" width=\"47\">\n<div>15<\/div>\n<\/td>\n<td valign=\"top\" width=\"47\">\n<div>15<\/div>\n<\/td>\n<td valign=\"top\" width=\"47\">\n<div>15<\/div>\n<\/td>\n<td valign=\"top\" width=\"47\">\n<div>15<\/div>\n<\/td>\n<td valign=\"top\" width=\"47\">\n<div>15<\/div>\n<\/td>\n<td valign=\"top\" width=\"47\">\n<div>15<\/div>\n<\/td>\n<td valign=\"top\" width=\"47\">\n<div>15<\/div>\n<\/td>\n<td valign=\"top\" width=\"47\">\n<div>16<\/div>\n<\/td>\n<td valign=\"top\" width=\"46\">\n<div>16<\/div>\n<\/td>\n<td valign=\"top\" width=\"46\">\n<div>16<\/div>\n<\/td>\n<\/tr>\n<tr>\n<td valign=\"top\" width=\"96\">\n<div>Toler\u00e2ncia de peso (kg)<\/div>\n<\/td>\n<td valign=\"top\" width=\"47\">\n<div>120<\/div>\n<\/td>\n<td valign=\"top\" width=\"47\">\n<div>120<\/div>\n<\/td>\n<td valign=\"top\" width=\"47\">\n<div>120<\/div>\n<\/td>\n<td valign=\"top\" width=\"47\">\n<div>120<\/div>\n<\/td>\n<td valign=\"top\" width=\"47\">\n<div>120<\/div>\n<\/td>\n<td valign=\"top\" width=\"47\">\n<div>120<\/div>\n<\/td>\n<td valign=\"top\" width=\"47\">\n<div>120<\/div>\n<\/td>\n<td valign=\"top\" width=\"47\">\n<div>120<\/div>\n<\/td>\n<td valign=\"top\" width=\"46\">\n<div>120<\/div>\n<\/td>\n<td valign=\"top\" width=\"46\">\n<div>120<\/div>\n<\/td>\n<\/tr>\n<tr>\n<td valign=\"top\" width=\"96\">\n<div>Garantia estrutura (meses)<\/div>\n<\/td>\n<td valign=\"top\" width=\"47\">\n<div>12<\/div>\n<\/td>\n<td valign=\"top\" width=\"47\">\n<div>12<\/div>\n<\/td>\n<td valign=\"top\" width=\"47\">\n<div>12<\/div>\n<\/td>\n<td valign=\"top\" width=\"47\">\n<div>12<\/div>\n<\/td>\n<td valign=\"top\" width=\"47\">\n<div>12<\/div>\n<\/td>\n<td valign=\"top\" width=\"47\">\n<div>12<\/div>\n<\/td>\n<td valign=\"top\" width=\"47\">\n<div>12<\/div>\n<\/td>\n<td valign=\"top\" width=\"47\">\n<div>12<\/div>\n<\/td>\n<td valign=\"top\" width=\"46\">\n<div>12<\/div>\n<\/td>\n<td valign=\"top\" width=\"46\">\n<div>12<\/div>\n<\/td>\n<\/tr>\n<\/tbody>\n<\/table>\n<\/div>\n","protected":false},"excerpt":{"rendered":"Constru\u00edda em liga alum\u00ednio aeron\u00e1utico temperado; \u2022 Rolamentos blindados nas quatro rodas, inclusive no eixo\u00a0vertical do garfo; \u2022&hellip;","protected":false},"featured_media":7655,"comment_status":"open","ping_status":"closed","template":"","meta":{"slim_seo":{"title":"Cadeira de rodas Gazela Ultra Lite - Ortobras - Hospitalaria RS","description":"Constru\u00edda em liga alum\u00ednio aeron\u00e1utico temperado; \u2022 Rolamentos blindados nas quatro rodas, inclusive no eixo\u00a0vertical do garfo; \u2022 Eixos de a\u00e7o refor\u00e7ado; \u2022 Pin"}},"product_brand":[131],"product_cat":[118,34],"product_tag":[406,403,407,404,405],"class_list":{"0":"post-7653","1":"product","2":"type-product","3":"status-publish","4":"has-post-thumbnail","6":"product_brand-ortobras","7":"product_cat-cadeira-de-rodas","8":"product_cat-equipamentos","9":"product_tag-apoio-de-bracos-removivel","10":"product_tag-cadeira-de-rodas-monobloco","11":"product_tag-estofamento-impermeavel-acolchoado","12":"product_tag-estrutura-aluminio-aeronautico","13":"product_tag-rodas-quick-release","14":"mbf-entry","16":"first","17":"outofstock","18":"shipping-taxable","19":"product-type-simple"},"_links":{"self":[{"href":"https:\/\/hospitalariars.com.br\/index.php\/wp-json\/wp\/v2\/product\/7653","targetHints":{"allow":["GET"]}}],"collection":[{"href":"https:\/\/hospitalariars.com.br\/index.php\/wp-json\/wp\/v2\/product"}],"about":[{"href":"https:\/\/hospitalariars.com.br\/index.php\/wp-json\/wp\/v2\/types\/product"}],"replies":[{"embeddable":true,"href":"https:\/\/hospitalariars.com.br\/index.php\/wp-json\/wp\/v2\/comments?post=7653"}],"wp:featuredmedia":[{"embeddable":true,"href":"https:\/\/hospitalariars.com.br\/index.php\/wp-json\/wp\/v2\/media\/7655"}],"wp:attachment":[{"href":"https:\/\/hospitalariars.com.br\/index.php\/wp-json\/wp\/v2\/media?parent=7653"}],"wp:term":[{"taxonomy":"product_brand","embeddable":true,"href":"https:\/\/hospitalariars.com.br\/index.php\/wp-json\/wp\/v2\/product_brand?post=7653"},{"taxonomy":"product_cat","embeddable":true,"href":"https:\/\/hospitalariars.com.br\/index.php\/wp-json\/wp\/v2\/product_cat?post=7653"},{"taxonomy":"product_tag","embeddable":true,"href":"https:\/\/hospitalariars.com.br\/index.php\/wp-json\/wp\/v2\/product_tag?post=7653"}],"curies":[{"name":"wp","href":"https:\/\/api.w.org\/{rel}","templated":true}]}}