{"id":7661,"date":"2025-06-18T16:01:40","date_gmt":"2025-06-18T19:01:40","guid":{"rendered":"https:\/\/hospitalariars.com.br\/?post_type=product&#038;p=7661"},"modified":"2026-03-27T16:03:40","modified_gmt":"2026-03-27T19:03:40","slug":"colchao-balance-ortobras","status":"publish","type":"product","link":"https:\/\/hospitalariars.com.br\/index.php\/produto\/colchao-balance-ortobras\/","title":{"rendered":"Colch\u00e3o Balance 01 un &#8211; Ortobras"},"content":{"rendered":"<h3 data-start=\"89\" data-end=\"123\">Colch\u00e3o Balance \u2013 Ortobras<\/h3>\n<p data-start=\"125\" data-end=\"306\"><strong data-start=\"125\" data-end=\"145\">Descri\u00e7\u00e3o Geral:<\/strong><br data-start=\"145\" data-end=\"148\" \/>A tecnologia inovadora que a Ortobras nos trouxe foi multiplicada!<br data-start=\"214\" data-end=\"217\" \/>Conhe\u00e7a o <strong data-start=\"227\" data-end=\"246\">Colch\u00e3o Balance<\/strong>, trazendo todos os benef\u00edcios da almofada agora no colch\u00e3o!<\/p>\n<p data-start=\"308\" data-end=\"344\"><strong data-start=\"311\" data-end=\"322\">Medidas<\/strong>: 0,88 x 1,88 x 0,14\u202fm<\/p>\n<hr data-start=\"346\" data-end=\"349\" \/>\n<h3 data-start=\"351\" data-end=\"388\">\u00a0Benef\u00edcios do Colch\u00e3o Balance:<\/h3>\n<p data-start=\"390\" data-end=\"544\">O Colch\u00e3o Balance oferece <strong data-start=\"416\" data-end=\"454\">suporte ideal para \u00e1reas sens\u00edveis<\/strong>, <strong data-start=\"456\" data-end=\"476\">alivia a press\u00e3o<\/strong> e <strong data-start=\"479\" data-end=\"512\">ajuda a melhorar a circula\u00e7\u00e3o<\/strong>, prevenindo les\u00f5es por press\u00e3o.<\/p>\n<ul data-start=\"546\" data-end=\"925\">\n<li data-start=\"546\" data-end=\"657\">\n<p data-start=\"548\" data-end=\"657\">Alivia a press\u00e3o e proporciona o conforto necess\u00e1rio para \u00e1reas como c\u00f3ccix, quadris, ombros e calcanhares.<\/p>\n<\/li>\n<li data-start=\"658\" data-end=\"728\">\n<p data-start=\"660\" data-end=\"728\">Reduz o risco de complica\u00e7\u00f5es associadas \u00e0 imobilidade prolongada.<\/p>\n<\/li>\n<li data-start=\"729\" data-end=\"801\">\n<p data-start=\"731\" data-end=\"801\">Redistribui o peso do corpo de forma uniforme, diminuindo a press\u00e3o.<\/p>\n<\/li>\n<li data-start=\"802\" data-end=\"925\">\n<p data-start=\"804\" data-end=\"925\">Melhora o fornecimento de nutrientes e oxig\u00eanio aos tecidos, contribuindo para a preven\u00e7\u00e3o e cura das les\u00f5es por press\u00e3o.<\/p>\n<\/li>\n<\/ul>\n","protected":false},"excerpt":{"rendered":"Colch\u00e3o Balance \u2013 Ortobras Descri\u00e7\u00e3o Geral:A tecnologia inovadora que a Ortobras nos trouxe foi multiplicada!Conhe\u00e7a o Colch\u00e3o Balance,&hellip;","protected":false},"featured_media":7663,"comment_status":"open","ping_status":"closed","template":"","meta":{"slim_seo":{"title":"Colch\u00e3o Balance 01 un - Ortobras - Hospitalaria RS","description":"Colch\u00e3o Balance \u2013 Ortobras Descri\u00e7\u00e3o Geral: A tecnologia inovadora que a Ortobras nos trouxe foi multiplicada! Conhe\u00e7a o Colch\u00e3o Balance , trazendo todos os ben"}},"product_brand":[131],"product_cat":[171,34],"product_tag":[497,496,494,495],"class_list":{"0":"post-7661","1":"product","2":"type-product","3":"status-publish","4":"has-post-thumbnail","6":"product_brand-ortobras","7":"product_cat-colchao","8":"product_cat-equipamentos","9":"product_tag-colchao-balance-ortobras","10":"product_tag-conforto-e-suporte-ideal","11":"product_tag-prevencao-de-lesoes-por-pressao","12":"product_tag-redistribuicao-de-peso-corporal","13":"mbf-entry","15":"first","16":"outofstock","17":"shipping-taxable","18":"product-type-simple"},"_links":{"self":[{"href":"https:\/\/hospitalariars.com.br\/index.php\/wp-json\/wp\/v2\/product\/7661","targetHints":{"allow":["GET"]}}],"collection":[{"href":"https:\/\/hospitalariars.com.br\/index.php\/wp-json\/wp\/v2\/product"}],"about":[{"href":"https:\/\/hospitalariars.com.br\/index.php\/wp-json\/wp\/v2\/types\/product"}],"replies":[{"embeddable":true,"href":"https:\/\/hospitalariars.com.br\/index.php\/wp-json\/wp\/v2\/comments?post=7661"}],"wp:featuredmedia":[{"embeddable":true,"href":"https:\/\/hospitalariars.com.br\/index.php\/wp-json\/wp\/v2\/media\/7663"}],"wp:attachment":[{"href":"https:\/\/hospitalariars.com.br\/index.php\/wp-json\/wp\/v2\/media?parent=7661"}],"wp:term":[{"taxonomy":"product_brand","embeddable":true,"href":"https:\/\/hospitalariars.com.br\/index.php\/wp-json\/wp\/v2\/product_brand?post=7661"},{"taxonomy":"product_cat","embeddable":true,"href":"https:\/\/hospitalariars.com.br\/index.php\/wp-json\/wp\/v2\/product_cat?post=7661"},{"taxonomy":"product_tag","embeddable":true,"href":"https:\/\/hospitalariars.com.br\/index.php\/wp-json\/wp\/v2\/product_tag?post=7661"}],"curies":[{"name":"wp","href":"https:\/\/api.w.org\/{rel}","templated":true}]}}