{"id":7679,"date":"2025-06-20T09:54:15","date_gmt":"2025-06-20T12:54:15","guid":{"rendered":"https:\/\/hospitalariars.com.br\/?post_type=product&#038;p=7679"},"modified":"2026-03-27T16:03:40","modified_gmt":"2026-03-27T19:03:40","slug":"hidrogel-com-phmb-e-pectina-helianto","status":"publish","type":"product","link":"https:\/\/hospitalariars.com.br\/index.php\/produto\/hidrogel-com-phmb-e-pectina-helianto\/","title":{"rendered":"Polihexam Pec Hidrogel com PHMB e Pectina 30g | 100g &#8211; Helianto"},"content":{"rendered":"<div class=\"elementor-element elementor-element-2cd339d elementor-widget elementor-widget-text-editor\" data-id=\"2cd339d\" data-element_type=\"widget\" data-widget_type=\"text-editor.default\">\n<div class=\"elementor-widget-container\">\n<p>Hidrogel para limpeza, hidrata\u00e7\u00e3o e descontamina\u00e7\u00e3o de feridas. Composto de PHMB 0,1% e hidrocol\u00f3ides naturais (pectina e celulose) para potencializar a hidrata\u00e7\u00e3o e acelerar a cicatriza\u00e7\u00e3o. Indicado para todos os tipos de feridas, principalmente as contaminadas e infectadas.<\/p>\n<ul>\n<li>Promove hidrata\u00e7\u00e3o prolongada do leito da ferida;<\/li>\n<li>Favorece e acelera a cicatriza\u00e7\u00e3o;<\/li>\n<li>Potente a\u00e7\u00e3o antimicrobiana por at\u00e9 72h;<\/li>\n<li>Previne e controla o biofilme;<\/li>\n<li>Auxilia no desbridamento autol\u00edtico;<\/li>\n<li>N\u00e3o apresenta resist\u00eancia bacteriana.<\/li>\n<\/ul>\n<\/div>\n<\/div>\n<div class=\"elementor-element elementor-element-7fb6c68 elementor-widget elementor-widget-text-editor\" data-id=\"7fb6c68\" data-element_type=\"widget\" data-widget_type=\"text-editor.default\">\n<div class=\"elementor-widget-container\">\n<p>\u00a0Anvisa: Classe IV 80225200011<\/p>\n<\/div>\n<\/div>\n","protected":false},"excerpt":{"rendered":"Hidrogel para limpeza, hidrata\u00e7\u00e3o e descontamina\u00e7\u00e3o de feridas. Composto de PHMB 0,1% e hidrocol\u00f3ides naturais (pectina e celulose)&hellip;","protected":false},"featured_media":7835,"comment_status":"open","ping_status":"closed","template":"","meta":{"slim_seo":{"title":"Polihexam Pec Hidrogel com PHMB e Pectina 30g | 100g - Helianto - Hospitalaria RS","description":"Hidrogel para limpeza, hidrata\u00e7\u00e3o e descontamina\u00e7\u00e3o de feridas. Composto de PHMB 0,1% e hidrocol\u00f3ides naturais (pectina e celulose) para potencializar a hidrata"}},"product_brand":[103],"product_cat":[102],"product_tag":[194,183,193,524,107],"class_list":{"0":"post-7679","1":"product","2":"type-product","3":"status-publish","4":"has-post-thumbnail","6":"product_brand-helianto","7":"product_cat-feridas-e-pele","8":"product_tag-bio-compativel","9":"product_tag-cicatrizacao","10":"product_tag-creme-dermatologico","11":"product_tag-desbridamento-autolitico","12":"product_tag-hidratacao","13":"mbf-entry","15":"first","16":"outofstock","17":"shipping-taxable","18":"purchasable","19":"product-type-variable"},"_links":{"self":[{"href":"https:\/\/hospitalariars.com.br\/index.php\/wp-json\/wp\/v2\/product\/7679","targetHints":{"allow":["GET"]}}],"collection":[{"href":"https:\/\/hospitalariars.com.br\/index.php\/wp-json\/wp\/v2\/product"}],"about":[{"href":"https:\/\/hospitalariars.com.br\/index.php\/wp-json\/wp\/v2\/types\/product"}],"replies":[{"embeddable":true,"href":"https:\/\/hospitalariars.com.br\/index.php\/wp-json\/wp\/v2\/comments?post=7679"}],"wp:featuredmedia":[{"embeddable":true,"href":"https:\/\/hospitalariars.com.br\/index.php\/wp-json\/wp\/v2\/media\/7835"}],"wp:attachment":[{"href":"https:\/\/hospitalariars.com.br\/index.php\/wp-json\/wp\/v2\/media?parent=7679"}],"wp:term":[{"taxonomy":"product_brand","embeddable":true,"href":"https:\/\/hospitalariars.com.br\/index.php\/wp-json\/wp\/v2\/product_brand?post=7679"},{"taxonomy":"product_cat","embeddable":true,"href":"https:\/\/hospitalariars.com.br\/index.php\/wp-json\/wp\/v2\/product_cat?post=7679"},{"taxonomy":"product_tag","embeddable":true,"href":"https:\/\/hospitalariars.com.br\/index.php\/wp-json\/wp\/v2\/product_tag?post=7679"}],"curies":[{"name":"wp","href":"https:\/\/api.w.org\/{rel}","templated":true}]}}