{"id":7860,"date":"2025-06-24T17:28:45","date_gmt":"2025-06-24T20:28:45","guid":{"rendered":"https:\/\/hospitalariars.com.br\/?post_type=product&#038;p=7860"},"modified":"2026-03-27T16:03:39","modified_gmt":"2026-03-27T19:03:39","slug":"rolo-dental-nao-esteril-pacote-com-100-un-medix","status":"publish","type":"product","link":"https:\/\/hospitalariars.com.br\/index.php\/produto\/rolo-dental-nao-esteril-pacote-com-100-un-medix\/","title":{"rendered":"Rolo Dental N\u00e3o Est\u00e9ril &#8211; Pacote com 100 unidades &#8211; Medix"},"content":{"rendered":"<div class=\"card__header\">\n<h2 class=\"card__title heading h3\">Descri\u00e7\u00e3o<\/h2>\n<\/div>\n<div class=\"card__section\">\n<div class=\"rte text--pull\">\n<p><strong>Apresenta\u00e7\u00e3o:<\/strong><\/p>\n<div>O Rolo Dental \u00e9 utilizado em procedimentos odontol\u00f3gicos, indicado para:<\/div>\n<div>\u2022 Afastamento da bochecha.<\/div>\n<div>\u2022 Absor\u00e7\u00e3o de l\u00edquidos durante tratamentos dent\u00e1rios e limpeza bucal.<\/div>\n<div><\/div>\n<div><strong>Especifica\u00e7\u00f5es do Produto:<\/strong><\/div>\n<div><\/div>\n<div>\u2022 Material: Fibras 100% algod\u00e3o.<\/div>\n<div>\u2022 Formato: Cilindro compacto.<\/div>\n<div>\u2022 Livre de: Amido, cloro e impurezas.<\/div>\n<div>\u2022 Embalagem: Cinta de filme pl\u00e1stico com 100 unidades.<\/div>\n<div>\u2022 Apresenta\u00e7\u00f5es:<\/div>\n<div>\u2022 N\u00famero 1: 4 cm de comprimento, peso por pacote de 25g.<\/div>\n<div><\/div>\n<div><strong>Instru\u00e7\u00f5es de Uso:<\/strong><\/div>\n<div><\/div>\n<div>1. Escolha o tamanho de acordo com a necessidade.<\/div>\n<div>2. Insira o rolo na cavidade bucal.<\/div>\n<div>3. Posicione o rolo entre a bochecha e os dentes\/gengiva para:<\/div>\n<div>\u2022 Afastar a bochecha.<\/div>\n<div>\u2022 Absorver l\u00edquidos.<\/div>\n<div><\/div>\n<div><strong>Contraindica\u00e7\u00f5es:<\/strong><\/div>\n<div><\/div>\n<div>N\u00e3o utilizar caso a embalagem esteja violada.<\/div>\n<div><\/div>\n<div><strong>Precau\u00e7\u00f5es:<\/strong><\/div>\n<div><\/div>\n<div>\u2022 Uso \u00fanico. Descarte ap\u00f3s o uso.<\/div>\n<div>\u2022 Proibido reprocessar.<\/div>\n<div>\u2022 Caso ocorra irrita\u00e7\u00e3o, interrompa o uso e procure orienta\u00e7\u00e3o m\u00e9dica.<\/div>\n<div>\u2022 Ap\u00f3s aberta a embalagem, armazene os rolos no dispensador para melhor conserva\u00e7\u00e3o.<\/div>\n<\/div>\n<\/div>\n","protected":false},"excerpt":{"rendered":"Descri\u00e7\u00e3o Apresenta\u00e7\u00e3o: O Rolo Dental \u00e9 utilizado em procedimentos odontol\u00f3gicos, indicado para: \u2022 Afastamento da bochecha. \u2022 Absor\u00e7\u00e3o&hellip;","protected":false},"featured_media":7861,"comment_status":"open","ping_status":"closed","template":"","meta":{"slim_seo":{"title":"Rolo Dental N\u00e3o Est\u00e9ril - Pacote com 100 unidades - Medix - Hospitalaria RS","description":"Descri\u00e7\u00e3o Apresenta\u00e7\u00e3o: O Rolo Dental \u00e9 utilizado em procedimentos odontol\u00f3gicos, indicado para: \u2022 Afastamento da bochecha. \u2022 Absor\u00e7\u00e3o de l\u00edquidos durante trata"}},"product_brand":[77],"product_cat":[36],"product_tag":[601,600,603,599,602],"class_list":{"0":"post-7860","1":"product","2":"type-product","3":"status-publish","4":"has-post-thumbnail","6":"product_brand-medix","7":"product_cat-materiais-de-consumo","8":"product_tag-afastador-de-bochecha-descartavel","9":"product_tag-algodao-odontologico-nao-esteril","10":"product_tag-produto-odontologico-de-uso-unico","11":"product_tag-rolo-dental-absorvente","12":"product_tag-rolo-para-procedimentos-dentarios","13":"mbf-entry","15":"first","16":"outofstock","17":"sale","18":"shipping-taxable","19":"purchasable","20":"product-type-simple"},"_links":{"self":[{"href":"https:\/\/hospitalariars.com.br\/index.php\/wp-json\/wp\/v2\/product\/7860","targetHints":{"allow":["GET"]}}],"collection":[{"href":"https:\/\/hospitalariars.com.br\/index.php\/wp-json\/wp\/v2\/product"}],"about":[{"href":"https:\/\/hospitalariars.com.br\/index.php\/wp-json\/wp\/v2\/types\/product"}],"replies":[{"embeddable":true,"href":"https:\/\/hospitalariars.com.br\/index.php\/wp-json\/wp\/v2\/comments?post=7860"}],"wp:featuredmedia":[{"embeddable":true,"href":"https:\/\/hospitalariars.com.br\/index.php\/wp-json\/wp\/v2\/media\/7861"}],"wp:attachment":[{"href":"https:\/\/hospitalariars.com.br\/index.php\/wp-json\/wp\/v2\/media?parent=7860"}],"wp:term":[{"taxonomy":"product_brand","embeddable":true,"href":"https:\/\/hospitalariars.com.br\/index.php\/wp-json\/wp\/v2\/product_brand?post=7860"},{"taxonomy":"product_cat","embeddable":true,"href":"https:\/\/hospitalariars.com.br\/index.php\/wp-json\/wp\/v2\/product_cat?post=7860"},{"taxonomy":"product_tag","embeddable":true,"href":"https:\/\/hospitalariars.com.br\/index.php\/wp-json\/wp\/v2\/product_tag?post=7860"}],"curies":[{"name":"wp","href":"https:\/\/api.w.org\/{rel}","templated":true}]}}