{"id":7972,"date":"2025-06-27T11:37:18","date_gmt":"2025-06-27T14:37:18","guid":{"rendered":"https:\/\/hospitalariars.com.br\/?post_type=product&#038;p=7972"},"modified":"2026-03-27T16:03:38","modified_gmt":"2026-03-27T19:03:38","slug":"autoclave-vitale-class-21l-bivolt-cristofoli","status":"publish","type":"product","link":"https:\/\/hospitalariars.com.br\/index.php\/produto\/autoclave-vitale-class-21l-bivolt-cristofoli\/","title":{"rendered":"Autoclave Vitale Class 21L Bivolt &#8211; Cristofoli"},"content":{"rendered":"<div class=\"productFullDetail-rootAccordion-x6mnh\">\n<div class=\"productFullDetail-rootSection-tmauE\">\n<div class=\"productFullDetail-titleContainerSection-TsbUz\">\n<h2 data-start=\"128\" data-end=\"177\">Autoclave Vitale Class 21L Bivolt \u2013 Crist\u00f3foli<\/h2>\n<h3 data-start=\"179\" data-end=\"207\">O que \u00e9 uma Autoclave?<\/h3>\n<p data-start=\"208\" data-end=\"512\">A autoclave \u00e9 um equipamento utilizado para esteriliza\u00e7\u00e3o de materiais e instrumentais por meio de vapor saturado sob press\u00e3o, eliminando microrganismos que oferecem risco de contamina\u00e7\u00e3o.<br data-start=\"396\" data-end=\"399\" \/>Indicada para consult\u00f3rios m\u00e9dicos, odontol\u00f3gicos, cl\u00ednicas de est\u00e9tica, est\u00fadios de tatuagem e sal\u00f5es de beleza.<\/p>\n<hr data-start=\"514\" data-end=\"517\" \/>\n<h3 data-start=\"519\" data-end=\"552\">Itens inclusos na embalagem<\/h3>\n<ul data-start=\"553\" data-end=\"722\">\n<li data-start=\"553\" data-end=\"592\">\n<p data-start=\"555\" data-end=\"592\">1 Autoclave Vitale Class 21L Bivolt<\/p>\n<\/li>\n<li data-start=\"593\" data-end=\"620\">\n<p data-start=\"595\" data-end=\"620\">1 Suporte para bandejas<\/p>\n<\/li>\n<li data-start=\"621\" data-end=\"635\">\n<p data-start=\"623\" data-end=\"635\">3 Bandejas<\/p>\n<\/li>\n<li data-start=\"636\" data-end=\"654\">\n<p data-start=\"638\" data-end=\"654\">1 Copo dosador<\/p>\n<\/li>\n<li data-start=\"655\" data-end=\"678\">\n<p data-start=\"657\" data-end=\"678\">1 Mangueira (1,5 m)<\/p>\n<\/li>\n<li data-start=\"679\" data-end=\"695\">\n<p data-start=\"681\" data-end=\"695\">1 Bra\u00e7adeira<\/p>\n<\/li>\n<li data-start=\"696\" data-end=\"722\">\n<p data-start=\"698\" data-end=\"722\">1 Manual de instru\u00e7\u00f5es<\/p>\n<\/li>\n<\/ul>\n<hr data-start=\"724\" data-end=\"727\" \/>\n<h3 data-start=\"729\" data-end=\"761\">Caracter\u00edsticas e Benef\u00edcios<\/h3>\n<p data-start=\"763\" data-end=\"1030\"><strong data-start=\"763\" data-end=\"794\">Seguran\u00e7a e rastreabilidade<\/strong><br data-start=\"794\" data-end=\"797\" \/>As autoclaves Vitale Class s\u00e3o bloqueadas eletronicamente para garantir rastreabilidade. O desbloqueio \u00e9 feito no site <a class=\"\" href=\"http:\/\/www.cristofoli.com\" target=\"_new\" rel=\"noopener\" data-start=\"916\" data-end=\"934\">www.cristofoli.com<\/a>.<br data-start=\"935\" data-end=\"938\" \/>Possui 10 sistemas de seguran\u00e7a, incluindo trava de porta e controle eletr\u00f4nico de pot\u00eancia.<\/p>\n<p data-start=\"1032\" data-end=\"1201\"><strong data-start=\"1032\" data-end=\"1070\">Durabilidade e design profissional<\/strong><br data-start=\"1070\" data-end=\"1073\" \/>Fabricada com tampa e c\u00e2mara em a\u00e7o inox. Acompanha 3 bandejas de alum\u00ednio anodizado e conta com acabamento moderno e funcional.<\/p>\n<p data-start=\"1203\" data-end=\"1422\"><strong data-start=\"1203\" data-end=\"1231\">Efici\u00eancia e praticidade<\/strong><br data-start=\"1231\" data-end=\"1234\" \/>Conta com bivolt autom\u00e1tico (127\/220V \u2013 95 a 254V), secagem com porta entreaberta, ajuste autom\u00e1tico de altitude, LEDs informativos e um programa \u00fanico de esteriliza\u00e7\u00e3o totalmente digital.<\/p>\n<hr data-start=\"1424\" data-end=\"1427\" \/>\n<h3 data-start=\"1429\" data-end=\"1455\">Recomenda\u00e7\u00f5es de uso<\/h3>\n<ul data-start=\"1456\" data-end=\"1829\">\n<li data-start=\"1456\" data-end=\"1497\">\n<p data-start=\"1458\" data-end=\"1497\">Utilize exclusivamente \u00e1gua destilada<\/p>\n<\/li>\n<li data-start=\"1498\" data-end=\"1551\">\n<p data-start=\"1500\" data-end=\"1551\">Leia completamente o manual antes do primeiro uso<\/p>\n<\/li>\n<li data-start=\"1552\" data-end=\"1622\">\n<p data-start=\"1554\" data-end=\"1622\">Acomode os materiais corretamente sem encostar nas sa\u00eddas de vapor<\/p>\n<\/li>\n<li data-start=\"1623\" data-end=\"1678\">\n<p data-start=\"1625\" data-end=\"1678\">Envelopes devem estar com o papel voltado para cima<\/p>\n<\/li>\n<li data-start=\"1679\" data-end=\"1721\">\n<p data-start=\"1681\" data-end=\"1721\">Caixas e bandejas devem ser perfuradas<\/p>\n<\/li>\n<li data-start=\"1722\" data-end=\"1768\">\n<p data-start=\"1724\" data-end=\"1768\">N\u00e3o ultrapasse 75% da capacidade da c\u00e2mara<\/p>\n<\/li>\n<li data-start=\"1769\" data-end=\"1829\">\n<p data-start=\"1771\" data-end=\"1829\">Utilize o suporte para envelopes para melhorar a secagem<\/p>\n<\/li>\n<\/ul>\n<hr data-start=\"1831\" data-end=\"1834\" \/>\n<h3 data-start=\"1836\" data-end=\"1865\">Uso em sal\u00f5es de beleza<\/h3>\n<p data-start=\"1866\" data-end=\"2139\">A Lei Federal n\u00ba 12.592\/2012 reconhece e responsabiliza os profissionais da beleza pela esteriliza\u00e7\u00e3o dos instrumentos.<br data-start=\"1985\" data-end=\"1988\" \/>O uso de autoclave \u00e9 <strong data-start=\"2009\" data-end=\"2024\">obrigat\u00f3rio<\/strong> em diversos estados, como RS, PR e SC, e est\u00e1 se tornando exig\u00eancia nacional por parte das vigil\u00e2ncias sanit\u00e1rias.<\/p>\n<hr data-start=\"2141\" data-end=\"2144\" \/>\n<h3 data-start=\"2146\" data-end=\"2175\">Especifica\u00e7\u00f5es T\u00e9cnicas<\/h3>\n<ul data-start=\"2176\" data-end=\"2765\">\n<li data-start=\"2176\" data-end=\"2201\">\n<p data-start=\"2178\" data-end=\"2201\">Capacidade: 21 Litros<\/p>\n<\/li>\n<li data-start=\"2202\" data-end=\"2225\">\n<p data-start=\"2204\" data-end=\"2225\">Peso bruto: 26,8 kg<\/p>\n<\/li>\n<li data-start=\"2226\" data-end=\"2270\">\n<p data-start=\"2228\" data-end=\"2270\">Material da tampa\/c\u00e2mara: A\u00e7o inoxid\u00e1vel<\/p>\n<\/li>\n<li data-start=\"2271\" data-end=\"2313\">\n<p data-start=\"2273\" data-end=\"2313\">Dimens\u00f5es internas (D x P): 25 x 43 cm<\/p>\n<\/li>\n<li data-start=\"2314\" data-end=\"2365\">\n<p data-start=\"2316\" data-end=\"2365\">Dimens\u00f5es externas (L x A x P): 38 x 38 x 55 cm<\/p>\n<\/li>\n<li data-start=\"2366\" data-end=\"2409\">\n<p data-start=\"2368\" data-end=\"2409\">Bandejas: 19 x 1,2 x 38 cm (3 unidades)<\/p>\n<\/li>\n<li data-start=\"2410\" data-end=\"2450\">\n<p data-start=\"2412\" data-end=\"2450\">Espa\u00e7o livre entre bandejas: 28,5 mm<\/p>\n<\/li>\n<li data-start=\"2451\" data-end=\"2509\">\n<p data-start=\"2453\" data-end=\"2509\">Voltagem: Bivolt autom\u00e1tico (127\/220V AC \u2013 95 a 254 V)<\/p>\n<\/li>\n<li data-start=\"2510\" data-end=\"2534\">\n<p data-start=\"2512\" data-end=\"2534\">Frequ\u00eancia: 50\/60 Hz<\/p>\n<\/li>\n<li data-start=\"2535\" data-end=\"2555\">\n<p data-start=\"2537\" data-end=\"2555\">Pot\u00eancia: 1600 W<\/p>\n<\/li>\n<li data-start=\"2556\" data-end=\"2585\">\n<p data-start=\"2558\" data-end=\"2585\">Consumo el\u00e9trico: 485 W\/h<\/p>\n<\/li>\n<li data-start=\"2586\" data-end=\"2639\">\n<p data-start=\"2588\" data-end=\"2639\">Press\u00e3o m\u00e1xima de opera\u00e7\u00e3o: 216 kPa (2,2 kgf\/cm\u00b2)<\/p>\n<\/li>\n<li data-start=\"2640\" data-end=\"2678\">\n<p data-start=\"2642\" data-end=\"2678\">Temperatura da \u00e1gua drenada: 100\u00b0C<\/p>\n<\/li>\n<li data-start=\"2679\" data-end=\"2728\">\n<p data-start=\"2681\" data-end=\"2728\">Faixa de temperatura de trabalho: 15\u00b0C a 40\u00b0C<\/p>\n<\/li>\n<li data-start=\"2729\" data-end=\"2765\">\n<p data-start=\"2731\" data-end=\"2765\">Altitude de opera\u00e7\u00e3o: at\u00e9 3500 m<\/p>\n<\/li>\n<\/ul>\n<\/div>\n<\/div>\n<\/div>\n","protected":false},"excerpt":{"rendered":"Autoclave Vitale Class 21L Bivolt \u2013 Crist\u00f3foli O que \u00e9 uma Autoclave? A autoclave \u00e9 um equipamento utilizado&hellip;","protected":false},"featured_media":7970,"comment_status":"open","ping_status":"closed","template":"","meta":{"slim_seo":{"title":"Autoclave Vitale Class 21L Bivolt - Cristofoli - Hospitalaria RS","description":"Autoclave Vitale Class 21L Bivolt \u2013 Crist\u00f3foli O que \u00e9 uma Autoclave? A autoclave \u00e9 um equipamento utilizado para esteriliza\u00e7\u00e3o de materiais e instrumentais por"}},"product_brand":[673],"product_cat":[34],"product_tag":[676,687,682,683,691],"class_list":{"0":"post-7972","1":"product","2":"type-product","3":"status-publish","4":"has-post-thumbnail","6":"product_brand-cristofoli","7":"product_cat-equipamentos","8":"product_tag-autoclave-bivolt-automatica","9":"product_tag-autoclave-certificada-anvisa","10":"product_tag-autoclave-com-10-sistemas-de-seguranca","11":"product_tag-autoclave-com-ajuste-de-altitude","12":"product_tag-autoclave-com-bandejas-em-aluminio","13":"mbf-entry","15":"first","16":"outofstock","17":"shipping-taxable","18":"product-type-simple"},"_links":{"self":[{"href":"https:\/\/hospitalariars.com.br\/index.php\/wp-json\/wp\/v2\/product\/7972","targetHints":{"allow":["GET"]}}],"collection":[{"href":"https:\/\/hospitalariars.com.br\/index.php\/wp-json\/wp\/v2\/product"}],"about":[{"href":"https:\/\/hospitalariars.com.br\/index.php\/wp-json\/wp\/v2\/types\/product"}],"replies":[{"embeddable":true,"href":"https:\/\/hospitalariars.com.br\/index.php\/wp-json\/wp\/v2\/comments?post=7972"}],"wp:featuredmedia":[{"embeddable":true,"href":"https:\/\/hospitalariars.com.br\/index.php\/wp-json\/wp\/v2\/media\/7970"}],"wp:attachment":[{"href":"https:\/\/hospitalariars.com.br\/index.php\/wp-json\/wp\/v2\/media?parent=7972"}],"wp:term":[{"taxonomy":"product_brand","embeddable":true,"href":"https:\/\/hospitalariars.com.br\/index.php\/wp-json\/wp\/v2\/product_brand?post=7972"},{"taxonomy":"product_cat","embeddable":true,"href":"https:\/\/hospitalariars.com.br\/index.php\/wp-json\/wp\/v2\/product_cat?post=7972"},{"taxonomy":"product_tag","embeddable":true,"href":"https:\/\/hospitalariars.com.br\/index.php\/wp-json\/wp\/v2\/product_tag?post=7972"}],"curies":[{"name":"wp","href":"https:\/\/api.w.org\/{rel}","templated":true}]}}