{"id":8065,"date":"2025-06-27T17:15:02","date_gmt":"2025-06-27T20:15:02","guid":{"rendered":"https:\/\/hospitalariars.com.br\/?post_type=product&#038;p=8065"},"modified":"2026-03-27T16:03:37","modified_gmt":"2026-03-27T19:03:37","slug":"compressa-de-gaze-esteril-medix-brasil-pacote-com-10-un-medix","status":"publish","type":"product","link":"https:\/\/hospitalariars.com.br\/index.php\/produto\/compressa-de-gaze-esteril-medix-brasil-pacote-com-10-un-medix\/","title":{"rendered":"Compressa de Gaze Hidr\u00f3fila Supreme Est\u00e9ril &#8211; Pacote com 10 un- Medix"},"content":{"rendered":"<div class=\"card__header\">\n<h2 class=\"card__title heading h3\">Descri\u00e7\u00e3o<\/h2>\n<\/div>\n<div class=\"card__section\">\n<div class=\"rte text--pull\">\n<h2 data-end=\"76\" data-start=\"55\"><strong data-end=\"74\" data-start=\"58\">Apresenta\u00e7\u00e3o<\/strong><\/h2>\n<p data-end=\"390\" data-start=\"77\">A Compressa de Gaze Hidr\u00f3fila Est\u00e9ril \u00e9 um artigo m\u00e9dico-hospitalar essencial para curativos em geral, sendo amplamente utilizada em hospitais, ambulat\u00f3rios e prontos-socorros. Sua fun\u00e7\u00e3o \u00e9 absorver l\u00edquidos e secre\u00e7\u00f5es, limpar e cobrir ferimentos, garantindo um ambiente seguro e livre de contamina\u00e7\u00e3o.<\/p>\n<h2 data-end=\"426\" data-start=\"392\"><strong data-end=\"424\" data-start=\"395\">Especifica\u00e7\u00f5es do Produto<\/strong><\/h2>\n<ul data-end=\"808\" data-start=\"427\">\n<li data-end=\"463\" data-start=\"427\"><strong data-end=\"449\" data-start=\"429\">Registro Anvisa:<\/strong>\u00a080245210083<\/li>\n<li data-end=\"520\" data-start=\"464\"><strong data-end=\"490\" data-start=\"466\">Modelos Dispon\u00edveis:<\/strong>\n<ul data-end=\"520\" data-start=\"495\">\n<li data-end=\"506\" data-start=\"495\">11 fios<\/li>\n<li data-end=\"520\" data-start=\"509\">13 fios<\/li>\n<\/ul>\n<\/li>\n<li data-end=\"644\" data-start=\"521\"><strong data-end=\"538\" data-start=\"523\">Composi\u00e7\u00e3o:<\/strong>\n<ul data-end=\"644\" data-start=\"543\">\n<li data-end=\"586\" data-start=\"543\">100% algod\u00e3o com alto poder de absor\u00e7\u00e3o<\/li>\n<li data-end=\"610\" data-start=\"589\">Sem fio radiopaco<\/li>\n<li data-end=\"644\" data-start=\"613\">Livre de amido e alvejantes<\/li>\n<\/ul>\n<\/li>\n<li data-end=\"725\" data-start=\"645\"><strong data-end=\"660\" data-start=\"647\">Tamanhos:<\/strong>\n<ul data-end=\"725\" data-start=\"665\">\n<li data-end=\"695\" data-start=\"665\"><strong data-end=\"693\" data-start=\"667\">7,5 x 7,5 cm (fechada)<\/strong><\/li>\n<li data-end=\"725\" data-start=\"698\"><strong data-end=\"723\" data-start=\"700\">13 x 30 cm (aberta)<\/strong><\/li>\n<\/ul>\n<\/li>\n<li data-end=\"808\" data-start=\"726\"><strong data-end=\"742\" data-start=\"728\">Estrutura:<\/strong>\n<ul data-end=\"808\" data-start=\"747\">\n<li data-end=\"760\" data-start=\"747\">8 camadas<\/li>\n<li data-end=\"808\" data-start=\"763\">5 dobras internas para evitar desfiamento<\/li>\n<\/ul>\n<\/li>\n<\/ul>\n<h2 data-end=\"834\" data-start=\"810\"><strong data-end=\"832\" data-start=\"813\">Caracter\u00edsticas<\/strong><\/h2>\n<ul data-end=\"975\" data-start=\"835\">\n<li data-end=\"867\" data-start=\"835\">Produto altamente absorvente<\/li>\n<li data-end=\"900\" data-start=\"868\">At\u00f3xico e livre de impurezas<\/li>\n<li data-end=\"947\" data-start=\"901\">Estrutura resistente que evita desfiamento<\/li>\n<li data-end=\"975\" data-start=\"948\">Uso \u00fanico e descart\u00e1vel<\/li>\n<\/ul>\n<h2 data-end=\"994\" data-start=\"977\"><strong data-end=\"992\" data-start=\"980\">Validade<\/strong><\/h2>\n<ul data-end=\"1093\" data-start=\"995\">\n<li data-end=\"1093\" data-start=\"995\"><strong data-end=\"1007\" data-start=\"997\">5 anos<\/strong>, desde que mantido na embalagem original e em condi\u00e7\u00f5es adequadas de armazenamento.<\/li>\n<\/ul>\n<h2 data-end=\"1121\" data-start=\"1095\"><strong data-end=\"1119\" data-start=\"1098\">Instru\u00e7\u00f5es de Uso<\/strong><\/h2>\n<ol data-end=\"1750\" data-start=\"1122\">\n<li data-end=\"1179\" data-start=\"1122\">Escolha o modelo adequado conforme o uso pretendido.<\/li>\n<li data-end=\"1257\" data-start=\"1180\"><strong data-end=\"1208\" data-start=\"1183\">N\u00e3o abrir a compressa<\/strong>\u00a0para utiliza\u00e7\u00e3o fora dos padr\u00f5es recomendados.<\/li>\n<li data-end=\"1324\" data-start=\"1258\">Higienize a \u00e1rea da pele ou ferida onde a gaze ser\u00e1 aplicada.<\/li>\n<li data-end=\"1409\" data-start=\"1325\">Certifique-se de que a pele ao redor do ferimento est\u00e1 seca antes da aplica\u00e7\u00e3o.<\/li>\n<li data-end=\"1536\" data-start=\"1410\">Aplique a compressa sobre a superf\u00edcie desejada, cobrindo totalmente o ferimento, sem exercer for\u00e7a ou press\u00e3o excessiva.<\/li>\n<li data-end=\"1678\" data-start=\"1537\">Fixe a gaze com\u00a0<strong data-end=\"1571\" data-start=\"1556\">esparadrapo<\/strong>\u00a0ou\u00a0<strong data-end=\"1595\" data-start=\"1575\">fita microporosa<\/strong>, especialmente em peles sens\u00edveis, evitando contato direto com a \u00e1rea lesionada.<\/li>\n<li data-end=\"1750\" data-start=\"1679\">Em caso de irrita\u00e7\u00e3o, suspenda o uso e procure assist\u00eancia m\u00e9dica.<\/li>\n<\/ol>\n<h2 data-end=\"1771\" data-start=\"1752\"><strong data-end=\"1769\" data-start=\"1755\">Precau\u00e7\u00f5es<\/strong><\/h2>\n<p data-end=\"2167\" data-start=\"1772\">Produto de uso \u00fanico \u2013 descartar ap\u00f3s o uso.<br data-end=\"1825\" data-start=\"1822\" \/>Proibido reprocessar.<br data-end=\"1855\" data-start=\"1852\" \/>Utilizar somente se a embalagem estiver intacta.<br data-end=\"1912\" data-start=\"1909\" \/>Manter na embalagem original, em ambiente seco e limpo.<br data-end=\"1976\" data-start=\"1973\" \/>Abrir de forma ass\u00e9ptica para manter a esterilidade do produto.<br data-end=\"2048\" data-start=\"2045\" \/>Contraindicado para rec\u00e9m-nascidos, crian\u00e7as, idosos e pessoas com pele sens\u00edvel aos componentes da formula\u00e7\u00e3o.<\/p>\n<h2 data-end=\"2191\" data-start=\"2169\"><strong data-end=\"2189\" data-start=\"2172\">Esteriliza\u00e7\u00e3o<\/strong><\/h2>\n<ul data-end=\"2299\" data-start=\"2192\">\n<li data-end=\"2248\" data-start=\"2192\"><strong data-end=\"2222\" data-start=\"2194\">M\u00e9todo de esteriliza\u00e7\u00e3o:<\/strong>\u00a0\u00d3xido de etileno (ETO).<\/li>\n<li data-end=\"2299\" data-start=\"2249\"><strong data-end=\"2270\" data-start=\"2251\">Produto est\u00e9ril<\/strong>, pronto para uso imediato.<\/li>\n<\/ul>\n<\/div>\n<\/div>\n","protected":false},"excerpt":{"rendered":"Descri\u00e7\u00e3o Apresenta\u00e7\u00e3o A Compressa de Gaze Hidr\u00f3fila Est\u00e9ril \u00e9 um artigo m\u00e9dico-hospitalar essencial para curativos em geral, sendo&hellip;","protected":false},"featured_media":8066,"comment_status":"open","ping_status":"closed","template":"","meta":{"slim_seo":{"title":"Compressa de Gaze Hidr\u00f3fila Supreme Est\u00e9ril - Pacote com 10 un- Medix - Hospitalaria RS","description":"Descri\u00e7\u00e3o Apresenta\u00e7\u00e3o A Compressa de Gaze Hidr\u00f3fila Est\u00e9ril \u00e9 um artigo m\u00e9dico-hospitalar essencial para curativos em geral, sendo amplamente utilizada em hosp"}},"product_brand":[77],"product_cat":[36],"product_tag":[829,828,823,826,825,827,824],"class_list":{"0":"post-8065","1":"product","2":"type-product","3":"status-publish","4":"has-post-thumbnail","6":"product_brand-medix","7":"product_cat-materiais-de-consumo","8":"product_tag-5-e-13x30","9":"product_tag-5x7","10":"product_tag-compressa-de-gaze-esteril","11":"product_tag-compressa-esteril-oxido-de-etileno","12":"product_tag-gaze-100-algodao-curativo","13":"product_tag-gaze-esteril-7","14":"product_tag-gaze-hidrofila-hospitalar","15":"mbf-entry","17":"first","18":"outofstock","19":"shipping-taxable","20":"product-type-simple"},"_links":{"self":[{"href":"https:\/\/hospitalariars.com.br\/index.php\/wp-json\/wp\/v2\/product\/8065","targetHints":{"allow":["GET"]}}],"collection":[{"href":"https:\/\/hospitalariars.com.br\/index.php\/wp-json\/wp\/v2\/product"}],"about":[{"href":"https:\/\/hospitalariars.com.br\/index.php\/wp-json\/wp\/v2\/types\/product"}],"replies":[{"embeddable":true,"href":"https:\/\/hospitalariars.com.br\/index.php\/wp-json\/wp\/v2\/comments?post=8065"}],"wp:featuredmedia":[{"embeddable":true,"href":"https:\/\/hospitalariars.com.br\/index.php\/wp-json\/wp\/v2\/media\/8066"}],"wp:attachment":[{"href":"https:\/\/hospitalariars.com.br\/index.php\/wp-json\/wp\/v2\/media?parent=8065"}],"wp:term":[{"taxonomy":"product_brand","embeddable":true,"href":"https:\/\/hospitalariars.com.br\/index.php\/wp-json\/wp\/v2\/product_brand?post=8065"},{"taxonomy":"product_cat","embeddable":true,"href":"https:\/\/hospitalariars.com.br\/index.php\/wp-json\/wp\/v2\/product_cat?post=8065"},{"taxonomy":"product_tag","embeddable":true,"href":"https:\/\/hospitalariars.com.br\/index.php\/wp-json\/wp\/v2\/product_tag?post=8065"}],"curies":[{"name":"wp","href":"https:\/\/api.w.org\/{rel}","templated":true}]}}