{"id":8151,"date":"2025-06-30T14:46:19","date_gmt":"2025-06-30T17:46:19","guid":{"rendered":"https:\/\/hospitalariars.com.br\/?post_type=product&#038;p=8151"},"modified":"2026-03-27T16:03:36","modified_gmt":"2026-03-27T19:03:36","slug":"luva-de-latex-conforto-premium-quality-sem-talco-com-100-unidades-unigloves","status":"publish","type":"product","link":"https:\/\/hospitalariars.com.br\/index.php\/produto\/luva-de-latex-conforto-premium-quality-sem-talco-com-100-unidades-unigloves\/","title":{"rendered":"Luva de Latex Conforto Premium Quality sem talco com 100 unidades &#8211; Unigloves"},"content":{"rendered":"<h2 data-start=\"164\" data-end=\"208\">Luva Conforto Premium Quality \u2013 Unigloves<\/h2>\n<h3 data-start=\"210\" data-end=\"236\">Descri\u00e7\u00e3o do Produto<\/h3>\n<p data-start=\"237\" data-end=\"481\">A <strong data-start=\"239\" data-end=\"263\">Luva Premium Quality<\/strong> \u00e9 uma luva de procedimento da <strong data-start=\"294\" data-end=\"307\">Unigloves<\/strong>, fabricada em <strong data-start=\"322\" data-end=\"356\">l\u00e1tex 100% natural e sem talco<\/strong>, oferecendo ao profissional o m\u00e1ximo de <strong data-start=\"397\" data-end=\"420\">sensibilidade t\u00e1til<\/strong> e <strong data-start=\"423\" data-end=\"443\">manuseio preciso<\/strong> durante procedimentos n\u00e3o cir\u00fargicos.<\/p>\n<hr data-start=\"483\" data-end=\"486\" \/>\n<h3 data-start=\"488\" data-end=\"510\">Indica\u00e7\u00e3o de Uso<\/h3>\n<p data-start=\"511\" data-end=\"697\">Indicada para <strong data-start=\"525\" data-end=\"569\">prote\u00e7\u00e3o contra contamina\u00e7\u00e3o por fluidos<\/strong>, como sangue e saliva, durante procedimentos <strong data-start=\"615\" data-end=\"633\">n\u00e3o cir\u00fargicos<\/strong> em ambientes m\u00e9dicos, odontol\u00f3gicos, laboratoriais e est\u00e9ticos.<\/p>\n<hr data-start=\"699\" data-end=\"702\" \/>\n<h3 data-start=\"704\" data-end=\"725\">Caracter\u00edsticas<\/h3>\n<ul data-start=\"726\" data-end=\"935\">\n<li data-start=\"726\" data-end=\"769\">\n<p data-start=\"728\" data-end=\"769\">Fabricada em l\u00e1tex 100% natural, sem p\u00f3<\/p>\n<\/li>\n<li data-start=\"770\" data-end=\"790\">\n<p data-start=\"772\" data-end=\"790\">Bainha refor\u00e7ada<\/p>\n<\/li>\n<li data-start=\"791\" data-end=\"812\">\n<p data-start=\"793\" data-end=\"812\">Formato anat\u00f4mico<\/p>\n<\/li>\n<li data-start=\"813\" data-end=\"831\">\n<p data-start=\"815\" data-end=\"831\">Punho alongado<\/p>\n<\/li>\n<li data-start=\"832\" data-end=\"851\">\n<p data-start=\"834\" data-end=\"851\">Superf\u00edcie lisa<\/p>\n<\/li>\n<li data-start=\"852\" data-end=\"886\">\n<p data-start=\"854\" data-end=\"886\">Alta resist\u00eancia a perfura\u00e7\u00f5es<\/p>\n<\/li>\n<li data-start=\"887\" data-end=\"935\">\n<p data-start=\"889\" data-end=\"935\">Barreira de prote\u00e7\u00e3o contra agentes biol\u00f3gicos<\/p>\n<\/li>\n<\/ul>\n<hr data-start=\"937\" data-end=\"940\" \/>\n<h3 data-start=\"942\" data-end=\"958\">Benef\u00edcios<\/h3>\n<ul data-start=\"959\" data-end=\"1119\">\n<li data-start=\"959\" data-end=\"1004\">\n<p data-start=\"961\" data-end=\"1004\">F\u00e1cil de cal\u00e7ar, mesmo sem o uso de talco<\/p>\n<\/li>\n<li data-start=\"1005\" data-end=\"1028\">\n<p data-start=\"1007\" data-end=\"1028\">N\u00e3o resseca as m\u00e3os<\/p>\n<\/li>\n<li data-start=\"1029\" data-end=\"1058\">\n<p data-start=\"1031\" data-end=\"1058\">Maior sensibilidade t\u00e1til<\/p>\n<\/li>\n<li data-start=\"1059\" data-end=\"1088\">\n<p data-start=\"1061\" data-end=\"1088\">Ajuste anat\u00f4mico perfeito<\/p>\n<\/li>\n<li data-start=\"1089\" data-end=\"1119\">\n<p data-start=\"1091\" data-end=\"1119\">Conforto e maciez superiores<\/p>\n<\/li>\n<\/ul>\n<hr data-start=\"1121\" data-end=\"1124\" \/>\n<h3 data-start=\"1126\" data-end=\"1144\">Apresenta\u00e7\u00e3o<\/h3>\n<ul data-start=\"1145\" data-end=\"1247\">\n<li data-start=\"1145\" data-end=\"1175\">\n<p data-start=\"1147\" data-end=\"1175\">Embalagem com 100 unidades<\/p>\n<\/li>\n<li data-start=\"1176\" data-end=\"1203\">\n<p data-start=\"1178\" data-end=\"1203\">Produto <strong data-start=\"1186\" data-end=\"1201\">n\u00e3o est\u00e9ril<\/strong><\/p>\n<\/li>\n<\/ul>\n","protected":false},"excerpt":{"rendered":"Luva Conforto Premium Quality \u2013 Unigloves Descri\u00e7\u00e3o do Produto A Luva Premium Quality \u00e9 uma luva de procedimento&hellip;","protected":false},"featured_media":8152,"comment_status":"open","ping_status":"closed","template":"","meta":{"slim_seo":{"title":"Luva de Latex Conforto Premium Quality sem talco com 100 unidades - Unigloves - Hospitalaria RS","description":"Luva Conforto Premium Quality \u2013 Unigloves Descri\u00e7\u00e3o do Produto A Luva Premium Quality \u00e9 uma luva de procedimento da Unigloves , fabricada em l\u00e1tex 100% natural"}},"product_brand":[79],"product_cat":[36],"product_tag":[865,862,863,864,861],"class_list":{"0":"post-8151","1":"product","2":"type-product","3":"status-publish","4":"has-post-thumbnail","6":"product_brand-unigloves","7":"product_cat-materiais-de-consumo","8":"product_tag-luva-anatomica-nao-esteril","9":"product_tag-luva-conforto-unigloves","10":"product_tag-luva-de-procedimento-premium","11":"product_tag-luva-descartavel-sem-talco","12":"product_tag-luva-latex-sem-po","13":"mbf-entry","15":"first","16":"outofstock","17":"shipping-taxable","18":"purchasable","19":"product-type-variable"},"_links":{"self":[{"href":"https:\/\/hospitalariars.com.br\/index.php\/wp-json\/wp\/v2\/product\/8151","targetHints":{"allow":["GET"]}}],"collection":[{"href":"https:\/\/hospitalariars.com.br\/index.php\/wp-json\/wp\/v2\/product"}],"about":[{"href":"https:\/\/hospitalariars.com.br\/index.php\/wp-json\/wp\/v2\/types\/product"}],"replies":[{"embeddable":true,"href":"https:\/\/hospitalariars.com.br\/index.php\/wp-json\/wp\/v2\/comments?post=8151"}],"wp:featuredmedia":[{"embeddable":true,"href":"https:\/\/hospitalariars.com.br\/index.php\/wp-json\/wp\/v2\/media\/8152"}],"wp:attachment":[{"href":"https:\/\/hospitalariars.com.br\/index.php\/wp-json\/wp\/v2\/media?parent=8151"}],"wp:term":[{"taxonomy":"product_brand","embeddable":true,"href":"https:\/\/hospitalariars.com.br\/index.php\/wp-json\/wp\/v2\/product_brand?post=8151"},{"taxonomy":"product_cat","embeddable":true,"href":"https:\/\/hospitalariars.com.br\/index.php\/wp-json\/wp\/v2\/product_cat?post=8151"},{"taxonomy":"product_tag","embeddable":true,"href":"https:\/\/hospitalariars.com.br\/index.php\/wp-json\/wp\/v2\/product_tag?post=8151"}],"curies":[{"name":"wp","href":"https:\/\/api.w.org\/{rel}","templated":true}]}}