{"id":8186,"date":"2025-07-01T10:43:36","date_gmt":"2025-07-01T13:43:36","guid":{"rendered":"https:\/\/hospitalariars.com.br\/?post_type=product&#038;p=8186"},"modified":"2026-03-27T16:03:36","modified_gmt":"2026-03-27T19:03:36","slug":"carbofix-massa-condutora-pote-1kg-carbogel","status":"publish","type":"product","link":"https:\/\/hospitalariars.com.br\/index.php\/produto\/carbofix-massa-condutora-pote-1kg-carbogel\/","title":{"rendered":"CarboFix &#8211; Pasta condutora pote 1kg &#8211; Carbogel"},"content":{"rendered":"<p data-start=\"0\" data-end=\"68\"><strong data-start=\"27\" data-end=\"68\">CARBOFIX \u2013 Pasta Condutora \u2013 Pote 1kg<\/strong><\/p>\n<p data-start=\"70\" data-end=\"374\">A CARBOFIX \u00e9 uma pasta condutora de alta performance desenvolvida para proporcionar excelente condutividade el\u00e9trica e fixa\u00e7\u00e3o segura dos eletrodos em exames neurol\u00f3gicos e eletrofisiol\u00f3gicos. Sua f\u00f3rmula \u00e0 base de \u00e1gua facilita a remo\u00e7\u00e3o ap\u00f3s o uso, evitando res\u00edduos no couro cabeludo ou nos eletrodos.<\/p>\n<p data-start=\"376\" data-end=\"681\">Com consist\u00eancia ideal, a CARBOFIX assegura estabilidade e precis\u00e3o na capta\u00e7\u00e3o de sinais el\u00e9tricos, reduzindo interfer\u00eancias e ru\u00eddos durante os procedimentos. \u00c9 especialmente indicada para uso em eletroencefalogramas (EEG), polissonografias (PSG), eletroneuromiografias (EMG) e potenciais evocados (PE).<\/p>\n<p data-start=\"683\" data-end=\"826\"><strong data-start=\"683\" data-end=\"705\">Indica\u00e7\u00f5es de uso:<\/strong><br data-start=\"705\" data-end=\"708\" \/>Produto de uso externo indicado como meio de condu\u00e7\u00e3o el\u00e9trica e fixa\u00e7\u00e3o de eletrodos em exames de EEG, PSG, EMG e PE.<\/p>\n<p data-start=\"828\" data-end=\"850\"><strong data-start=\"828\" data-end=\"848\">Caracter\u00edsticas:<\/strong><\/p>\n<ul data-start=\"851\" data-end=\"1028\">\n<li data-start=\"851\" data-end=\"882\">\n<p data-start=\"853\" data-end=\"882\">Alta condutividade el\u00e9trica<\/p>\n<\/li>\n<li data-start=\"883\" data-end=\"918\">\n<p data-start=\"885\" data-end=\"918\">Excelente fixa\u00e7\u00e3o dos eletrodos<\/p>\n<\/li>\n<li data-start=\"919\" data-end=\"938\">\n<p data-start=\"921\" data-end=\"938\">Sol\u00favel em \u00e1gua<\/p>\n<\/li>\n<li data-start=\"939\" data-end=\"956\">\n<p data-start=\"941\" data-end=\"956\">F\u00e1cil remo\u00e7\u00e3o<\/p>\n<\/li>\n<li data-start=\"957\" data-end=\"986\">\n<p data-start=\"959\" data-end=\"986\">Sem res\u00edduos indesej\u00e1veis<\/p>\n<\/li>\n<li data-start=\"987\" data-end=\"1014\">\n<p data-start=\"989\" data-end=\"1014\">Embalagem: pote com 1kg<\/p>\n<\/li>\n<li data-start=\"1015\" data-end=\"1028\">\n<p data-start=\"1017\" data-end=\"1028\">Uso externo<\/p>\n<\/li>\n<\/ul>\n","protected":false},"excerpt":{"rendered":"CARBOFIX \u2013 Pasta Condutora \u2013 Pote 1kg A CARBOFIX \u00e9 uma pasta condutora de alta performance desenvolvida para&hellip;","protected":false},"featured_media":8187,"comment_status":"open","ping_status":"closed","template":"","meta":{"slim_seo":{"title":"CarboFix - Pasta condutora pote 1kg - Carbogel - Hospitalaria RS","description":"CARBOFIX \u2013 Pasta Condutora \u2013 Pote 1kg A CARBOFIX \u00e9 uma pasta condutora de alta performance desenvolvida para proporcionar excelente condutividade el\u00e9trica e fix"}},"product_brand":[247],"product_cat":[36],"product_tag":[878,876,879,880,877],"class_list":{"0":"post-8186","1":"product","2":"type-product","3":"status-publish","4":"has-post-thumbnail","6":"product_brand-carbogel","7":"product_cat-materiais-de-consumo","8":"product_tag-massa-condutiva-eeg","9":"product_tag-massa-condutora","10":"product_tag-massa-condutora-emg","11":"product_tag-massa-condutora-psg","12":"product_tag-pasta-condutora-carbofix","13":"mbf-entry","15":"first","16":"outofstock","17":"sale","18":"shipping-taxable","19":"purchasable","20":"product-type-simple"},"_links":{"self":[{"href":"https:\/\/hospitalariars.com.br\/index.php\/wp-json\/wp\/v2\/product\/8186","targetHints":{"allow":["GET"]}}],"collection":[{"href":"https:\/\/hospitalariars.com.br\/index.php\/wp-json\/wp\/v2\/product"}],"about":[{"href":"https:\/\/hospitalariars.com.br\/index.php\/wp-json\/wp\/v2\/types\/product"}],"replies":[{"embeddable":true,"href":"https:\/\/hospitalariars.com.br\/index.php\/wp-json\/wp\/v2\/comments?post=8186"}],"wp:featuredmedia":[{"embeddable":true,"href":"https:\/\/hospitalariars.com.br\/index.php\/wp-json\/wp\/v2\/media\/8187"}],"wp:attachment":[{"href":"https:\/\/hospitalariars.com.br\/index.php\/wp-json\/wp\/v2\/media?parent=8186"}],"wp:term":[{"taxonomy":"product_brand","embeddable":true,"href":"https:\/\/hospitalariars.com.br\/index.php\/wp-json\/wp\/v2\/product_brand?post=8186"},{"taxonomy":"product_cat","embeddable":true,"href":"https:\/\/hospitalariars.com.br\/index.php\/wp-json\/wp\/v2\/product_cat?post=8186"},{"taxonomy":"product_tag","embeddable":true,"href":"https:\/\/hospitalariars.com.br\/index.php\/wp-json\/wp\/v2\/product_tag?post=8186"}],"curies":[{"name":"wp","href":"https:\/\/api.w.org\/{rel}","templated":true}]}}