{"id":8212,"date":"2025-07-01T11:36:51","date_gmt":"2025-07-01T14:36:51","guid":{"rendered":"https:\/\/hospitalariars.com.br\/?post_type=product&#038;p=8212"},"modified":"2026-03-27T16:03:36","modified_gmt":"2026-03-27T19:03:36","slug":"mesa-para-massagem-com-orificio-facial-e-cabeceira-movel-sthill-moveis","status":"publish","type":"product","link":"https:\/\/hospitalariars.com.br\/index.php\/produto\/mesa-para-massagem-com-orificio-facial-e-cabeceira-movel-sthill-moveis\/","title":{"rendered":"Mesa para Massagem com Orif\u00edcio Facial e Cabeceira M\u00f3vel &#8211; Sthill M\u00f3veis"},"content":{"rendered":"<p class=\"cvGsUA direction-ltr align-start para-style-body\"><span class=\"OYPEnA font-feature-liga-off font-feature-clig-off font-feature-calt-off text-decoration-none text-strikethrough-none\">Medidas: 1,80 m x 0,70 m x 0,80 m<\/span><\/p>\n<p class=\"cvGsUA direction-ltr align-start para-style-body\"><span class=\"OYPEnA font-feature-liga-off font-feature-clig-off font-feature-calt-off text-decoration-none text-strikethrough-none\">Com orif\u00edcio facial, proporcionando maior conforto durante o uso<\/span><\/p>\n<p class=\"cvGsUA direction-ltr align-start para-style-body\"><span class=\"OYPEnA font-feature-liga-off font-feature-clig-off font-feature-calt-off text-decoration-none text-strikethrough-none\">Cabeceira m\u00f3vel, ajust\u00e1vel conforme a necessidade do profissional e do paciente<\/span><\/p>\n<p class=\"cvGsUA direction-ltr align-start para-style-body\"><span class=\"OYPEnA font-feature-liga-off font-feature-clig-off font-feature-calt-off text-decoration-none text-strikethrough-none\">Estrutura est\u00e1vel e resistente, ideal para cl\u00ednicas, spas e consult\u00f3rios de fisioterapia<\/span><\/p>\n<p class=\"cvGsUA direction-ltr align-start para-style-body\"><span class=\"OYPEnA font-feature-liga-off font-feature-clig-off font-feature-calt-off text-decoration-none text-strikethrough-none\">Superf\u00edcie confort\u00e1vel e de f\u00e1cil higieniza\u00e7\u00e3o<\/span><\/p>\n","protected":false},"excerpt":{"rendered":"Medidas: 1,80 m x 0,70 m x 0,80 m Com orif\u00edcio facial, proporcionando maior conforto durante o uso&hellip;","protected":false},"featured_media":8213,"comment_status":"open","ping_status":"closed","template":"","meta":{"slim_seo":{"title":"Mesa para Massagem com Orif\u00edcio Facial e Cabeceira M\u00f3vel - Sthill M\u00f3veis - Hospitalaria RS","description":"Medidas: 1,80 m x 0,70 m x 0,80 m Com orif\u00edcio facial, proporcionando maior conforto durante o uso Cabeceira m\u00f3vel, ajust\u00e1vel conforme a necessidade do profissi"}},"product_brand":[881],"product_cat":[37],"product_tag":[],"class_list":{"0":"post-8212","1":"product","2":"type-product","3":"status-publish","4":"has-post-thumbnail","6":"product_brand-sthill-moveis","7":"product_cat-moveis-hospitalares","8":"mbf-entry","10":"first","11":"outofstock","12":"shipping-taxable","13":"product-type-simple"},"_links":{"self":[{"href":"https:\/\/hospitalariars.com.br\/index.php\/wp-json\/wp\/v2\/product\/8212","targetHints":{"allow":["GET"]}}],"collection":[{"href":"https:\/\/hospitalariars.com.br\/index.php\/wp-json\/wp\/v2\/product"}],"about":[{"href":"https:\/\/hospitalariars.com.br\/index.php\/wp-json\/wp\/v2\/types\/product"}],"replies":[{"embeddable":true,"href":"https:\/\/hospitalariars.com.br\/index.php\/wp-json\/wp\/v2\/comments?post=8212"}],"wp:featuredmedia":[{"embeddable":true,"href":"https:\/\/hospitalariars.com.br\/index.php\/wp-json\/wp\/v2\/media\/8213"}],"wp:attachment":[{"href":"https:\/\/hospitalariars.com.br\/index.php\/wp-json\/wp\/v2\/media?parent=8212"}],"wp:term":[{"taxonomy":"product_brand","embeddable":true,"href":"https:\/\/hospitalariars.com.br\/index.php\/wp-json\/wp\/v2\/product_brand?post=8212"},{"taxonomy":"product_cat","embeddable":true,"href":"https:\/\/hospitalariars.com.br\/index.php\/wp-json\/wp\/v2\/product_cat?post=8212"},{"taxonomy":"product_tag","embeddable":true,"href":"https:\/\/hospitalariars.com.br\/index.php\/wp-json\/wp\/v2\/product_tag?post=8212"}],"curies":[{"name":"wp","href":"https:\/\/api.w.org\/{rel}","templated":true}]}}

Mesa para Massagem com Orifício Facial e Cabeceira Móvel &#8211; Sthill Móveis

<p class="cvGsUA direction-ltr align-start para-style-body"><span class="OYPEnA font-feature-liga-off font-feature-clig-off font-feature-calt-off text-decoration-none text-strikethrough-none">Medidas: 1,80 m x 0,70 m x 0,80 m</span></p>
<p class="cvGsUA direction-ltr align-start para-style-body"><span class="OYPEnA font-feature-liga-off font-feature-clig-off font-feature-calt-off text-decoration-none text-strikethrough-none">Com orifício facial, proporcionando maior conforto durante o uso</span></p>
<p class="cvGsUA direction-ltr align-start para-style-body"><span class="OYPEnA font-feature-liga-off font-feature-clig-off font-feature-calt-off text-decoration-none text-strikethrough-none">Cabeceira móvel, ajustável conforme a necessidade do profissional e do paciente</span></p>
<p class="cvGsUA direction-ltr align-start para-style-body"><span class="OYPEnA font-feature-liga-off font-feature-clig-off font-feature-calt-off text-decoration-none text-strikethrough-none">Estrutura estável e resistente, ideal para clínicas, spas e consultórios de fisioterapia</span></p>
<p class="cvGsUA direction-ltr align-start para-style-body"><span class="OYPEnA font-feature-liga-off font-feature-clig-off font-feature-calt-off text-decoration-none text-strikethrough-none">Superfície confortável e de fácil higienização</span></p>

Medidas: 1,80 m x 0,70 m x 0,80 m Com orifício facial, proporcionando maior conforto durante o uso&hellip;

Mesa para Massagem com Orifício Facial e Cabeceira Móvel - Sthill Móveis - Hospitalaria RS

Medidas: 1,80 m x 0,70 m x 0,80 m Com orifício facial, proporcionando maior conforto durante o uso Cabeceira móvel, ajustável conforme a necessidade do profissi
