{"id":8231,"date":"2025-07-03T13:50:16","date_gmt":"2025-07-03T16:50:16","guid":{"rendered":"https:\/\/hospitalariars.com.br\/?post_type=product&#038;p=8231"},"modified":"2026-03-27T16:03:35","modified_gmt":"2026-03-27T19:03:35","slug":"placa-eletrocirurgica-dbi-med","status":"publish","type":"product","link":"https:\/\/hospitalariars.com.br\/index.php\/produto\/placa-eletrocirurgica-dbi-med\/","title":{"rendered":"Placa Eletrocir\u00fargica &#8211; DBI MED"},"content":{"rendered":"<p>S\u00e3o placas adesivas descart\u00e1veis que, fixadas ao corpo do<br \/>\npaciente, e conectadas a um equipamento de eletrocirurgia, tem<br \/>\na fun\u00e7\u00e3o de dispersar, ou aterrar a corrente el\u00e9trica provinda do<br \/>\nequipamento (atrav\u00e9s do uso da caneta eletrocir\u00fargica), durante<br \/>\no procedimento.<\/p>\n<p>&nbsp;<\/p>\n<p>omposi\u00e7\u00e3o T\u00e9cnica:<br \/>\nGel Condutor: Poliacrilato de S\u00f3dio, Propanetriol (Glicerina), \u00c1gua,<br \/>\nCloreto de Pot\u00e1ssio;<br \/>\nParte posterior de n\u00e3o-tecido: SMS = Spunbond x Meltblown,<br \/>\nN\u00e3o tecido, 80g\/m2;<br \/>\nL\u00e2mina de alum\u00ednio: Alum\u00ednio puro 0,02 mm de espessura;<br \/>\nAdesivo acr\u00edlico.<\/p>\n","protected":false},"excerpt":{"rendered":"S\u00e3o placas adesivas descart\u00e1veis que, fixadas ao corpo do paciente, e conectadas a um equipamento de eletrocirurgia, tem&hellip;","protected":false},"featured_media":8232,"comment_status":"open","ping_status":"closed","template":"","meta":{"slim_seo":{"title":"Placa Eletrocir\u00fargica - DBI MED - Hospitalaria RS","description":"S\u00e3o placas adesivas descart\u00e1veis que, fixadas ao corpo do paciente, e conectadas a um equipamento de eletrocirurgia, tem a fun\u00e7\u00e3o de dispersar, ou aterrar a cor"}},"product_brand":[973],"product_cat":[34,36],"product_tag":[974],"class_list":{"0":"post-8231","1":"product","2":"type-product","3":"status-publish","4":"has-post-thumbnail","6":"product_brand-dbi-med","7":"product_cat-equipamentos","8":"product_cat-materiais-de-consumo","9":"product_tag-placa-eletrocirurgica-placa-de-retorno-acessorio-eletrocirurgico-placa-adesiva-descartavel-eletrocirurgia","10":"mbf-entry","12":"first","13":"outofstock","14":"shipping-taxable","15":"product-type-variable"},"_links":{"self":[{"href":"https:\/\/hospitalariars.com.br\/index.php\/wp-json\/wp\/v2\/product\/8231","targetHints":{"allow":["GET"]}}],"collection":[{"href":"https:\/\/hospitalariars.com.br\/index.php\/wp-json\/wp\/v2\/product"}],"about":[{"href":"https:\/\/hospitalariars.com.br\/index.php\/wp-json\/wp\/v2\/types\/product"}],"replies":[{"embeddable":true,"href":"https:\/\/hospitalariars.com.br\/index.php\/wp-json\/wp\/v2\/comments?post=8231"}],"wp:featuredmedia":[{"embeddable":true,"href":"https:\/\/hospitalariars.com.br\/index.php\/wp-json\/wp\/v2\/media\/8232"}],"wp:attachment":[{"href":"https:\/\/hospitalariars.com.br\/index.php\/wp-json\/wp\/v2\/media?parent=8231"}],"wp:term":[{"taxonomy":"product_brand","embeddable":true,"href":"https:\/\/hospitalariars.com.br\/index.php\/wp-json\/wp\/v2\/product_brand?post=8231"},{"taxonomy":"product_cat","embeddable":true,"href":"https:\/\/hospitalariars.com.br\/index.php\/wp-json\/wp\/v2\/product_cat?post=8231"},{"taxonomy":"product_tag","embeddable":true,"href":"https:\/\/hospitalariars.com.br\/index.php\/wp-json\/wp\/v2\/product_tag?post=8231"}],"curies":[{"name":"wp","href":"https:\/\/api.w.org\/{rel}","templated":true}]}}