{"id":8262,"date":"2025-07-03T14:25:36","date_gmt":"2025-07-03T17:25:36","guid":{"rendered":"https:\/\/hospitalariars.com.br\/?post_type=product&#038;p=8262"},"modified":"2026-03-27T16:03:35","modified_gmt":"2026-03-27T19:03:35","slug":"aspirador-e-coagulador-eletrocirurgico-dbi-med","status":"publish","type":"product","link":"https:\/\/hospitalariars.com.br\/index.php\/produto\/aspirador-e-coagulador-eletrocirurgico-dbi-med\/","title":{"rendered":"Aspirador e Coagulador Eletrocir\u00fargico &#8211; Dbi Med"},"content":{"rendered":"<p>Promove a aspira\u00e7\u00e3o de fluidos e coagula\u00e7\u00e3o em procedimentos eletrocir\u00fargicos;<br \/>\nMaior efici\u00eancia durante procedimentos que requerem suc\u00e7\u00e3o<br \/>\nde fluido controlada;<br \/>\nC\u00e2nula flex\u00edvel, adapt\u00e1vel \u00e0s necessidades de cirurgias<br \/>\nespec\u00edficas;<br \/>\nTubo corrugado, para acoplar ao aspirador, possiblitando assim<br \/>\na suc\u00e7\u00e3o;<br \/>\nPermite que a aspira\u00e7\u00e3o e a coagula\u00e7\u00e3o sejam feitas de forma<br \/>\nindependente ou simult\u00e2nea;<br \/>\nConector universal (3 pinos);<br \/>\nProduto est\u00e9ril.<\/p>\n","protected":false},"excerpt":{"rendered":"Promove a aspira\u00e7\u00e3o de fluidos e coagula\u00e7\u00e3o em procedimentos eletrocir\u00fargicos; Maior efici\u00eancia durante procedimentos que requerem suc\u00e7\u00e3o de&hellip;","protected":false},"featured_media":8263,"comment_status":"open","ping_status":"closed","template":"","meta":{"slim_seo":{"title":"Aspirador e Coagulador Eletrocir\u00fargico - Dbi Med - Hospitalaria RS","description":"Promove a aspira\u00e7\u00e3o de fluidos e coagula\u00e7\u00e3o em procedimentos eletrocir\u00fargicos; Maior efici\u00eancia durante procedimentos que requerem suc\u00e7\u00e3o de fluido controlada;"}},"product_brand":[973],"product_cat":[34],"product_tag":[989,987,985,986,988],"class_list":{"0":"post-8262","1":"product","2":"type-product","3":"status-publish","4":"has-post-thumbnail","6":"product_brand-dbi-med","7":"product_cat-equipamentos","8":"product_tag-acessorio-cirurgico-com-conector-3-pinos","9":"product_tag-aspiracao-cirurgica-esteril","10":"product_tag-caneta-de-aspiracao-com-coagulacao","11":"product_tag-caneta-eletrocirurgica-com-succao","12":"product_tag-tubo-corrugado-para-aspiracao","13":"mbf-entry","15":"first","16":"outofstock","17":"shipping-taxable","18":"product-type-simple"},"_links":{"self":[{"href":"https:\/\/hospitalariars.com.br\/index.php\/wp-json\/wp\/v2\/product\/8262","targetHints":{"allow":["GET"]}}],"collection":[{"href":"https:\/\/hospitalariars.com.br\/index.php\/wp-json\/wp\/v2\/product"}],"about":[{"href":"https:\/\/hospitalariars.com.br\/index.php\/wp-json\/wp\/v2\/types\/product"}],"replies":[{"embeddable":true,"href":"https:\/\/hospitalariars.com.br\/index.php\/wp-json\/wp\/v2\/comments?post=8262"}],"wp:featuredmedia":[{"embeddable":true,"href":"https:\/\/hospitalariars.com.br\/index.php\/wp-json\/wp\/v2\/media\/8263"}],"wp:attachment":[{"href":"https:\/\/hospitalariars.com.br\/index.php\/wp-json\/wp\/v2\/media?parent=8262"}],"wp:term":[{"taxonomy":"product_brand","embeddable":true,"href":"https:\/\/hospitalariars.com.br\/index.php\/wp-json\/wp\/v2\/product_brand?post=8262"},{"taxonomy":"product_cat","embeddable":true,"href":"https:\/\/hospitalariars.com.br\/index.php\/wp-json\/wp\/v2\/product_cat?post=8262"},{"taxonomy":"product_tag","embeddable":true,"href":"https:\/\/hospitalariars.com.br\/index.php\/wp-json\/wp\/v2\/product_tag?post=8262"}],"curies":[{"name":"wp","href":"https:\/\/api.w.org\/{rel}","templated":true}]}}