{"id":8291,"date":"2025-07-03T15:11:47","date_gmt":"2025-07-03T18:11:47","guid":{"rendered":"https:\/\/hospitalariars.com.br\/?post_type=product&#038;p=8291"},"modified":"2026-03-27T16:03:35","modified_gmt":"2026-03-27T19:03:35","slug":"trocartes-dbi-med","status":"publish","type":"product","link":"https:\/\/hospitalariars.com.br\/index.php\/produto\/trocartes-dbi-med\/","title":{"rendered":"Trocartes &#8211; Dbi Med"},"content":{"rendered":"<p>Os Trocartes Descart\u00e1veis Bluepad s\u00e3o dispositivos m\u00e9dicos<br \/>\nutilizados em cirurgias minimamente invasivas, para criar<br \/>\nacessos na cavidade abdominal e permitir a introdu\u00e7\u00e3o<br \/>\nde instrumentos e c\u00e2mera \u00f3ptica.<\/p>\n<p data-start=\"64\" data-end=\"104\">Composto de material PC biocompat\u00edvel<\/p>\n<p data-start=\"107\" data-end=\"137\">Haste com design ergon\u00f4mico<\/p>\n<p data-start=\"140\" data-end=\"225\">C\u00e2nula com design em parafuso para melhorar a for\u00e7a de fixa\u00e7\u00e3o na parede abdominal<\/p>\n<p data-start=\"228\" data-end=\"256\">Veda\u00e7\u00e3o em dupla membrana<\/p>\n<p data-start=\"259\" data-end=\"288\">Com ou sem l\u00e2mina e \u00f3ptico<\/p>\n<p data-start=\"291\" data-end=\"314\">Embalagem individual<\/p>\n<p data-start=\"317\" data-end=\"339\">Caixa com 20 unidades<\/p>\n","protected":false},"excerpt":{"rendered":"Os Trocartes Descart\u00e1veis Bluepad s\u00e3o dispositivos m\u00e9dicos utilizados em cirurgias minimamente invasivas, para criar acessos na cavidade abdominal&hellip;","protected":false},"featured_media":8292,"comment_status":"open","ping_status":"closed","template":"","meta":{"slim_seo":{"title":"Trocartes - Dbi Med - Hospitalaria RS","description":"Os Trocartes Descart\u00e1veis Bluepad s\u00e3o dispositivos m\u00e9dicos utilizados em cirurgias minimamente invasivas, para criar acessos na cavidade abdominal e permitir a"}},"product_brand":[973],"product_cat":[975],"product_tag":[1007,1006,1008,1009,1005],"class_list":{"0":"post-8291","1":"product","2":"type-product","3":"status-publish","4":"has-post-thumbnail","6":"product_brand-dbi-med","7":"product_cat-acessorios","8":"product_tag-acesso-abdominal-com-vedacao","9":"product_tag-cirurgia-minimamente-invasiva","10":"product_tag-trocarte-com-canula-rosqueada","11":"product_tag-trocarte-com-ou-sem-lamina","12":"product_tag-trocarte-descartavel","13":"mbf-entry","15":"first","16":"outofstock","17":"shipping-taxable","18":"product-type-variable"},"_links":{"self":[{"href":"https:\/\/hospitalariars.com.br\/index.php\/wp-json\/wp\/v2\/product\/8291","targetHints":{"allow":["GET"]}}],"collection":[{"href":"https:\/\/hospitalariars.com.br\/index.php\/wp-json\/wp\/v2\/product"}],"about":[{"href":"https:\/\/hospitalariars.com.br\/index.php\/wp-json\/wp\/v2\/types\/product"}],"replies":[{"embeddable":true,"href":"https:\/\/hospitalariars.com.br\/index.php\/wp-json\/wp\/v2\/comments?post=8291"}],"wp:featuredmedia":[{"embeddable":true,"href":"https:\/\/hospitalariars.com.br\/index.php\/wp-json\/wp\/v2\/media\/8292"}],"wp:attachment":[{"href":"https:\/\/hospitalariars.com.br\/index.php\/wp-json\/wp\/v2\/media?parent=8291"}],"wp:term":[{"taxonomy":"product_brand","embeddable":true,"href":"https:\/\/hospitalariars.com.br\/index.php\/wp-json\/wp\/v2\/product_brand?post=8291"},{"taxonomy":"product_cat","embeddable":true,"href":"https:\/\/hospitalariars.com.br\/index.php\/wp-json\/wp\/v2\/product_cat?post=8291"},{"taxonomy":"product_tag","embeddable":true,"href":"https:\/\/hospitalariars.com.br\/index.php\/wp-json\/wp\/v2\/product_tag?post=8291"}],"curies":[{"name":"wp","href":"https:\/\/api.w.org\/{rel}","templated":true}]}}