{"id":8398,"date":"2025-07-04T14:41:54","date_gmt":"2025-07-04T17:41:54","guid":{"rendered":"https:\/\/hospitalariars.com.br\/?post_type=product&#038;p=8398"},"modified":"2026-03-27T16:03:33","modified_gmt":"2026-03-27T19:03:33","slug":"circuito-respiratorio-adulto-com-drenos-e-linha-proximal-haoxi","status":"publish","type":"product","link":"https:\/\/hospitalariars.com.br\/index.php\/produto\/circuito-respiratorio-adulto-com-drenos-e-linha-proximal-haoxi\/","title":{"rendered":"Circuito Respirat\u00f3rio Adulto com Drenos e Linha Proximal &#8211; Haoxi"},"content":{"rendered":"<p data-start=\"237\" data-end=\"471\"><strong data-start=\"237\" data-end=\"251\">Descri\u00e7\u00e3o:<\/strong><br data-start=\"251\" data-end=\"254\" \/>O Circuito Respirat\u00f3rio Adulto Haoxi com drenos e linha proximal \u00e9 indicado para uso em ventiladores mec\u00e2nicos e aparelhos de anestesia, proporcionando ventila\u00e7\u00e3o segura, eficiente e monitorada em pacientes adultos.<\/p>\n<p data-start=\"473\" data-end=\"755\">Este modelo conta com <strong data-start=\"495\" data-end=\"519\">drenos de condensado<\/strong>, que evitam o ac\u00famulo de umidade nos tubos, e <strong data-start=\"566\" data-end=\"584\">linha proximal<\/strong>, permitindo o monitoramento preciso da press\u00e3o e fluxo respirat\u00f3rio junto ao paciente \u2014 ideal para UTI, centro cir\u00fargico e ambientes que exigem controle cl\u00ednico rigoroso.<\/p>\n<p data-start=\"757\" data-end=\"785\"><strong data-start=\"757\" data-end=\"785\">Especifica\u00e7\u00f5es T\u00e9cnicas:<\/strong><\/p>\n<ul data-start=\"787\" data-end=\"1104\">\n<li data-start=\"787\" data-end=\"816\">\n<p data-start=\"789\" data-end=\"816\"><strong data-start=\"789\" data-end=\"803\">Indica\u00e7\u00e3o:<\/strong> Uso adulto<\/p>\n<\/li>\n<li data-start=\"817\" data-end=\"866\">\n<p data-start=\"819\" data-end=\"866\"><strong data-start=\"819\" data-end=\"836\">Configura\u00e7\u00e3o:<\/strong> Com drenos e linha proximal<\/p>\n<\/li>\n<li data-start=\"867\" data-end=\"933\">\n<p data-start=\"869\" data-end=\"933\"><strong data-start=\"869\" data-end=\"882\">Material:<\/strong> Tubo corrugado flex\u00edvel, at\u00f3xico, livre de l\u00e1tex<\/p>\n<\/li>\n<li data-start=\"934\" data-end=\"1006\">\n<p data-start=\"936\" data-end=\"1006\"><strong data-start=\"936\" data-end=\"956\">Compatibilidade:<\/strong> Ventiladores mec\u00e2nicos e aparelhos de anestesia<\/p>\n<\/li>\n<li data-start=\"1007\" data-end=\"1034\">\n<p data-start=\"1009\" data-end=\"1034\"><strong data-start=\"1009\" data-end=\"1017\">Uso:<\/strong> \u00danico, est\u00e9ril<\/p>\n<\/li>\n<li data-start=\"1035\" data-end=\"1055\">\n<p data-start=\"1037\" data-end=\"1055\"><strong data-start=\"1037\" data-end=\"1047\">Marca:<\/strong> Haoxi<\/p>\n<\/li>\n<\/ul>\n","protected":false},"excerpt":{"rendered":"Descri\u00e7\u00e3o:O Circuito Respirat\u00f3rio Adulto Haoxi com drenos e linha proximal \u00e9 indicado para uso em ventiladores mec\u00e2nicos e&hellip;","protected":false},"featured_media":8399,"comment_status":"open","ping_status":"closed","template":"","meta":{"slim_seo":{"title":"Circuito Respirat\u00f3rio Adulto com Drenos e Linha Proximal - Haoxi - Hospitalaria RS","description":"Descri\u00e7\u00e3o: O Circuito Respirat\u00f3rio Adulto Haoxi com drenos e linha proximal \u00e9 indicado para uso em ventiladores mec\u00e2nicos e aparelhos de anestesia, proporcionan"}},"product_brand":[1065],"product_cat":[38],"product_tag":[1112,1130,1134,1136,1078,1073,1042,1138,1141,1137],"class_list":{"0":"post-8398","1":"product","2":"type-product","3":"status-publish","4":"has-post-thumbnail","6":"product_brand-haoxi","7":"product_cat-oxigenoterapia","8":"product_tag-anestesia","9":"product_tag-circuito-com-drenos","10":"product_tag-circuito-esteril","11":"product_tag-circuito-respiratorio-adulto","12":"product_tag-equipamento-respiratorio","13":"product_tag-haoxi","14":"product_tag-latex-free","15":"product_tag-linha-proximal","16":"product_tag-uti","17":"product_tag-ventilacao-mecanica","18":"mbf-entry","20":"first","21":"outofstock","22":"shipping-taxable","23":"purchasable","24":"product-type-simple"},"_links":{"self":[{"href":"https:\/\/hospitalariars.com.br\/index.php\/wp-json\/wp\/v2\/product\/8398","targetHints":{"allow":["GET"]}}],"collection":[{"href":"https:\/\/hospitalariars.com.br\/index.php\/wp-json\/wp\/v2\/product"}],"about":[{"href":"https:\/\/hospitalariars.com.br\/index.php\/wp-json\/wp\/v2\/types\/product"}],"replies":[{"embeddable":true,"href":"https:\/\/hospitalariars.com.br\/index.php\/wp-json\/wp\/v2\/comments?post=8398"}],"wp:featuredmedia":[{"embeddable":true,"href":"https:\/\/hospitalariars.com.br\/index.php\/wp-json\/wp\/v2\/media\/8399"}],"wp:attachment":[{"href":"https:\/\/hospitalariars.com.br\/index.php\/wp-json\/wp\/v2\/media?parent=8398"}],"wp:term":[{"taxonomy":"product_brand","embeddable":true,"href":"https:\/\/hospitalariars.com.br\/index.php\/wp-json\/wp\/v2\/product_brand?post=8398"},{"taxonomy":"product_cat","embeddable":true,"href":"https:\/\/hospitalariars.com.br\/index.php\/wp-json\/wp\/v2\/product_cat?post=8398"},{"taxonomy":"product_tag","embeddable":true,"href":"https:\/\/hospitalariars.com.br\/index.php\/wp-json\/wp\/v2\/product_tag?post=8398"}],"curies":[{"name":"wp","href":"https:\/\/api.w.org\/{rel}","templated":true}]}}