{"id":8402,"date":"2025-07-04T14:47:31","date_gmt":"2025-07-04T17:47:31","guid":{"rendered":"https:\/\/hospitalariars.com.br\/?post_type=product&#038;p=8402"},"modified":"2026-03-27T16:03:33","modified_gmt":"2026-03-27T19:03:33","slug":"circuito-respiratorio-para-anestesia-infantil-neonatal-completo-com-2-traqueias-de-1200mm-haoxi","status":"publish","type":"product","link":"https:\/\/hospitalariars.com.br\/index.php\/produto\/circuito-respiratorio-para-anestesia-infantil-neonatal-completo-com-2-traqueias-de-1200mm-haoxi\/","title":{"rendered":"Circuito Respirat\u00f3rio para Anestesia Infantil\/Neonatal Completo com 2 Traqueias de 1200mm \u2013 Haoxi"},"content":{"rendered":"<p data-start=\"303\" data-end=\"520\"><strong data-start=\"303\" data-end=\"317\">Descri\u00e7\u00e3o:<\/strong><br data-start=\"317\" data-end=\"320\" \/>O Circuito Respirat\u00f3rio Haoxi para anestesia infantil\/neonatal \u00e9 especialmente desenvolvido para garantir seguran\u00e7a e efic\u00e1cia na condu\u00e7\u00e3o dos gases anest\u00e9sicos em pacientes pedi\u00e1tricos e neonatais.<\/p>\n<p data-start=\"522\" data-end=\"716\">Este modelo completo possui <strong data-start=\"550\" data-end=\"579\">duas traqueias de 1200 mm<\/strong> cada, proporcionando flexibilidade e conforto durante os procedimentos, al\u00e9m de ser compat\u00edvel com os principais aparelhos de anestesia.<\/p>\n<p data-start=\"718\" data-end=\"852\">Fabricado com materiais at\u00f3xicos, livres de l\u00e1tex, e esterilizado para uso \u00fanico, oferece m\u00e1xima seguran\u00e7a e reduz riscos de infec\u00e7\u00e3o.<\/p>\n<p data-start=\"854\" data-end=\"882\"><strong data-start=\"854\" data-end=\"882\">Especifica\u00e7\u00f5es T\u00e9cnicas:<\/strong><\/p>\n<ul data-start=\"884\" data-end=\"1189\">\n<li data-start=\"884\" data-end=\"936\">\n<p data-start=\"886\" data-end=\"936\"><strong data-start=\"886\" data-end=\"900\">Indica\u00e7\u00e3o:<\/strong> Uso infantil\/neonatal \u2013 anestesia<\/p>\n<\/li>\n<li data-start=\"937\" data-end=\"980\">\n<p data-start=\"939\" data-end=\"980\"><strong data-start=\"939\" data-end=\"955\">Componentes:<\/strong> 2 traqueias de 1200 mm<\/p>\n<\/li>\n<li data-start=\"981\" data-end=\"1022\">\n<p data-start=\"983\" data-end=\"1022\"><strong data-start=\"983\" data-end=\"996\">Material:<\/strong> At\u00f3xico, livre de l\u00e1tex<\/p>\n<\/li>\n<li data-start=\"1023\" data-end=\"1091\">\n<p data-start=\"1025\" data-end=\"1091\"><strong data-start=\"1025\" data-end=\"1045\">Compatibilidade:<\/strong> Equipamentos padr\u00e3o de anestesia hospitalar<\/p>\n<\/li>\n<li data-start=\"1092\" data-end=\"1119\">\n<p data-start=\"1094\" data-end=\"1119\"><strong data-start=\"1094\" data-end=\"1102\">Uso:<\/strong> \u00danico, est\u00e9ril<\/p>\n<\/li>\n<li data-start=\"1120\" data-end=\"1140\">\n<p data-start=\"1122\" data-end=\"1140\"><strong data-start=\"1122\" data-end=\"1132\">Marca:<\/strong> Haoxi<\/p>\n<\/li>\n<\/ul>\n","protected":false},"excerpt":{"rendered":"Descri\u00e7\u00e3o:O Circuito Respirat\u00f3rio Haoxi para anestesia infantil\/neonatal \u00e9 especialmente desenvolvido para garantir seguran\u00e7a e efic\u00e1cia na condu\u00e7\u00e3o dos&hellip;","protected":false},"featured_media":8403,"comment_status":"open","ping_status":"closed","template":"","meta":{"slim_seo":{"title":"Circuito Respirat\u00f3rio para Anestesia Infantil\/Neonatal Completo com 2 Traqueias de 1200mm \u2013 Haoxi - Hospitalaria RS","description":"Descri\u00e7\u00e3o: O Circuito Respirat\u00f3rio Haoxi para anestesia infantil\/neonatal \u00e9 especialmente desenvolvido para garantir seguran\u00e7a e efic\u00e1cia na condu\u00e7\u00e3o dos gases"}},"product_brand":[1065],"product_cat":[38],"product_tag":[1150,1134,1148,1144,1151,1073,1042,1149,208],"class_list":{"0":"post-8402","1":"product","2":"type-product","3":"status-publish","4":"has-post-thumbnail","6":"product_brand-haoxi","7":"product_cat-oxigenoterapia","8":"product_tag-circuito-completo","9":"product_tag-circuito-esteril","10":"product_tag-circuito-respiratorio-anestesia-infantil","11":"product_tag-duas-traqueias-1200mm","12":"product_tag-equipamento-anestesia-pediatrica","13":"product_tag-haoxi","14":"product_tag-latex-free","15":"product_tag-neonatal","16":"product_tag-uso-hospitalar","17":"mbf-entry","19":"first","20":"outofstock","21":"shipping-taxable","22":"purchasable","23":"product-type-simple"},"_links":{"self":[{"href":"https:\/\/hospitalariars.com.br\/index.php\/wp-json\/wp\/v2\/product\/8402","targetHints":{"allow":["GET"]}}],"collection":[{"href":"https:\/\/hospitalariars.com.br\/index.php\/wp-json\/wp\/v2\/product"}],"about":[{"href":"https:\/\/hospitalariars.com.br\/index.php\/wp-json\/wp\/v2\/types\/product"}],"replies":[{"embeddable":true,"href":"https:\/\/hospitalariars.com.br\/index.php\/wp-json\/wp\/v2\/comments?post=8402"}],"wp:featuredmedia":[{"embeddable":true,"href":"https:\/\/hospitalariars.com.br\/index.php\/wp-json\/wp\/v2\/media\/8403"}],"wp:attachment":[{"href":"https:\/\/hospitalariars.com.br\/index.php\/wp-json\/wp\/v2\/media?parent=8402"}],"wp:term":[{"taxonomy":"product_brand","embeddable":true,"href":"https:\/\/hospitalariars.com.br\/index.php\/wp-json\/wp\/v2\/product_brand?post=8402"},{"taxonomy":"product_cat","embeddable":true,"href":"https:\/\/hospitalariars.com.br\/index.php\/wp-json\/wp\/v2\/product_cat?post=8402"},{"taxonomy":"product_tag","embeddable":true,"href":"https:\/\/hospitalariars.com.br\/index.php\/wp-json\/wp\/v2\/product_tag?post=8402"}],"curies":[{"name":"wp","href":"https:\/\/api.w.org\/{rel}","templated":true}]}}