{"id":8427,"date":"2025-07-04T17:28:36","date_gmt":"2025-07-04T20:28:36","guid":{"rendered":"https:\/\/hospitalariars.com.br\/?post_type=product&#038;p=8427"},"modified":"2026-03-27T16:03:32","modified_gmt":"2026-03-27T19:03:32","slug":"conector-reto-22-ext-x-27-ext-x-15-int-haoxi","status":"publish","type":"product","link":"https:\/\/hospitalariars.com.br\/index.php\/produto\/conector-reto-22-ext-x-27-ext-x-15-int-haoxi\/","title":{"rendered":"Conector Reto 22 Ext. x 27 Ext. x 15 Int. \u2013 Haoxi"},"content":{"rendered":"<p data-start=\"207\" data-end=\"361\"><strong data-start=\"207\" data-end=\"221\">Descri\u00e7\u00e3o:<\/strong><br data-start=\"221\" data-end=\"224\" \/>O Conector Reto Haoxi \u00e9 um acess\u00f3rio utilizado em circuitos respirat\u00f3rios, ideal para procedimentos de ventila\u00e7\u00e3o mec\u00e2nica e anestesia.<\/p>\n<p data-start=\"363\" data-end=\"424\">Este modelo possui tr\u00eas conex\u00f5es com medidas diferenciadas:<\/p>\n<ul data-start=\"425\" data-end=\"493\">\n<li data-start=\"425\" data-end=\"447\">\n<p data-start=\"427\" data-end=\"447\"><strong data-start=\"427\" data-end=\"444\">22 mm externo<\/strong>,<\/p>\n<\/li>\n<li data-start=\"448\" data-end=\"470\">\n<p data-start=\"450\" data-end=\"470\"><strong data-start=\"450\" data-end=\"467\">27 mm externo<\/strong>,<\/p>\n<\/li>\n<li data-start=\"471\" data-end=\"493\">\n<p data-start=\"473\" data-end=\"493\"><strong data-start=\"473\" data-end=\"490\">15 mm interno<\/strong>,<\/p>\n<\/li>\n<\/ul>\n<p data-start=\"495\" data-end=\"570\">permitindo adapta\u00e7\u00e3o entre componentes com diferentes padr\u00f5es de encaixe.<\/p>\n<p data-start=\"572\" data-end=\"756\">Fabricado em material <strong data-start=\"594\" data-end=\"605\">at\u00f3xico<\/strong> e <strong data-start=\"608\" data-end=\"626\">livre de l\u00e1tex<\/strong>, proporciona veda\u00e7\u00e3o segura e compatibilidade com traqueias, v\u00e1lvulas e m\u00e1scaras utilizadas em ambientes cl\u00ednicos e hospitalares.<\/p>\n<p data-start=\"758\" data-end=\"786\"><strong data-start=\"758\" data-end=\"786\">Especifica\u00e7\u00f5es T\u00e9cnicas:<\/strong><\/p>\n<ul data-start=\"788\" data-end=\"1056\">\n<li data-start=\"788\" data-end=\"827\">\n<p data-start=\"790\" data-end=\"827\"><strong data-start=\"790\" data-end=\"799\">Tipo:<\/strong> Conector reto multipadr\u00e3o<\/p>\n<\/li>\n<li data-start=\"828\" data-end=\"882\">\n<p data-start=\"830\" data-end=\"882\"><strong data-start=\"830\" data-end=\"843\">Conex\u00f5es:<\/strong> 22 mm ext. x 27 mm ext. x 15 mm int.<\/p>\n<\/li>\n<li data-start=\"883\" data-end=\"944\">\n<p data-start=\"885\" data-end=\"944\"><strong data-start=\"885\" data-end=\"899\">Aplica\u00e7\u00e3o:<\/strong> Circuitos respirat\u00f3rios adulto ou infantil<\/p>\n<\/li>\n<li data-start=\"945\" data-end=\"986\">\n<p data-start=\"947\" data-end=\"986\"><strong data-start=\"947\" data-end=\"960\">Material:<\/strong> At\u00f3xico, livre de l\u00e1tex<\/p>\n<\/li>\n<li data-start=\"987\" data-end=\"1007\">\n<p data-start=\"989\" data-end=\"1007\"><strong data-start=\"989\" data-end=\"999\">Marca:<\/strong> Haoxi<\/p>\n<\/li>\n<\/ul>\n","protected":false},"excerpt":{"rendered":"Descri\u00e7\u00e3o:O Conector Reto Haoxi \u00e9 um acess\u00f3rio utilizado em circuitos respirat\u00f3rios, ideal para procedimentos de ventila\u00e7\u00e3o mec\u00e2nica e&hellip;","protected":false},"featured_media":8428,"comment_status":"open","ping_status":"closed","template":"","meta":{"slim_seo":{"title":"Conector Reto 22 Ext. x 27 Ext. x 15 Int. \u2013 Haoxi - Hospitalaria RS","description":"Descri\u00e7\u00e3o: O Conector Reto Haoxi \u00e9 um acess\u00f3rio utilizado em circuitos respirat\u00f3rios, ideal para procedimentos de ventila\u00e7\u00e3o mec\u00e2nica e anestesia. Este modelo p"}},"product_brand":[1065],"product_cat":[38],"product_tag":[1193,1167,1194,1178,1192,1071,1042,1195,1137],"class_list":{"0":"post-8427","1":"product","2":"type-product","3":"status-publish","4":"has-post-thumbnail","6":"product_brand-haoxi","7":"product_cat-oxigenoterapia","8":"product_tag-22mm-x-27mm-x-15mm","9":"product_tag-acessorio-respiratorio","10":"product_tag-adaptacao-de-conexoes","11":"product_tag-circuito-de-anestesia","12":"product_tag-conector-reto-haoxi","13":"product_tag-equipamento-hospitalar","14":"product_tag-latex-free","15":"product_tag-respiratorio-adulto-e-infantil","16":"product_tag-ventilacao-mecanica","17":"mbf-entry","19":"first","20":"outofstock","21":"shipping-taxable","22":"purchasable","23":"product-type-simple"},"_links":{"self":[{"href":"https:\/\/hospitalariars.com.br\/index.php\/wp-json\/wp\/v2\/product\/8427","targetHints":{"allow":["GET"]}}],"collection":[{"href":"https:\/\/hospitalariars.com.br\/index.php\/wp-json\/wp\/v2\/product"}],"about":[{"href":"https:\/\/hospitalariars.com.br\/index.php\/wp-json\/wp\/v2\/types\/product"}],"replies":[{"embeddable":true,"href":"https:\/\/hospitalariars.com.br\/index.php\/wp-json\/wp\/v2\/comments?post=8427"}],"wp:featuredmedia":[{"embeddable":true,"href":"https:\/\/hospitalariars.com.br\/index.php\/wp-json\/wp\/v2\/media\/8428"}],"wp:attachment":[{"href":"https:\/\/hospitalariars.com.br\/index.php\/wp-json\/wp\/v2\/media?parent=8427"}],"wp:term":[{"taxonomy":"product_brand","embeddable":true,"href":"https:\/\/hospitalariars.com.br\/index.php\/wp-json\/wp\/v2\/product_brand?post=8427"},{"taxonomy":"product_cat","embeddable":true,"href":"https:\/\/hospitalariars.com.br\/index.php\/wp-json\/wp\/v2\/product_cat?post=8427"},{"taxonomy":"product_tag","embeddable":true,"href":"https:\/\/hospitalariars.com.br\/index.php\/wp-json\/wp\/v2\/product_tag?post=8427"}],"curies":[{"name":"wp","href":"https:\/\/api.w.org\/{rel}","templated":true}]}}