{"id":8433,"date":"2025-07-04T17:33:09","date_gmt":"2025-07-04T20:33:09","guid":{"rendered":"https:\/\/hospitalariars.com.br\/?post_type=product&#038;p=8433"},"modified":"2026-03-27T16:03:32","modified_gmt":"2026-03-27T19:03:32","slug":"reanimador-manual-haoxi-sil-autoclavavel-com-reservatorio-e-mascara-vni-n5-adulto-g-haoxi","status":"publish","type":"product","link":"https:\/\/hospitalariars.com.br\/index.php\/produto\/reanimador-manual-haoxi-sil-autoclavavel-com-reservatorio-e-mascara-vni-n5-adulto-g-haoxi\/","title":{"rendered":"Reanimador Manual Sil Autoclav\u00e1vel com Reservat\u00f3rio e M\u00e1scara VNI N5 &#8211; Adulto (G) &#8211; Haoxi"},"content":{"rendered":"<p data-start=\"275\" data-end=\"468\"><strong data-start=\"275\" data-end=\"289\">Descri\u00e7\u00e3o:<\/strong><br data-start=\"289\" data-end=\"292\" \/>O Reanimador Manual Haoxi \u00e9 um dispositivo essencial para suporte ventilat\u00f3rio em situa\u00e7\u00f5es de emerg\u00eancia, utilizado em procedimentos de ressuscita\u00e7\u00e3o e ventila\u00e7\u00e3o assistida.<\/p>\n<p data-start=\"470\" data-end=\"789\">Este modelo \u00e9 <strong data-start=\"484\" data-end=\"500\">autoclav\u00e1vel<\/strong>, permitindo esteriliza\u00e7\u00e3o segura para m\u00faltiplos usos, e possui <strong data-start=\"564\" data-end=\"592\">reservat\u00f3rio de oxig\u00eanio<\/strong>, garantindo maior efici\u00eancia na oxigena\u00e7\u00e3o do paciente. Acompanha m\u00e1scara do tipo <strong data-start=\"675\" data-end=\"719\">Ventila\u00e7\u00e3o N\u00e3o Invasiva (VNI) tamanho N5<\/strong>, indicada para adultos, que proporciona veda\u00e7\u00e3o confort\u00e1vel e eficaz.<\/p>\n<p data-start=\"791\" data-end=\"895\">Produzido em material resistente, com componentes em silicone que garantem flexibilidade e durabilidade.<\/p>\n<p data-start=\"897\" data-end=\"925\"><strong data-start=\"897\" data-end=\"925\">Especifica\u00e7\u00f5es T\u00e9cnicas:<\/strong><\/p>\n<ul data-start=\"927\" data-end=\"1279\">\n<li data-start=\"927\" data-end=\"971\">\n<p data-start=\"929\" data-end=\"971\"><strong data-start=\"929\" data-end=\"938\">Tipo:<\/strong> Reanimador manual autoclav\u00e1vel<\/p>\n<\/li>\n<li data-start=\"972\" data-end=\"1027\">\n<p data-start=\"974\" data-end=\"1027\"><strong data-start=\"974\" data-end=\"987\">Material:<\/strong> Silicone (sil), resistente e flex\u00edvel<\/p>\n<\/li>\n<li data-start=\"1028\" data-end=\"1093\">\n<p data-start=\"1030\" data-end=\"1093\"><strong data-start=\"1030\" data-end=\"1047\">Reservat\u00f3rio:<\/strong> Incluso para maior concentra\u00e7\u00e3o de oxig\u00eanio<\/p>\n<\/li>\n<li data-start=\"1094\" data-end=\"1142\">\n<p data-start=\"1096\" data-end=\"1142\"><strong data-start=\"1096\" data-end=\"1108\">M\u00e1scara:<\/strong> VNI tamanho N5, adulto (grande)<\/p>\n<\/li>\n<li data-start=\"1143\" data-end=\"1209\">\n<p data-start=\"1145\" data-end=\"1209\"><strong data-start=\"1145\" data-end=\"1159\">Aplica\u00e7\u00e3o:<\/strong> Suporte ventilat\u00f3rio em emerg\u00eancias e anestesia<\/p>\n<\/li>\n<li data-start=\"1210\" data-end=\"1230\">\n<p data-start=\"1212\" data-end=\"1230\"><strong data-start=\"1212\" data-end=\"1222\">Marca:<\/strong> Haoxi<\/p>\n<\/li>\n<\/ul>\n","protected":false},"excerpt":{"rendered":"Descri\u00e7\u00e3o:O Reanimador Manual Haoxi \u00e9 um dispositivo essencial para suporte ventilat\u00f3rio em situa\u00e7\u00f5es de emerg\u00eancia, utilizado em procedimentos&hellip;","protected":false},"featured_media":8434,"comment_status":"open","ping_status":"closed","template":"","meta":{"slim_seo":{"title":"Reanimador Manual Sil Autoclav\u00e1vel com Reservat\u00f3rio e M\u00e1scara VNI N5 - Adulto (G) - Haoxi - Hospitalaria RS","description":"Descri\u00e7\u00e3o: O Reanimador Manual Haoxi \u00e9 um dispositivo essencial para suporte ventilat\u00f3rio em situa\u00e7\u00f5es de emerg\u00eancia, utilizado em procedimentos de ressuscita\u00e7\u00e3"}},"product_brand":[1065],"product_cat":[38],"product_tag":[1206,1201,1208,1071,1073,1204,1200,1203,1202,1207,1205],"class_list":{"0":"post-8433","1":"product","2":"type-product","3":"status-publish","4":"has-post-thumbnail","6":"product_brand-haoxi","7":"product_cat-oxigenoterapia","8":"product_tag-adulto","9":"product_tag-autoclavavel","10":"product_tag-emergencia","11":"product_tag-equipamento-hospitalar","12":"product_tag-haoxi","13":"product_tag-mascara-vni","14":"product_tag-reanimador-manual","15":"product_tag-reservatorio-de-oxigenio","16":"product_tag-silicone","17":"product_tag-suporte-ventilatorio","18":"product_tag-tamanho-n5","19":"mbf-entry","21":"first","22":"outofstock","23":"shipping-taxable","24":"purchasable","25":"product-type-simple"},"_links":{"self":[{"href":"https:\/\/hospitalariars.com.br\/index.php\/wp-json\/wp\/v2\/product\/8433","targetHints":{"allow":["GET"]}}],"collection":[{"href":"https:\/\/hospitalariars.com.br\/index.php\/wp-json\/wp\/v2\/product"}],"about":[{"href":"https:\/\/hospitalariars.com.br\/index.php\/wp-json\/wp\/v2\/types\/product"}],"replies":[{"embeddable":true,"href":"https:\/\/hospitalariars.com.br\/index.php\/wp-json\/wp\/v2\/comments?post=8433"}],"wp:featuredmedia":[{"embeddable":true,"href":"https:\/\/hospitalariars.com.br\/index.php\/wp-json\/wp\/v2\/media\/8434"}],"wp:attachment":[{"href":"https:\/\/hospitalariars.com.br\/index.php\/wp-json\/wp\/v2\/media?parent=8433"}],"wp:term":[{"taxonomy":"product_brand","embeddable":true,"href":"https:\/\/hospitalariars.com.br\/index.php\/wp-json\/wp\/v2\/product_brand?post=8433"},{"taxonomy":"product_cat","embeddable":true,"href":"https:\/\/hospitalariars.com.br\/index.php\/wp-json\/wp\/v2\/product_cat?post=8433"},{"taxonomy":"product_tag","embeddable":true,"href":"https:\/\/hospitalariars.com.br\/index.php\/wp-json\/wp\/v2\/product_tag?post=8433"}],"curies":[{"name":"wp","href":"https:\/\/api.w.org\/{rel}","templated":true}]}}