{"id":8442,"date":"2025-07-04T17:41:48","date_gmt":"2025-07-04T20:41:48","guid":{"rendered":"https:\/\/hospitalariars.com.br\/?post_type=product&#038;p=8442"},"modified":"2026-03-27T16:03:31","modified_gmt":"2026-03-27T19:03:31","slug":"mascara-em-silicone-no-0-prematuro-haoxi","status":"publish","type":"product","link":"https:\/\/hospitalariars.com.br\/index.php\/produto\/mascara-em-silicone-no-0-prematuro-haoxi\/","title":{"rendered":"M\u00e1scara em Silicone N\u00ba 0 \u2013 Prematuro &#8211; Haoxi"},"content":{"rendered":"<p data-start=\"193\" data-end=\"343\"><strong data-start=\"193\" data-end=\"207\">Descri\u00e7\u00e3o:<\/strong><br data-start=\"207\" data-end=\"210\" \/>A M\u00e1scara em Silicone Haoxi N\u00ba 0 \u00e9 indicada para uso em procedimentos de <strong data-start=\"283\" data-end=\"340\">ventila\u00e7\u00e3o manual ou mec\u00e2nica em pacientes prematuros<\/strong>.<\/p>\n<p data-start=\"345\" data-end=\"652\">Fabricada em <strong data-start=\"358\" data-end=\"385\">silicone de grau m\u00e9dico<\/strong>, flex\u00edvel e confort\u00e1vel, adapta-se suavemente ao rosto delicado de rec\u00e9m-nascidos prematuros, proporcionando veda\u00e7\u00e3o segura e eficaz. \u00c9 compat\u00edvel com reanimadores manuais, ventiladores e outros dispositivos respirat\u00f3rios utilizados em UTI neonatal e salas de parto.<\/p>\n<p data-start=\"654\" data-end=\"762\">Produto reutiliz\u00e1vel, resistente a processos de <strong data-start=\"702\" data-end=\"718\">autoclavagem<\/strong>, garantindo maior durabilidade e seguran\u00e7a.<\/p>\n<p data-start=\"764\" data-end=\"792\"><strong data-start=\"764\" data-end=\"792\">Especifica\u00e7\u00f5es T\u00e9cnicas:<\/strong><\/p>\n<ul data-start=\"794\" data-end=\"1096\">\n<li data-start=\"794\" data-end=\"827\">\n<p data-start=\"796\" data-end=\"827\"><strong data-start=\"796\" data-end=\"808\">Tamanho:<\/strong> N\u00ba 0 \u2013 Prematuro<\/p>\n<\/li>\n<li data-start=\"828\" data-end=\"886\">\n<p data-start=\"830\" data-end=\"886\"><strong data-start=\"830\" data-end=\"843\">Material:<\/strong> Silicone de alta qualidade, autoclav\u00e1vel<\/p>\n<\/li>\n<li data-start=\"887\" data-end=\"955\">\n<p data-start=\"889\" data-end=\"955\"><strong data-start=\"889\" data-end=\"903\">Aplica\u00e7\u00e3o:<\/strong> Ventila\u00e7\u00e3o manual\/mec\u00e2nica em neonatos prematuros<\/p>\n<\/li>\n<li data-start=\"956\" data-end=\"1026\">\n<p data-start=\"958\" data-end=\"1026\"><strong data-start=\"958\" data-end=\"978\">Compatibilidade:<\/strong> Reanimadores manuais e sistemas respirat\u00f3rios<\/p>\n<\/li>\n<li data-start=\"1027\" data-end=\"1047\">\n<p data-start=\"1029\" data-end=\"1047\"><strong data-start=\"1029\" data-end=\"1039\">Marca:<\/strong> Haoxi<\/p>\n<\/li>\n<\/ul>\n","protected":false},"excerpt":{"rendered":"Descri\u00e7\u00e3o:A M\u00e1scara em Silicone Haoxi N\u00ba 0 \u00e9 indicada para uso em procedimentos de ventila\u00e7\u00e3o manual ou mec\u00e2nica&hellip;","protected":false},"featured_media":8443,"comment_status":"open","ping_status":"closed","template":"","meta":{"slim_seo":{"title":"M\u00e1scara em Silicone N\u00ba 0 \u2013 Prematuro - Haoxi - Hospitalaria RS","description":"Descri\u00e7\u00e3o: A M\u00e1scara em Silicone Haoxi N\u00ba 0 \u00e9 indicada para uso em procedimentos de ventila\u00e7\u00e3o manual ou mec\u00e2nica em pacientes prematuros . Fabricada em silicon"}},"product_brand":[1065],"product_cat":[38],"product_tag":[1078,1168,1224,1220,1221,1149,1200,1222,1225,1223],"class_list":{"0":"post-8442","1":"product","2":"type-product","3":"status-publish","4":"has-post-thumbnail","6":"product_brand-haoxi","7":"product_cat-oxigenoterapia","8":"product_tag-equipamento-respiratorio","9":"product_tag-hospitalar","10":"product_tag-mascara-autoclavavel","11":"product_tag-mascara-prematuro","12":"product_tag-mascara-silicone-haoxi","13":"product_tag-neonatal","14":"product_tag-reanimador-manual","15":"product_tag-tamanho-0","16":"product_tag-uti-neonatal","17":"product_tag-ventilacao-prematuro","18":"mbf-entry","20":"first","21":"outofstock","22":"shipping-taxable","23":"purchasable","24":"product-type-simple"},"_links":{"self":[{"href":"https:\/\/hospitalariars.com.br\/index.php\/wp-json\/wp\/v2\/product\/8442","targetHints":{"allow":["GET"]}}],"collection":[{"href":"https:\/\/hospitalariars.com.br\/index.php\/wp-json\/wp\/v2\/product"}],"about":[{"href":"https:\/\/hospitalariars.com.br\/index.php\/wp-json\/wp\/v2\/types\/product"}],"replies":[{"embeddable":true,"href":"https:\/\/hospitalariars.com.br\/index.php\/wp-json\/wp\/v2\/comments?post=8442"}],"wp:featuredmedia":[{"embeddable":true,"href":"https:\/\/hospitalariars.com.br\/index.php\/wp-json\/wp\/v2\/media\/8443"}],"wp:attachment":[{"href":"https:\/\/hospitalariars.com.br\/index.php\/wp-json\/wp\/v2\/media?parent=8442"}],"wp:term":[{"taxonomy":"product_brand","embeddable":true,"href":"https:\/\/hospitalariars.com.br\/index.php\/wp-json\/wp\/v2\/product_brand?post=8442"},{"taxonomy":"product_cat","embeddable":true,"href":"https:\/\/hospitalariars.com.br\/index.php\/wp-json\/wp\/v2\/product_cat?post=8442"},{"taxonomy":"product_tag","embeddable":true,"href":"https:\/\/hospitalariars.com.br\/index.php\/wp-json\/wp\/v2\/product_tag?post=8442"}],"curies":[{"name":"wp","href":"https:\/\/api.w.org\/{rel}","templated":true}]}}