{"id":8459,"date":"2025-07-07T14:12:00","date_gmt":"2025-07-07T17:12:00","guid":{"rendered":"https:\/\/hospitalariars.com.br\/?post_type=product&#038;p=8459"},"modified":"2026-03-27T16:03:31","modified_gmt":"2026-03-27T19:03:31","slug":"mascara-com-reservatorio-sem-reinalacao-de-alta-concentracao-infantil-haoxi","status":"publish","type":"product","link":"https:\/\/hospitalariars.com.br\/index.php\/produto\/mascara-com-reservatorio-sem-reinalacao-de-alta-concentracao-infantil-haoxi\/","title":{"rendered":"M\u00e1scara com Reservat\u00f3rio (Sem Reinala\u00e7\u00e3o) de Alta Concentra\u00e7\u00e3o infantil &#8211; Haoxi"},"content":{"rendered":"<p><strong data-start=\"199\" data-end=\"213\">Descri\u00e7\u00e3o:<\/strong><\/p>\n<p>A M\u00e1scara com Reservat\u00f3rio de Alta Concentra\u00e7\u00e3o HAOXI \u2013 Infantil, tamb\u00e9m conhecida como m\u00e1scara sem reinala\u00e7\u00e3o, \u00e9 indicada para administra\u00e7\u00e3o de oxig\u00eanio em altas concentra\u00e7\u00f5es em pacientes pedi\u00e1tricos.<\/p>\n<p>Conta com reservat\u00f3rio e v\u00e1lvulas unidirecionais que impedem a reinala\u00e7\u00e3o do ar expirado, promovendo maior efic\u00e1cia na oxigenoterapia.<\/p>\n<p>Desenvolvida em material macio, at\u00f3xico e de formato anat\u00f4mico, oferece conforto, seguran\u00e7a e excelente veda\u00e7\u00e3o para o uso em ambiente hospitalar e cl\u00ednico.<\/p>\n<p data-start=\"639\" data-end=\"669\"><strong data-start=\"639\" data-end=\"667\">Especifica\u00e7\u00f5es T\u00e9cnicas:<\/strong><\/p>\n<ul data-start=\"670\" data-end=\"886\">\n<li data-start=\"670\" data-end=\"703\">\n<p data-start=\"672\" data-end=\"703\">Material: PVC macio e at\u00f3xico<\/p>\n<\/li>\n<li data-start=\"704\" data-end=\"725\">\n<p data-start=\"706\" data-end=\"725\">Tamanho: Infantil<\/p>\n<\/li>\n<li data-start=\"726\" data-end=\"775\">\n<p data-start=\"728\" data-end=\"775\">Tipo: M\u00e1scara com reservat\u00f3rio sem reinala\u00e7\u00e3o<\/p>\n<\/li>\n<li data-start=\"776\" data-end=\"827\">\n<p data-start=\"778\" data-end=\"827\">Compatibilidade: Equipamentos de oxigenoterapia<\/p>\n<\/li>\n<li data-start=\"828\" data-end=\"869\">\n<p data-start=\"830\" data-end=\"869\">Uso: Reutiliz\u00e1vel, f\u00e1cil higieniza\u00e7\u00e3o<\/p>\n<\/li>\n<li data-start=\"870\" data-end=\"886\">\n<p data-start=\"872\" data-end=\"886\">Marca: HAOXI<\/p>\n<\/li>\n<\/ul>\n","protected":false},"excerpt":{"rendered":"Descri\u00e7\u00e3o: A M\u00e1scara com Reservat\u00f3rio de Alta Concentra\u00e7\u00e3o HAOXI \u2013 Infantil, tamb\u00e9m conhecida como m\u00e1scara sem reinala\u00e7\u00e3o, \u00e9&hellip;","protected":false},"featured_media":8460,"comment_status":"open","ping_status":"closed","template":"","meta":{"slim_seo":{"title":"M\u00e1scara com Reservat\u00f3rio (Sem Reinala\u00e7\u00e3o) de Alta Concentra\u00e7\u00e3o infantil - Haoxi - Hospitalaria RS","description":"Descri\u00e7\u00e3o: A M\u00e1scara com Reservat\u00f3rio de Alta Concentra\u00e7\u00e3o HAOXI \u2013 Infantil, tamb\u00e9m conhecida como m\u00e1scara sem reinala\u00e7\u00e3o, \u00e9 indicada para administra\u00e7\u00e3o de oxig"}},"product_brand":[1065],"product_cat":[38],"product_tag":[1251,1248,1246,1239,1253,1250,1252,1247,1249,1243],"class_list":{"0":"post-8459","1":"product","2":"type-product","3":"status-publish","4":"has-post-thumbnail","6":"product_brand-haoxi","7":"product_cat-oxigenoterapia","8":"product_tag-equipamento-de-oxigenoterapia","9":"product_tag-mascara-alta-concentracao","10":"product_tag-mascara-com-reservatorio","11":"product_tag-mascara-haoxi","12":"product_tag-mascara-hospitalar","13":"product_tag-mascara-infantil","14":"product_tag-mascara-pediatrica","15":"product_tag-mascara-sem-reinalacao","16":"product_tag-oxigenio-infantil","17":"product_tag-suporte-respiratorio","18":"mbf-entry","20":"first","21":"outofstock","22":"shipping-taxable","23":"purchasable","24":"product-type-simple"},"_links":{"self":[{"href":"https:\/\/hospitalariars.com.br\/index.php\/wp-json\/wp\/v2\/product\/8459","targetHints":{"allow":["GET"]}}],"collection":[{"href":"https:\/\/hospitalariars.com.br\/index.php\/wp-json\/wp\/v2\/product"}],"about":[{"href":"https:\/\/hospitalariars.com.br\/index.php\/wp-json\/wp\/v2\/types\/product"}],"replies":[{"embeddable":true,"href":"https:\/\/hospitalariars.com.br\/index.php\/wp-json\/wp\/v2\/comments?post=8459"}],"wp:featuredmedia":[{"embeddable":true,"href":"https:\/\/hospitalariars.com.br\/index.php\/wp-json\/wp\/v2\/media\/8460"}],"wp:attachment":[{"href":"https:\/\/hospitalariars.com.br\/index.php\/wp-json\/wp\/v2\/media?parent=8459"}],"wp:term":[{"taxonomy":"product_brand","embeddable":true,"href":"https:\/\/hospitalariars.com.br\/index.php\/wp-json\/wp\/v2\/product_brand?post=8459"},{"taxonomy":"product_cat","embeddable":true,"href":"https:\/\/hospitalariars.com.br\/index.php\/wp-json\/wp\/v2\/product_cat?post=8459"},{"taxonomy":"product_tag","embeddable":true,"href":"https:\/\/hospitalariars.com.br\/index.php\/wp-json\/wp\/v2\/product_tag?post=8459"}],"curies":[{"name":"wp","href":"https:\/\/api.w.org\/{rel}","templated":true}]}}