{"id":8476,"date":"2025-07-07T14:41:01","date_gmt":"2025-07-07T17:41:01","guid":{"rendered":"https:\/\/hospitalariars.com.br\/?post_type=product&#038;p=8476"},"modified":"2026-03-27T16:03:31","modified_gmt":"2026-03-27T19:03:31","slug":"sistema-baraka-infantil-com-balao-em-silicone-1-l-traqueia-e-mascara-em-silicone-n-2-haoxi","status":"publish","type":"product","link":"https:\/\/hospitalariars.com.br\/index.php\/produto\/sistema-baraka-infantil-com-balao-em-silicone-1-l-traqueia-e-mascara-em-silicone-n-2-haoxi\/","title":{"rendered":"Sistema Baraka Infantil com Bal\u00e3o em Silicone 1\u202fL, Traqueia e M\u00e1scara em Silicone N\u00b0 2 \u2013 Haoxi"},"content":{"rendered":"<p data-start=\"245\" data-end=\"747\"><strong data-start=\"245\" data-end=\"259\">Descri\u00e7\u00e3o:<\/strong><br data-start=\"259\" data-end=\"262\" \/>O Sistema Baraka Infantil com Bal\u00e3o em Silicone de 1\u202fL HAOXI \u00e9 indicado para ventila\u00e7\u00e3o manual de pacientes pedi\u00e1tricos em ambientes cl\u00ednicos, hospitalares e de emerg\u00eancia. O conjunto \u00e9 composto por bal\u00e3o de silicone com capacidade para 1 litro, traqueia flex\u00edvel e m\u00e1scara facial em silicone N\u00b0 2, garantindo efici\u00eancia na oxigena\u00e7\u00e3o e seguran\u00e7a no atendimento. Os materiais s\u00e3o resistentes, reutiliz\u00e1veis e oferecem excelente veda\u00e7\u00e3o anat\u00f4mica, conforto e facilidade na higieniza\u00e7\u00e3o.<\/p>\n<p data-start=\"749\" data-end=\"779\"><strong data-start=\"749\" data-end=\"777\">Especifica\u00e7\u00f5es T\u00e9cnicas:<\/strong><\/p>\n<ul data-start=\"780\" data-end=\"1092\">\n<li data-start=\"780\" data-end=\"867\">\n<p data-start=\"782\" data-end=\"867\">Composi\u00e7\u00e3o: Bal\u00e3o (reanimador) em silicone, traqueia flex\u00edvel e m\u00e1scara em silicone<\/p>\n<\/li>\n<li data-start=\"868\" data-end=\"900\">\n<p data-start=\"870\" data-end=\"900\">Capacidade do bal\u00e3o: 1 litro<\/p>\n<\/li>\n<li data-start=\"901\" data-end=\"940\">\n<p data-start=\"903\" data-end=\"940\">Tamanho da m\u00e1scara: N\u00b0 2 \u2013 Infantil<\/p>\n<\/li>\n<li data-start=\"941\" data-end=\"984\">\n<p data-start=\"943\" data-end=\"984\">Material: Silicone m\u00e9dico e PVC at\u00f3xico<\/p>\n<\/li>\n<li data-start=\"985\" data-end=\"1029\">\n<p data-start=\"987\" data-end=\"1029\">Tipo de uso: Reutiliz\u00e1vel, esteriliz\u00e1vel<\/p>\n<\/li>\n<li data-start=\"1030\" data-end=\"1075\">\n<p data-start=\"1032\" data-end=\"1075\">Aplica\u00e7\u00e3o: Ventila\u00e7\u00e3o manual n\u00e3o invasiva<\/p>\n<\/li>\n<li data-start=\"1076\" data-end=\"1092\">\n<p data-start=\"1078\" data-end=\"1092\">\n<\/li>\n<\/ul>\n","protected":false},"excerpt":{"rendered":"Descri\u00e7\u00e3o:O Sistema Baraka Infantil com Bal\u00e3o em Silicone de 1\u202fL HAOXI \u00e9 indicado para ventila\u00e7\u00e3o manual de pacientes&hellip;","protected":false},"featured_media":8475,"comment_status":"open","ping_status":"closed","template":"","meta":{"slim_seo":{"title":"Sistema Baraka Infantil com Bal\u00e3o em Silicone 1\u202fL, Traqueia e M\u00e1scara em Silicone N\u00b0 2 \u2013 Haoxi - Hospitalaria RS","description":"Descri\u00e7\u00e3o: O Sistema Baraka Infantil com Bal\u00e3o em Silicone de 1\u202fL HAOXI \u00e9 indicado para ventila\u00e7\u00e3o manual de pacientes pedi\u00e1tricos em ambientes cl\u00ednicos, hospit"}},"product_brand":[1065],"product_cat":[38],"product_tag":[1275,1071,1073,1272,1252,1270,1274,1269,1273,1243],"class_list":{"0":"post-8476","1":"product","2":"type-product","3":"status-publish","4":"has-post-thumbnail","6":"product_brand-haoxi","7":"product_cat-oxigenoterapia","8":"product_tag-balao-em-silicone-1l","9":"product_tag-equipamento-hospitalar","10":"product_tag-haoxi","11":"product_tag-mascara-em-silicone-n2","12":"product_tag-mascara-pediatrica","13":"product_tag-reanimador-manual-infantil","14":"product_tag-sistema-baraka-haoxi","15":"product_tag-sistema-baraka-infantil","16":"product_tag-sistema-de-ventilacao-infantil","17":"product_tag-suporte-respiratorio","18":"mbf-entry","20":"first","21":"outofstock","22":"shipping-taxable","23":"purchasable","24":"product-type-simple"},"_links":{"self":[{"href":"https:\/\/hospitalariars.com.br\/index.php\/wp-json\/wp\/v2\/product\/8476","targetHints":{"allow":["GET"]}}],"collection":[{"href":"https:\/\/hospitalariars.com.br\/index.php\/wp-json\/wp\/v2\/product"}],"about":[{"href":"https:\/\/hospitalariars.com.br\/index.php\/wp-json\/wp\/v2\/types\/product"}],"replies":[{"embeddable":true,"href":"https:\/\/hospitalariars.com.br\/index.php\/wp-json\/wp\/v2\/comments?post=8476"}],"wp:featuredmedia":[{"embeddable":true,"href":"https:\/\/hospitalariars.com.br\/index.php\/wp-json\/wp\/v2\/media\/8475"}],"wp:attachment":[{"href":"https:\/\/hospitalariars.com.br\/index.php\/wp-json\/wp\/v2\/media?parent=8476"}],"wp:term":[{"taxonomy":"product_brand","embeddable":true,"href":"https:\/\/hospitalariars.com.br\/index.php\/wp-json\/wp\/v2\/product_brand?post=8476"},{"taxonomy":"product_cat","embeddable":true,"href":"https:\/\/hospitalariars.com.br\/index.php\/wp-json\/wp\/v2\/product_cat?post=8476"},{"taxonomy":"product_tag","embeddable":true,"href":"https:\/\/hospitalariars.com.br\/index.php\/wp-json\/wp\/v2\/product_tag?post=8476"}],"curies":[{"name":"wp","href":"https:\/\/api.w.org\/{rel}","templated":true}]}}