{"id":8493,"date":"2025-07-07T15:59:59","date_gmt":"2025-07-07T18:59:59","guid":{"rendered":"https:\/\/hospitalariars.com.br\/?post_type=product&#038;p=8493"},"modified":"2026-03-27T16:03:30","modified_gmt":"2026-03-27T19:03:30","slug":"aspirador-venturi-para-ar-comprimido-com-frasco-em-pvc-500-ml-haoxi","status":"publish","type":"product","link":"https:\/\/hospitalariars.com.br\/index.php\/produto\/aspirador-venturi-para-ar-comprimido-com-frasco-em-pvc-500-ml-haoxi\/","title":{"rendered":"Aspirador Venturi para Ar Comprimido com Frasco em PVC 500\u202fML &#8211;  Haoxi"},"content":{"rendered":"<p data-start=\"246\" data-end=\"672\"><strong data-start=\"246\" data-end=\"260\">Descri\u00e7\u00e3o:<\/strong><br data-start=\"260\" data-end=\"263\" \/>O Aspirador Venturi para Ar Comprimido com Frasco em PVC 500\u202fmL Haoxi \u00e9 indicado para aspira\u00e7\u00e3o de secre\u00e7\u00f5es e l\u00edquidos em ambientes hospitalares, utilizando o efeito Venturi com ar comprimido como fonte de v\u00e1cuo. O frasco coletor em PVC r\u00edgido e transparente possui capacidade para 500\u202fmL, permitindo f\u00e1cil visualiza\u00e7\u00e3o do conte\u00fado aspirado e oferecendo seguran\u00e7a, durabilidade e praticidade na higieniza\u00e7\u00e3o.<\/p>\n<p data-start=\"674\" data-end=\"704\"><strong data-start=\"674\" data-end=\"702\">Especifica\u00e7\u00f5es T\u00e9cnicas:<\/strong><\/p>\n<ul data-start=\"705\" data-end=\"973\">\n<li data-start=\"705\" data-end=\"750\">\n<p data-start=\"707\" data-end=\"750\">Sistema: Efeito Venturi com ar comprimido<\/p>\n<\/li>\n<li data-start=\"751\" data-end=\"783\">\n<p data-start=\"753\" data-end=\"783\">Capacidade do frasco: 500\u202fmL<\/p>\n<\/li>\n<li data-start=\"784\" data-end=\"842\">\n<p data-start=\"786\" data-end=\"842\">Material do frasco: PVC transparente, r\u00edgido e at\u00f3xico<\/p>\n<\/li>\n<li data-start=\"843\" data-end=\"917\">\n<p data-start=\"845\" data-end=\"917\">Aplica\u00e7\u00f5es: Aspira\u00e7\u00e3o de secre\u00e7\u00f5es, drenagens e procedimentos cl\u00ednicos<\/p>\n<\/li>\n<li data-start=\"918\" data-end=\"956\">\n<p data-start=\"920\" data-end=\"956\">Uso: Reutiliz\u00e1vel, f\u00e1cil de limpar<\/p>\n<\/li>\n<li data-start=\"957\" data-end=\"973\">\n<p data-start=\"959\" data-end=\"973\">Marca: Haoxi<\/p>\n<\/li>\n<\/ul>\n","protected":false},"excerpt":{"rendered":"Descri\u00e7\u00e3o:O Aspirador Venturi para Ar Comprimido com Frasco em PVC 500\u202fmL Haoxi \u00e9 indicado para aspira\u00e7\u00e3o de secre\u00e7\u00f5es&hellip;","protected":false},"featured_media":8494,"comment_status":"open","ping_status":"closed","template":"","meta":{"slim_seo":{"title":"Aspirador Venturi para Ar Comprimido com Frasco em PVC 500\u202fML - Haoxi - Hospitalaria RS","description":"Descri\u00e7\u00e3o: O Aspirador Venturi para Ar Comprimido com Frasco em PVC 500\u202fmL Haoxi \u00e9 indicado para aspira\u00e7\u00e3o de secre\u00e7\u00f5es e l\u00edquidos em ambientes hospitalares, ut"}},"product_brand":[1065],"product_cat":[38],"product_tag":[1011,1312,1308,1307,1301,1316,1311,1315,1310,1243],"class_list":{"0":"post-8493","1":"product","2":"type-product","3":"status-publish","4":"has-post-thumbnail","6":"product_brand-haoxi","7":"product_cat-oxigenoterapia","8":"product_tag-aspiracao-hospitalar","9":"product_tag-aspirador-haoxi","10":"product_tag-aspirador-para-ar-comprimido","11":"product_tag-aspirador-venturi","12":"product_tag-drenagem-medica","13":"product_tag-equipamento-clinico","14":"product_tag-equipamento-de-succao","15":"product_tag-frasco-pvc-500ml","16":"product_tag-sistema-venturi","17":"product_tag-suporte-respiratorio","18":"mbf-entry","20":"first","21":"outofstock","22":"shipping-taxable","23":"purchasable","24":"product-type-simple"},"_links":{"self":[{"href":"https:\/\/hospitalariars.com.br\/index.php\/wp-json\/wp\/v2\/product\/8493","targetHints":{"allow":["GET"]}}],"collection":[{"href":"https:\/\/hospitalariars.com.br\/index.php\/wp-json\/wp\/v2\/product"}],"about":[{"href":"https:\/\/hospitalariars.com.br\/index.php\/wp-json\/wp\/v2\/types\/product"}],"replies":[{"embeddable":true,"href":"https:\/\/hospitalariars.com.br\/index.php\/wp-json\/wp\/v2\/comments?post=8493"}],"wp:featuredmedia":[{"embeddable":true,"href":"https:\/\/hospitalariars.com.br\/index.php\/wp-json\/wp\/v2\/media\/8494"}],"wp:attachment":[{"href":"https:\/\/hospitalariars.com.br\/index.php\/wp-json\/wp\/v2\/media?parent=8493"}],"wp:term":[{"taxonomy":"product_brand","embeddable":true,"href":"https:\/\/hospitalariars.com.br\/index.php\/wp-json\/wp\/v2\/product_brand?post=8493"},{"taxonomy":"product_cat","embeddable":true,"href":"https:\/\/hospitalariars.com.br\/index.php\/wp-json\/wp\/v2\/product_cat?post=8493"},{"taxonomy":"product_tag","embeddable":true,"href":"https:\/\/hospitalariars.com.br\/index.php\/wp-json\/wp\/v2\/product_tag?post=8493"}],"curies":[{"name":"wp","href":"https:\/\/api.w.org\/{rel}","templated":true}]}}