{"id":8506,"date":"2025-07-07T17:17:23","date_gmt":"2025-07-07T20:17:23","guid":{"rendered":"https:\/\/hospitalariars.com.br\/?post_type=product&#038;p=8506"},"modified":"2026-03-27T16:03:29","modified_gmt":"2026-03-27T19:03:29","slug":"painel-posto-de-parede-externo-para-oxigenio-haoxi","status":"publish","type":"product","link":"https:\/\/hospitalariars.com.br\/index.php\/produto\/painel-posto-de-parede-externo-para-oxigenio-haoxi\/","title":{"rendered":"Painel Posto de Parede Externo para Oxig\u00eanio \u2013 Haoxi"},"content":{"rendered":"<p data-start=\"229\" data-end=\"681\"><strong data-start=\"229\" data-end=\"243\">Descri\u00e7\u00e3o:<\/strong><br data-start=\"243\" data-end=\"246\" \/>O Painel Posto de Parede Externo para Oxig\u00eanio \u2013 Haoxi \u00e9 utilizado como ponto de distribui\u00e7\u00e3o de gases medicinais, permitindo a conex\u00e3o segura de flux\u00f4metros, umidificadores ou extens\u00f5es de oxig\u00eanio. Instala\u00e7\u00e3o pr\u00e1tica em superf\u00edcies verticais (parede), com acabamento resistente e compatibilidade com sistemas hospitalares padronizados. Indicado para hospitais, cl\u00ednicas e consult\u00f3rios que necessitam de fornecimento fixo de oxig\u00eanio.<\/p>\n<p data-start=\"683\" data-end=\"713\"><strong data-start=\"683\" data-end=\"711\">Especifica\u00e7\u00f5es T\u00e9cnicas:<\/strong><\/p>\n<ul data-start=\"714\" data-end=\"1065\">\n<li data-start=\"714\" data-end=\"747\">\n<p data-start=\"716\" data-end=\"747\">Tipo: Posto de parede externo<\/p>\n<\/li>\n<li data-start=\"748\" data-end=\"781\">\n<p data-start=\"750\" data-end=\"781\">G\u00e1s compat\u00edvel: Oxig\u00eanio (O\u2082)<\/p>\n<\/li>\n<li data-start=\"782\" data-end=\"845\">\n<p data-start=\"784\" data-end=\"845\">Aplica\u00e7\u00e3o: Distribui\u00e7\u00e3o de gases medicinais em pontos fixos<\/p>\n<\/li>\n<li data-start=\"846\" data-end=\"935\">\n<p data-start=\"848\" data-end=\"935\">Material: Estrutura met\u00e1lica ou pl\u00e1stica com acabamento t\u00e9cnico (varia conforme lote)<\/p>\n<\/li>\n<li data-start=\"936\" data-end=\"996\">\n<p data-start=\"938\" data-end=\"996\">Instala\u00e7\u00e3o: Montagem externa em parede, com sa\u00edda padr\u00e3o<\/p>\n<\/li>\n<li data-start=\"997\" data-end=\"1048\">\n<p data-start=\"999\" data-end=\"1048\">Compatibilidade: Equipamentos de oxigenoterapia<\/p>\n<\/li>\n<li data-start=\"1049\" data-end=\"1065\">\n<p data-start=\"1051\" data-end=\"1065\">Marca: Haoxi<\/p>\n<\/li>\n<\/ul>\n","protected":false},"excerpt":{"rendered":"Descri\u00e7\u00e3o:O Painel Posto de Parede Externo para Oxig\u00eanio \u2013 Haoxi \u00e9 utilizado como ponto de distribui\u00e7\u00e3o de gases&hellip;","protected":false},"featured_media":8507,"comment_status":"open","ping_status":"closed","template":"","meta":{"slim_seo":{"title":"Painel Posto de Parede Externo para Oxig\u00eanio \u2013 Haoxi - Hospitalaria RS","description":"Descri\u00e7\u00e3o: O Painel Posto de Parede Externo para Oxig\u00eanio \u2013 Haoxi \u00e9 utilizado como ponto de distribui\u00e7\u00e3o de gases medicinais, permitindo a conex\u00e3o segura de flu"}},"product_brand":[1065],"product_cat":[38],"product_tag":[1071,1363,1359,1360,1355,1357,1358,1361,1356,1362],"class_list":{"0":"post-8506","1":"product","2":"type-product","3":"status-publish","4":"has-post-thumbnail","6":"product_brand-haoxi","7":"product_cat-oxigenoterapia","8":"product_tag-equipamento-hospitalar","9":"product_tag-painel-clinico","10":"product_tag-painel-externo-hospitalar","11":"product_tag-painel-haoxi","12":"product_tag-painel-oxigenio","13":"product_tag-painel-para-o","14":"product_tag-ponto-de-gas-medicinal","15":"product_tag-ponto-de-oxigenio-hospitalar","16":"product_tag-posto-de-parede","17":"product_tag-posto-para-oxigenoterapia","18":"mbf-entry","20":"first","21":"outofstock","22":"shipping-taxable","23":"purchasable","24":"product-type-simple"},"_links":{"self":[{"href":"https:\/\/hospitalariars.com.br\/index.php\/wp-json\/wp\/v2\/product\/8506","targetHints":{"allow":["GET"]}}],"collection":[{"href":"https:\/\/hospitalariars.com.br\/index.php\/wp-json\/wp\/v2\/product"}],"about":[{"href":"https:\/\/hospitalariars.com.br\/index.php\/wp-json\/wp\/v2\/types\/product"}],"replies":[{"embeddable":true,"href":"https:\/\/hospitalariars.com.br\/index.php\/wp-json\/wp\/v2\/comments?post=8506"}],"wp:featuredmedia":[{"embeddable":true,"href":"https:\/\/hospitalariars.com.br\/index.php\/wp-json\/wp\/v2\/media\/8507"}],"wp:attachment":[{"href":"https:\/\/hospitalariars.com.br\/index.php\/wp-json\/wp\/v2\/media?parent=8506"}],"wp:term":[{"taxonomy":"product_brand","embeddable":true,"href":"https:\/\/hospitalariars.com.br\/index.php\/wp-json\/wp\/v2\/product_brand?post=8506"},{"taxonomy":"product_cat","embeddable":true,"href":"https:\/\/hospitalariars.com.br\/index.php\/wp-json\/wp\/v2\/product_cat?post=8506"},{"taxonomy":"product_tag","embeddable":true,"href":"https:\/\/hospitalariars.com.br\/index.php\/wp-json\/wp\/v2\/product_tag?post=8506"}],"curies":[{"name":"wp","href":"https:\/\/api.w.org\/{rel}","templated":true}]}}