{"id":8514,"date":"2025-07-07T17:26:04","date_gmt":"2025-07-07T20:26:04","guid":{"rendered":"https:\/\/hospitalariars.com.br\/?post_type=product&#038;p=8514"},"modified":"2026-03-27T16:03:29","modified_gmt":"2026-03-27T19:03:29","slug":"sistema-baraka-adulto-com-balao-em-silicone-3-l-e-mascara-em-silicone-n-5-haoxi","status":"publish","type":"product","link":"https:\/\/hospitalariars.com.br\/index.php\/produto\/sistema-baraka-adulto-com-balao-em-silicone-3-l-e-mascara-em-silicone-n-5-haoxi\/","title":{"rendered":"Sistema Baraka Adulto com Bal\u00e3o em Silicone 3 L e M\u00e1scara em Silicone N\u00b0 5 \u2013 Haoxi"},"content":{"rendered":"<p data-start=\"218\" data-end=\"671\"><strong data-start=\"218\" data-end=\"232\">Descri\u00e7\u00e3o:<\/strong><br data-start=\"232\" data-end=\"235\" \/>O Sistema Baraka Adulto com Bal\u00e3o em Silicone 3 L \u2013 Haoxi \u00e9 indicado para ventila\u00e7\u00e3o manual em pacientes adultos. Com bal\u00e3o em silicone de alta qualidade com capacidade para 3 litros e m\u00e1scara facial em silicone tamanho N\u00b0 5, o conjunto proporciona veda\u00e7\u00e3o eficiente, conforto e seguran\u00e7a durante procedimentos de suporte respirat\u00f3rio. Ideal para uso hospitalar, emergencial e cl\u00ednico, oferece durabilidade e facilidade de higieniza\u00e7\u00e3o.<\/p>\n<p data-start=\"673\" data-end=\"703\"><strong data-start=\"673\" data-end=\"701\">Especifica\u00e7\u00f5es T\u00e9cnicas:<\/strong><\/p>\n<ul data-start=\"704\" data-end=\"954\">\n<li data-start=\"704\" data-end=\"737\">\n<p data-start=\"706\" data-end=\"737\">Capacidade do bal\u00e3o: 3 litros<\/p>\n<\/li>\n<li data-start=\"738\" data-end=\"788\">\n<p data-start=\"740\" data-end=\"788\">Material: Silicone m\u00e9dico para bal\u00e3o e m\u00e1scara<\/p>\n<\/li>\n<li data-start=\"789\" data-end=\"833\">\n<p data-start=\"791\" data-end=\"833\">Tamanho da m\u00e1scara: N\u00b0 5 \u2013 Adulto Grande<\/p>\n<\/li>\n<li data-start=\"834\" data-end=\"891\">\n<p data-start=\"836\" data-end=\"891\">Uso: Reutiliz\u00e1vel, f\u00e1cil higieniza\u00e7\u00e3o e esteriliza\u00e7\u00e3o<\/p>\n<\/li>\n<li data-start=\"892\" data-end=\"937\">\n<p data-start=\"894\" data-end=\"937\">Aplica\u00e7\u00e3o: Ventila\u00e7\u00e3o manual n\u00e3o invasiva<\/p>\n<\/li>\n<li data-start=\"938\" data-end=\"954\">\n<p data-start=\"940\" data-end=\"954\">Marca: Haoxi<\/p>\n<\/li>\n<\/ul>\n","protected":false},"excerpt":{"rendered":"Descri\u00e7\u00e3o:O Sistema Baraka Adulto com Bal\u00e3o em Silicone 3 L \u2013 Haoxi \u00e9 indicado para ventila\u00e7\u00e3o manual em&hellip;","protected":false},"featured_media":8515,"comment_status":"open","ping_status":"closed","template":"","meta":{"slim_seo":{"title":"Sistema Baraka Adulto com Bal\u00e3o em Silicone 3 L e M\u00e1scara em Silicone N\u00b0 5 \u2013 Haoxi - Hospitalaria RS","description":"Descri\u00e7\u00e3o: O Sistema Baraka Adulto com Bal\u00e3o em Silicone 3 L \u2013 Haoxi \u00e9 indicado para ventila\u00e7\u00e3o manual em pacientes adultos. Com bal\u00e3o em silicone de alta quali"}},"product_brand":[1065],"product_cat":[38],"product_tag":[1384,1071,1388,1386,1385,1383,1274,1387,1215],"class_list":{"0":"post-8514","1":"product","2":"type-product","3":"status-publish","4":"has-post-thumbnail","6":"product_brand-haoxi","7":"product_cat-oxigenoterapia","8":"product_tag-balao-em-silicone-3l","9":"product_tag-equipamento-hospitalar","10":"product_tag-kit-ventilacao-adulto","11":"product_tag-mascara-silicone-n5","12":"product_tag-reanimador-manual-adulto","13":"product_tag-sistema-baraka-adulto","14":"product_tag-sistema-baraka-haoxi","15":"product_tag-suporte-respiratorio-adulto","16":"product_tag-ventilacao-manual","17":"mbf-entry","19":"first","20":"outofstock","21":"shipping-taxable","22":"purchasable","23":"product-type-simple"},"_links":{"self":[{"href":"https:\/\/hospitalariars.com.br\/index.php\/wp-json\/wp\/v2\/product\/8514","targetHints":{"allow":["GET"]}}],"collection":[{"href":"https:\/\/hospitalariars.com.br\/index.php\/wp-json\/wp\/v2\/product"}],"about":[{"href":"https:\/\/hospitalariars.com.br\/index.php\/wp-json\/wp\/v2\/types\/product"}],"replies":[{"embeddable":true,"href":"https:\/\/hospitalariars.com.br\/index.php\/wp-json\/wp\/v2\/comments?post=8514"}],"wp:featuredmedia":[{"embeddable":true,"href":"https:\/\/hospitalariars.com.br\/index.php\/wp-json\/wp\/v2\/media\/8515"}],"wp:attachment":[{"href":"https:\/\/hospitalariars.com.br\/index.php\/wp-json\/wp\/v2\/media?parent=8514"}],"wp:term":[{"taxonomy":"product_brand","embeddable":true,"href":"https:\/\/hospitalariars.com.br\/index.php\/wp-json\/wp\/v2\/product_brand?post=8514"},{"taxonomy":"product_cat","embeddable":true,"href":"https:\/\/hospitalariars.com.br\/index.php\/wp-json\/wp\/v2\/product_cat?post=8514"},{"taxonomy":"product_tag","embeddable":true,"href":"https:\/\/hospitalariars.com.br\/index.php\/wp-json\/wp\/v2\/product_tag?post=8514"}],"curies":[{"name":"wp","href":"https:\/\/api.w.org\/{rel}","templated":true}]}}