{"id":8520,"date":"2025-07-07T17:32:51","date_gmt":"2025-07-07T20:32:51","guid":{"rendered":"https:\/\/hospitalariars.com.br\/?post_type=product&#038;p=8520"},"modified":"2026-03-27T16:03:29","modified_gmt":"2026-03-27T19:03:29","slug":"mascara-para-traqueostomia-com-conector-giratorio-360-infantil-haoxi","status":"publish","type":"product","link":"https:\/\/hospitalariars.com.br\/index.php\/produto\/mascara-para-traqueostomia-com-conector-giratorio-360-infantil-haoxi\/","title":{"rendered":"M\u00e1scara para Traqueostomia com Conector Girat\u00f3rio 360\u00b0 Infantil \u2013 Haoxi"},"content":{"rendered":"<p data-start=\"249\" data-end=\"667\"><strong data-start=\"249\" data-end=\"263\">Descri\u00e7\u00e3o:<\/strong><br data-start=\"263\" data-end=\"266\" \/>A M\u00e1scara para Traqueostomia com Conector Girat\u00f3rio 360\u00b0 Infantil \u2013 Haoxi \u00e9 indicada para cuidados respirat\u00f3rios em pacientes pedi\u00e1tricos. Possui conector girat\u00f3rio que permite flexibilidade e movimenta\u00e7\u00e3o sem desconectar a m\u00e1scara, garantindo conforto e seguran\u00e7a no uso. Fabricada com materiais biocompat\u00edveis, oferece excelente veda\u00e7\u00e3o e compatibilidade com sistemas de ventila\u00e7\u00e3o e oxigenoterapia.<\/p>\n<p data-start=\"669\" data-end=\"699\"><strong data-start=\"669\" data-end=\"697\">Especifica\u00e7\u00f5es T\u00e9cnicas:<\/strong><\/p>\n<ul data-start=\"700\" data-end=\"936\">\n<li data-start=\"700\" data-end=\"747\">\n<p data-start=\"702\" data-end=\"747\">Indica\u00e7\u00e3o: Pacientes pedi\u00e1tricos (infantil)<\/p>\n<\/li>\n<li data-start=\"748\" data-end=\"801\">\n<p data-start=\"750\" data-end=\"801\">Conector: Girat\u00f3rio 360\u00b0 para maior flexibilidade<\/p>\n<\/li>\n<li data-start=\"802\" data-end=\"855\">\n<p data-start=\"804\" data-end=\"855\">Material: Silicone ou PVC at\u00f3xico (conforme lote)<\/p>\n<\/li>\n<li data-start=\"856\" data-end=\"919\">\n<p data-start=\"858\" data-end=\"919\">Uso: Compat\u00edvel com sistemas de ventila\u00e7\u00e3o e oxigenoterapia<\/p>\n<\/li>\n<li data-start=\"920\" data-end=\"936\">\n<p data-start=\"922\" data-end=\"936\">Marca: Haoxi<\/p>\n<\/li>\n<\/ul>\n","protected":false},"excerpt":{"rendered":"Descri\u00e7\u00e3o:A M\u00e1scara para Traqueostomia com Conector Girat\u00f3rio 360\u00b0 Infantil \u2013 Haoxi \u00e9 indicada para cuidados respirat\u00f3rios em pacientes&hellip;","protected":false},"featured_media":8521,"comment_status":"open","ping_status":"closed","template":"","meta":{"slim_seo":{"title":"M\u00e1scara para Traqueostomia com Conector Girat\u00f3rio 360\u00b0 Infantil \u2013 Haoxi - Hospitalaria RS","description":"Descri\u00e7\u00e3o: A M\u00e1scara para Traqueostomia com Conector Girat\u00f3rio 360\u00b0 Infantil \u2013 Haoxi \u00e9 indicada para cuidados respirat\u00f3rios em pacientes pedi\u00e1tricos. Possui con"}},"product_brand":[1065],"product_cat":[38],"product_tag":[1390,1257,1239,1391,1252,1393,1389,1392,1207,1394],"class_list":{"0":"post-8520","1":"product","2":"type-product","3":"status-publish","4":"has-post-thumbnail","6":"product_brand-haoxi","7":"product_cat-oxigenoterapia","8":"product_tag-equipamento-respiratorio-infantil","9":"product_tag-mascara-com-conector-giratorio","10":"product_tag-mascara-haoxi","11":"product_tag-mascara-para-traqueostomia","12":"product_tag-mascara-pediatrica","13":"product_tag-mascara-respiratoria","14":"product_tag-mascara-traqueostomia-infantil","15":"product_tag-produto-hospitalar","16":"product_tag-suporte-ventilatorio","17":"product_tag-ventilacao-pediatrica","18":"mbf-entry","20":"first","21":"outofstock","22":"shipping-taxable","23":"purchasable","24":"product-type-simple"},"_links":{"self":[{"href":"https:\/\/hospitalariars.com.br\/index.php\/wp-json\/wp\/v2\/product\/8520","targetHints":{"allow":["GET"]}}],"collection":[{"href":"https:\/\/hospitalariars.com.br\/index.php\/wp-json\/wp\/v2\/product"}],"about":[{"href":"https:\/\/hospitalariars.com.br\/index.php\/wp-json\/wp\/v2\/types\/product"}],"replies":[{"embeddable":true,"href":"https:\/\/hospitalariars.com.br\/index.php\/wp-json\/wp\/v2\/comments?post=8520"}],"wp:featuredmedia":[{"embeddable":true,"href":"https:\/\/hospitalariars.com.br\/index.php\/wp-json\/wp\/v2\/media\/8521"}],"wp:attachment":[{"href":"https:\/\/hospitalariars.com.br\/index.php\/wp-json\/wp\/v2\/media?parent=8520"}],"wp:term":[{"taxonomy":"product_brand","embeddable":true,"href":"https:\/\/hospitalariars.com.br\/index.php\/wp-json\/wp\/v2\/product_brand?post=8520"},{"taxonomy":"product_cat","embeddable":true,"href":"https:\/\/hospitalariars.com.br\/index.php\/wp-json\/wp\/v2\/product_cat?post=8520"},{"taxonomy":"product_tag","embeddable":true,"href":"https:\/\/hospitalariars.com.br\/index.php\/wp-json\/wp\/v2\/product_tag?post=8520"}],"curies":[{"name":"wp","href":"https:\/\/api.w.org\/{rel}","templated":true}]}}