{"id":8522,"date":"2025-07-07T17:34:50","date_gmt":"2025-07-07T20:34:50","guid":{"rendered":"https:\/\/hospitalariars.com.br\/?post_type=product&#038;p=8522"},"modified":"2026-03-27T16:03:29","modified_gmt":"2026-03-27T19:03:29","slug":"mascara-inflavel-clear-confort-com-valvula-n-0-recem-nato-haoxi","status":"publish","type":"product","link":"https:\/\/hospitalariars.com.br\/index.php\/produto\/mascara-inflavel-clear-confort-com-valvula-n-0-recem-nato-haoxi\/","title":{"rendered":"M\u00e1scara Infl\u00e1vel Clear Confort com V\u00e1lvula N\u00b0 0 \u2013 Rec\u00e9m-Nato \u2013 Haoxi"},"content":{"rendered":"<p data-start=\"206\" data-end=\"601\"><strong data-start=\"206\" data-end=\"220\">Descri\u00e7\u00e3o:<\/strong><br data-start=\"220\" data-end=\"223\" \/>A M\u00e1scara Infl\u00e1vel Clear Confort com V\u00e1lvula N\u00b0 0 \u2013 Haoxi \u00e9 indicada para suporte respirat\u00f3rio em rec\u00e9m-natos, proporcionando conforto e seguran\u00e7a durante a ventila\u00e7\u00e3o manual. Fabricada em material flex\u00edvel e leve, com v\u00e1lvula que facilita a circula\u00e7\u00e3o do ar, garante excelente veda\u00e7\u00e3o e f\u00e1cil manuseio. Ideal para uso em unidades neonatais, hospitais e cl\u00ednicas especializadas.<\/p>\n<p data-start=\"603\" data-end=\"633\"><strong data-start=\"603\" data-end=\"631\">Especifica\u00e7\u00f5es T\u00e9cnicas:<\/strong><\/p>\n<ul data-start=\"634\" data-end=\"888\">\n<li data-start=\"634\" data-end=\"664\">\n<p data-start=\"636\" data-end=\"664\">Tamanho: N\u00b0 0 \u2013 Rec\u00e9m-Nato<\/p>\n<\/li>\n<li data-start=\"665\" data-end=\"706\">\n<p data-start=\"667\" data-end=\"706\">Material: Silicone flex\u00edvel e at\u00f3xico<\/p>\n<\/li>\n<li data-start=\"707\" data-end=\"753\">\n<p data-start=\"709\" data-end=\"753\">V\u00e1lvula: Integrada para melhor fluxo de ar<\/p>\n<\/li>\n<li data-start=\"754\" data-end=\"818\">\n<p data-start=\"756\" data-end=\"818\">Aplica\u00e7\u00e3o: Ventila\u00e7\u00e3o manual e suporte respirat\u00f3rio neonatal<\/p>\n<\/li>\n<li data-start=\"819\" data-end=\"871\">\n<p data-start=\"821\" data-end=\"871\">Uso: Reutiliz\u00e1vel mediante higieniza\u00e7\u00e3o adequada<\/p>\n<\/li>\n<li data-start=\"872\" data-end=\"888\">\n<p data-start=\"874\" data-end=\"888\">Marca: Haoxi<\/p>\n<\/li>\n<\/ul>\n","protected":false},"excerpt":{"rendered":"Descri\u00e7\u00e3o:A M\u00e1scara Infl\u00e1vel Clear Confort com V\u00e1lvula N\u00b0 0 \u2013 Haoxi \u00e9 indicada para suporte respirat\u00f3rio em rec\u00e9m-natos,&hellip;","protected":false},"featured_media":8523,"comment_status":"open","ping_status":"closed","template":"","meta":{"slim_seo":{"title":"M\u00e1scara Infl\u00e1vel Clear Confort com V\u00e1lvula N\u00b0 0 \u2013 Rec\u00e9m-Nato \u2013 Haoxi - Hospitalaria RS","description":"Descri\u00e7\u00e3o: A M\u00e1scara Infl\u00e1vel Clear Confort com V\u00e1lvula N\u00b0 0 \u2013 Haoxi \u00e9 indicada para suporte respirat\u00f3rio em rec\u00e9m-natos, proporcionando conforto e seguran\u00e7a du"}},"product_brand":[1065],"product_cat":[38],"product_tag":[1071,1264,1239,1262,1226,1396,1397,1243,1395,1215],"class_list":{"0":"post-8522","1":"product","2":"type-product","3":"status-publish","4":"has-post-thumbnail","6":"product_brand-haoxi","7":"product_cat-oxigenoterapia","8":"product_tag-equipamento-hospitalar","9":"product_tag-mascara-clear-confort","10":"product_tag-mascara-haoxi","11":"product_tag-mascara-inflavel","12":"product_tag-mascara-neonatal","13":"product_tag-mascara-para-recem-nato","14":"product_tag-produto-neonatal","15":"product_tag-suporte-respiratorio","16":"product_tag-valvula-integrada","17":"product_tag-ventilacao-manual","18":"mbf-entry","20":"first","21":"outofstock","22":"shipping-taxable","23":"purchasable","24":"product-type-simple"},"_links":{"self":[{"href":"https:\/\/hospitalariars.com.br\/index.php\/wp-json\/wp\/v2\/product\/8522","targetHints":{"allow":["GET"]}}],"collection":[{"href":"https:\/\/hospitalariars.com.br\/index.php\/wp-json\/wp\/v2\/product"}],"about":[{"href":"https:\/\/hospitalariars.com.br\/index.php\/wp-json\/wp\/v2\/types\/product"}],"replies":[{"embeddable":true,"href":"https:\/\/hospitalariars.com.br\/index.php\/wp-json\/wp\/v2\/comments?post=8522"}],"wp:featuredmedia":[{"embeddable":true,"href":"https:\/\/hospitalariars.com.br\/index.php\/wp-json\/wp\/v2\/media\/8523"}],"wp:attachment":[{"href":"https:\/\/hospitalariars.com.br\/index.php\/wp-json\/wp\/v2\/media?parent=8522"}],"wp:term":[{"taxonomy":"product_brand","embeddable":true,"href":"https:\/\/hospitalariars.com.br\/index.php\/wp-json\/wp\/v2\/product_brand?post=8522"},{"taxonomy":"product_cat","embeddable":true,"href":"https:\/\/hospitalariars.com.br\/index.php\/wp-json\/wp\/v2\/product_cat?post=8522"},{"taxonomy":"product_tag","embeddable":true,"href":"https:\/\/hospitalariars.com.br\/index.php\/wp-json\/wp\/v2\/product_tag?post=8522"}],"curies":[{"name":"wp","href":"https:\/\/api.w.org\/{rel}","templated":true}]}}