{"id":8601,"date":"2025-07-09T14:04:33","date_gmt":"2025-07-09T17:04:33","guid":{"rendered":"https:\/\/hospitalariars.com.br\/?post_type=product&#038;p=8601"},"modified":"2026-03-27T16:03:26","modified_gmt":"2026-03-27T19:03:26","slug":"fio-guia-mandril-para-intubacao-endotraqueal-sem-botao-de-regulagem-infantil-haoxi","status":"publish","type":"product","link":"https:\/\/hospitalariars.com.br\/index.php\/produto\/fio-guia-mandril-para-intubacao-endotraqueal-sem-botao-de-regulagem-infantil-haoxi\/","title":{"rendered":"Fio Guia Mandril para Intuba\u00e7\u00e3o Endotraqueal sem Bot\u00e3o de Regulagem \u2013 Infantil \u2013 Haoxi"},"content":{"rendered":"<p data-start=\"191\" data-end=\"615\"><strong data-start=\"191\" data-end=\"205\">Descri\u00e7\u00e3o:<\/strong><br data-start=\"205\" data-end=\"208\" \/>O Fio Guia Mandril para Intuba\u00e7\u00e3o Endotraqueal sem Bot\u00e3o de Regulagem \u2013 Infantil \u2013 Haoxi \u00e9 indicado para auxiliar na introdu\u00e7\u00e3o de tubos endotraqueais em crian\u00e7as, especialmente em casos de intuba\u00e7\u00e3o dif\u00edcil. Possui estrutura flex\u00edvel e male\u00e1vel, que permite o direcionamento seguro do tubo traqueal sem causar traumas. Ideal para uso em ambientes hospitalares, centros cir\u00fargicos e emerg\u00eancias pedi\u00e1tricas.<\/p>\n<p data-start=\"617\" data-end=\"647\"><strong data-start=\"617\" data-end=\"645\">Especifica\u00e7\u00f5es T\u00e9cnicas:<\/strong><\/p>\n<ul data-start=\"648\" data-end=\"916\">\n<li data-start=\"648\" data-end=\"671\">\n<p data-start=\"650\" data-end=\"671\">Indica\u00e7\u00e3o: Infantil<\/p>\n<\/li>\n<li data-start=\"672\" data-end=\"720\">\n<p data-start=\"674\" data-end=\"720\">Aplica\u00e7\u00e3o: Intuba\u00e7\u00e3o endotraqueal pedi\u00e1trica<\/p>\n<\/li>\n<li data-start=\"721\" data-end=\"755\">\n<p data-start=\"723\" data-end=\"755\">Modelo: Sem bot\u00e3o de regulagem<\/p>\n<\/li>\n<li data-start=\"756\" data-end=\"791\">\n<p data-start=\"758\" data-end=\"791\">Fun\u00e7\u00e3o: Guia para tubo traqueal<\/p>\n<\/li>\n<li data-start=\"792\" data-end=\"842\">\n<p data-start=\"794\" data-end=\"842\">Material: Corpo flex\u00edvel com revestimento liso<\/p>\n<\/li>\n<li data-start=\"843\" data-end=\"899\">\n<p data-start=\"845\" data-end=\"899\">Uso: M\u00e9dico-hospitalar \/ Emerg\u00eancia \/ UTI pedi\u00e1trica<\/p>\n<\/li>\n<li data-start=\"900\" data-end=\"916\">\n<p data-start=\"902\" data-end=\"916\">Marca: Haoxi<\/p>\n<\/li>\n<\/ul>\n","protected":false},"excerpt":{"rendered":"Descri\u00e7\u00e3o:O Fio Guia Mandril para Intuba\u00e7\u00e3o Endotraqueal sem Bot\u00e3o de Regulagem \u2013 Infantil \u2013 Haoxi \u00e9 indicado para&hellip;","protected":false},"featured_media":8599,"comment_status":"open","ping_status":"closed","template":"","meta":{"slim_seo":{"title":"Fio Guia Mandril para Intuba\u00e7\u00e3o Endotraqueal sem Bot\u00e3o de Regulagem \u2013 Infantil \u2013 Haoxi - Hospitalaria RS","description":"Descri\u00e7\u00e3o: O Fio Guia Mandril para Intuba\u00e7\u00e3o Endotraqueal sem Bot\u00e3o de Regulagem \u2013 Infantil \u2013 Haoxi \u00e9 indicado para auxiliar na introdu\u00e7\u00e3o de tubos endotraqueai"}},"product_brand":[1065],"product_cat":[38],"product_tag":[1548,1140,1526,1539,1545,1537,1540,1547,1546,1549],"class_list":{"0":"post-8601","1":"product","2":"type-product","3":"status-publish","4":"has-post-thumbnail","6":"product_brand-haoxi","7":"product_cat-oxigenoterapia","8":"product_tag-acessorio-para-intubacao","9":"product_tag-anestesia-pediatrica","10":"product_tag-emergencia-hospitalar","11":"product_tag-fio-guia-haoxi","12":"product_tag-fio-guia-infantil","13":"product_tag-fio-guia-intubacao","14":"product_tag-guia-tubo-traqueal","15":"product_tag-intubacao-infantil","16":"product_tag-mandril-pediatrico","17":"product_tag-mandril-sem-botao","18":"mbf-entry","20":"first","21":"outofstock","22":"shipping-taxable","23":"purchasable","24":"product-type-simple"},"_links":{"self":[{"href":"https:\/\/hospitalariars.com.br\/index.php\/wp-json\/wp\/v2\/product\/8601","targetHints":{"allow":["GET"]}}],"collection":[{"href":"https:\/\/hospitalariars.com.br\/index.php\/wp-json\/wp\/v2\/product"}],"about":[{"href":"https:\/\/hospitalariars.com.br\/index.php\/wp-json\/wp\/v2\/types\/product"}],"replies":[{"embeddable":true,"href":"https:\/\/hospitalariars.com.br\/index.php\/wp-json\/wp\/v2\/comments?post=8601"}],"wp:featuredmedia":[{"embeddable":true,"href":"https:\/\/hospitalariars.com.br\/index.php\/wp-json\/wp\/v2\/media\/8599"}],"wp:attachment":[{"href":"https:\/\/hospitalariars.com.br\/index.php\/wp-json\/wp\/v2\/media?parent=8601"}],"wp:term":[{"taxonomy":"product_brand","embeddable":true,"href":"https:\/\/hospitalariars.com.br\/index.php\/wp-json\/wp\/v2\/product_brand?post=8601"},{"taxonomy":"product_cat","embeddable":true,"href":"https:\/\/hospitalariars.com.br\/index.php\/wp-json\/wp\/v2\/product_cat?post=8601"},{"taxonomy":"product_tag","embeddable":true,"href":"https:\/\/hospitalariars.com.br\/index.php\/wp-json\/wp\/v2\/product_tag?post=8601"}],"curies":[{"name":"wp","href":"https:\/\/api.w.org\/{rel}","templated":true}]}}