{"id":8622,"date":"2025-07-09T14:53:02","date_gmt":"2025-07-09T17:53:02","guid":{"rendered":"https:\/\/hospitalariars.com.br\/?post_type=product&#038;p=8622"},"modified":"2026-03-27T16:03:26","modified_gmt":"2026-03-27T19:03:26","slug":"lamina-reta-n-1-com-fibra-optica-para-laringoscopio-haoxi","status":"publish","type":"product","link":"https:\/\/hospitalariars.com.br\/index.php\/produto\/lamina-reta-n-1-com-fibra-optica-para-laringoscopio-haoxi\/","title":{"rendered":"L\u00e2mina Reta N\u00b0 1 com Fibra \u00d3ptica para Laringosc\u00f3pio \u2013 Haoxi"},"content":{"rendered":"<p data-start=\"168\" data-end=\"555\"><strong data-start=\"168\" data-end=\"182\">Descri\u00e7\u00e3o:<\/strong><br data-start=\"182\" data-end=\"185\" \/>A L\u00e2mina Reta N\u00b0 1 com Fibra \u00d3ptica para Laringosc\u00f3pio \u2013 Haoxi \u00e9 indicada para intuba\u00e7\u00e3o orotraqueal em crian\u00e7as pequenas. Com ilumina\u00e7\u00e3o por fibra \u00f3ptica integrada, proporciona visualiza\u00e7\u00e3o clara da via a\u00e9rea, facilitando procedimentos de anestesia e emerg\u00eancia. Produzida em a\u00e7o inoxid\u00e1vel, oferece durabilidade, seguran\u00e7a e compatibilidade com cabos com fibra \u00f3ptica.<\/p>\n<p data-start=\"557\" data-end=\"587\"><strong data-start=\"557\" data-end=\"585\">Especifica\u00e7\u00f5es T\u00e9cnicas:<\/strong><\/p>\n<ul data-start=\"588\" data-end=\"869\">\n<li data-start=\"588\" data-end=\"613\">\n<p data-start=\"590\" data-end=\"613\">Modelo: Reta (Miller)<\/p>\n<\/li>\n<li data-start=\"614\" data-end=\"631\">\n<p data-start=\"616\" data-end=\"631\">Tamanho: N\u00b0 1<\/p>\n<\/li>\n<li data-start=\"632\" data-end=\"657\">\n<p data-start=\"634\" data-end=\"657\">Aplica\u00e7\u00e3o: Pedi\u00e1trico<\/p>\n<\/li>\n<li data-start=\"658\" data-end=\"706\">\n<p data-start=\"660\" data-end=\"706\">Ilumina\u00e7\u00e3o: Fibra \u00f3ptica de alta intensidade<\/p>\n<\/li>\n<li data-start=\"707\" data-end=\"746\">\n<p data-start=\"709\" data-end=\"746\">Material: A\u00e7o inoxid\u00e1vel resistente<\/p>\n<\/li>\n<li data-start=\"747\" data-end=\"801\">\n<p data-start=\"749\" data-end=\"801\">Compatibilidade: Cabos com sistema de fibra \u00f3ptica<\/p>\n<\/li>\n<li data-start=\"802\" data-end=\"852\">\n<p data-start=\"804\" data-end=\"852\">Uso: Hospitalar, anestesia, pronto atendimento<\/p>\n<\/li>\n<li data-start=\"853\" data-end=\"869\">\n<p data-start=\"855\" data-end=\"869\">Marca: Haoxi<\/p>\n<\/li>\n<\/ul>\n","protected":false},"excerpt":{"rendered":"Descri\u00e7\u00e3o:A L\u00e2mina Reta N\u00b0 1 com Fibra \u00d3ptica para Laringosc\u00f3pio \u2013 Haoxi \u00e9 indicada para intuba\u00e7\u00e3o orotraqueal em&hellip;","protected":false},"featured_media":8623,"comment_status":"open","ping_status":"closed","template":"","meta":{"slim_seo":{"title":"L\u00e2mina Reta N\u00b0 1 com Fibra \u00d3ptica para Laringosc\u00f3pio \u2013 Haoxi - Hospitalaria RS","description":"Descri\u00e7\u00e3o: A L\u00e2mina Reta N\u00b0 1 com Fibra \u00d3ptica para Laringosc\u00f3pio \u2013 Haoxi \u00e9 indicada para intuba\u00e7\u00e3o orotraqueal em crian\u00e7as pequenas. Com ilumina\u00e7\u00e3o por fibra \u00f3"}},"product_brand":[1065],"product_cat":[38],"product_tag":[1071,1547,1608,1610,1445,1602,1446,1609,1434,1611],"class_list":{"0":"post-8622","1":"product","2":"type-product","3":"status-publish","4":"has-post-thumbnail","6":"product_brand-haoxi","7":"product_cat-oxigenoterapia","8":"product_tag-equipamento-hospitalar","9":"product_tag-intubacao-infantil","10":"product_tag-lamina-com-luz","11":"product_tag-lamina-fibra-optica","12":"product_tag-lamina-haoxi","13":"product_tag-lamina-inox","14":"product_tag-lamina-para-laringoscopio","15":"product_tag-lamina-reta-1","16":"product_tag-laringoscopio-pediatrico","17":"product_tag-miller-1","18":"mbf-entry","20":"first","21":"outofstock","22":"shipping-taxable","23":"purchasable","24":"product-type-simple"},"_links":{"self":[{"href":"https:\/\/hospitalariars.com.br\/index.php\/wp-json\/wp\/v2\/product\/8622","targetHints":{"allow":["GET"]}}],"collection":[{"href":"https:\/\/hospitalariars.com.br\/index.php\/wp-json\/wp\/v2\/product"}],"about":[{"href":"https:\/\/hospitalariars.com.br\/index.php\/wp-json\/wp\/v2\/types\/product"}],"replies":[{"embeddable":true,"href":"https:\/\/hospitalariars.com.br\/index.php\/wp-json\/wp\/v2\/comments?post=8622"}],"wp:featuredmedia":[{"embeddable":true,"href":"https:\/\/hospitalariars.com.br\/index.php\/wp-json\/wp\/v2\/media\/8623"}],"wp:attachment":[{"href":"https:\/\/hospitalariars.com.br\/index.php\/wp-json\/wp\/v2\/media?parent=8622"}],"wp:term":[{"taxonomy":"product_brand","embeddable":true,"href":"https:\/\/hospitalariars.com.br\/index.php\/wp-json\/wp\/v2\/product_brand?post=8622"},{"taxonomy":"product_cat","embeddable":true,"href":"https:\/\/hospitalariars.com.br\/index.php\/wp-json\/wp\/v2\/product_cat?post=8622"},{"taxonomy":"product_tag","embeddable":true,"href":"https:\/\/hospitalariars.com.br\/index.php\/wp-json\/wp\/v2\/product_tag?post=8622"}],"curies":[{"name":"wp","href":"https:\/\/api.w.org\/{rel}","templated":true}]}}