{"id":8638,"date":"2025-07-10T14:16:19","date_gmt":"2025-07-10T17:16:19","guid":{"rendered":"https:\/\/hospitalariars.com.br\/?post_type=product&#038;p=8638"},"modified":"2026-03-27T16:03:25","modified_gmt":"2026-03-27T19:03:25","slug":"lamina-curva-n-1-com-fibra-optica-para-laringoscopio-haoxi","status":"publish","type":"product","link":"https:\/\/hospitalariars.com.br\/index.php\/produto\/lamina-curva-n-1-com-fibra-optica-para-laringoscopio-haoxi\/","title":{"rendered":"L\u00e2mina Curva N\u00b0 1 com Fibra \u00d3ptica para Laringosc\u00f3pio \u2013 Haoxi"},"content":{"rendered":"<p data-start=\"82\" data-end=\"591\">Descri\u00e7\u00e3o:<br data-start=\"92\" data-end=\"95\" \/>A L\u00e2mina Curva N\u00b0 1 com Fibra \u00d3ptica para Laringosc\u00f3pio \u2013 Haoxi \u00e9 indicada para intuba\u00e7\u00e3o orotraqueal em lactentes e crian\u00e7as pequenas.<br data-start=\"230\" data-end=\"233\" \/>Conta com ilumina\u00e7\u00e3o por fibra \u00f3ptica integrada, proporcionando visualiza\u00e7\u00e3o clara e precisa da via a\u00e9rea durante o procedimento.<br data-start=\"362\" data-end=\"365\" \/>Ideal para uso em anestesia, emerg\u00eancia e unidades de terapia intensiva pedi\u00e1tricas.<br data-start=\"449\" data-end=\"452\" \/>Fabricada em a\u00e7o inoxid\u00e1vel, oferece alta resist\u00eancia, durabilidade e seguran\u00e7a.<br data-start=\"532\" data-end=\"535\" \/>Compat\u00edvel com cabos padr\u00e3o com sistema de fibra \u00f3ptica.<\/p>\n<p data-start=\"593\" data-end=\"906\">Especifica\u00e7\u00f5es T\u00e9cnicas:<br data-start=\"617\" data-end=\"620\" \/>Modelo: Curva (Macintosh)<br data-start=\"645\" data-end=\"648\" \/>Tamanho: N\u00b0 1<br data-start=\"661\" data-end=\"664\" \/>Aplica\u00e7\u00e3o: Lactente \/ Pedi\u00e1trico<br data-start=\"696\" data-end=\"699\" \/>Ilumina\u00e7\u00e3o: Fibra \u00f3ptica de alta intensidade<br data-start=\"743\" data-end=\"746\" \/>Material: A\u00e7o inoxid\u00e1vel resistente<br data-start=\"781\" data-end=\"784\" \/>Compatibilidade: Cabos com sistema de fibra \u00f3ptica<br data-start=\"834\" data-end=\"837\" \/>Uso: Hospitalar, anestesia, emerg\u00eancia, UTI pedi\u00e1trica<br data-start=\"891\" data-end=\"894\" \/>Marca: Haoxi<\/p>\n","protected":false},"excerpt":{"rendered":"Descri\u00e7\u00e3o:A L\u00e2mina Curva N\u00b0 1 com Fibra \u00d3ptica para Laringosc\u00f3pio \u2013 Haoxi \u00e9 indicada para intuba\u00e7\u00e3o orotraqueal em&hellip;","protected":false},"featured_media":8639,"comment_status":"open","ping_status":"closed","template":"","meta":{"slim_seo":{"title":"L\u00e2mina Curva N\u00b0 1 com Fibra \u00d3ptica para Laringosc\u00f3pio \u2013 Haoxi - Hospitalaria RS","description":"Descri\u00e7\u00e3o: A L\u00e2mina Curva N\u00b0 1 com Fibra \u00d3ptica para Laringosc\u00f3pio \u2013 Haoxi \u00e9 indicada para intuba\u00e7\u00e3o orotraqueal em lactentes e crian\u00e7as pequenas. Conta com ilu"}},"product_brand":[1065],"product_cat":[38],"product_tag":[937,1112,1618,1625,1012,1617,1073,1624,1631,1612,1632,1622,1480,1627,1626,1633],"class_list":{"0":"post-8638","1":"product","2":"type-product","3":"status-publish","4":"has-post-thumbnail","6":"product_brand-haoxi","7":"product_cat-oxigenoterapia","8":"product_tag-aco-inoxidavel","9":"product_tag-anestesia","10":"product_tag-clinica","11":"product_tag-emergencia-medica","12":"product_tag-equipamento-medico","13":"product_tag-fibra-optica","14":"product_tag-haoxi","15":"product_tag-intubacao-orotraqueal","16":"product_tag-lamina-curva-no-1","17":"product_tag-lamina-laringoscopio","18":"product_tag-laringoscopia-pediatrica","19":"product_tag-laringoscopio-fibra-optica","20":"product_tag-material-hospitalar","21":"product_tag-produtos-reutilizaveis","22":"product_tag-pronto-atendimento","23":"product_tag-uti-pediatrica","24":"mbf-entry","26":"first","27":"outofstock","28":"shipping-taxable","29":"purchasable","30":"product-type-simple"},"_links":{"self":[{"href":"https:\/\/hospitalariars.com.br\/index.php\/wp-json\/wp\/v2\/product\/8638","targetHints":{"allow":["GET"]}}],"collection":[{"href":"https:\/\/hospitalariars.com.br\/index.php\/wp-json\/wp\/v2\/product"}],"about":[{"href":"https:\/\/hospitalariars.com.br\/index.php\/wp-json\/wp\/v2\/types\/product"}],"replies":[{"embeddable":true,"href":"https:\/\/hospitalariars.com.br\/index.php\/wp-json\/wp\/v2\/comments?post=8638"}],"wp:featuredmedia":[{"embeddable":true,"href":"https:\/\/hospitalariars.com.br\/index.php\/wp-json\/wp\/v2\/media\/8639"}],"wp:attachment":[{"href":"https:\/\/hospitalariars.com.br\/index.php\/wp-json\/wp\/v2\/media?parent=8638"}],"wp:term":[{"taxonomy":"product_brand","embeddable":true,"href":"https:\/\/hospitalariars.com.br\/index.php\/wp-json\/wp\/v2\/product_brand?post=8638"},{"taxonomy":"product_cat","embeddable":true,"href":"https:\/\/hospitalariars.com.br\/index.php\/wp-json\/wp\/v2\/product_cat?post=8638"},{"taxonomy":"product_tag","embeddable":true,"href":"https:\/\/hospitalariars.com.br\/index.php\/wp-json\/wp\/v2\/product_tag?post=8638"}],"curies":[{"name":"wp","href":"https:\/\/api.w.org\/{rel}","templated":true}]}}