{"id":8640,"date":"2025-07-10T14:18:38","date_gmt":"2025-07-10T17:18:38","guid":{"rendered":"https:\/\/hospitalariars.com.br\/?post_type=product&#038;p=8640"},"modified":"2026-03-27T16:03:25","modified_gmt":"2026-03-27T19:03:25","slug":"lamina-curva-n-2-com-fibra-optica-para-laringoscopio-haoxi","status":"publish","type":"product","link":"https:\/\/hospitalariars.com.br\/index.php\/produto\/lamina-curva-n-2-com-fibra-optica-para-laringoscopio-haoxi\/","title":{"rendered":"L\u00e2mina Curva N\u00b0 2 com Fibra \u00d3ptica para Laringosc\u00f3pio \u2013 Haoxi"},"content":{"rendered":"<p data-start=\"174\" data-end=\"716\"><strong data-start=\"174\" data-end=\"188\">Descri\u00e7\u00e3o:<\/strong><br data-start=\"188\" data-end=\"191\" \/>A <strong data-start=\"193\" data-end=\"258\">L\u00e2mina Curva N\u00b0 2 com Fibra \u00d3ptica para Laringosc\u00f3pio \u2013 Haoxi<\/strong> \u00e9 indicada para intuba\u00e7\u00e3o orotraqueal em crian\u00e7as maiores e adultos pequenos.<br data-start=\"336\" data-end=\"339\" \/>Apresenta ilumina\u00e7\u00e3o por <strong data-start=\"364\" data-end=\"380\">fibra \u00f3ptica<\/strong> integrada, garantindo visualiza\u00e7\u00e3o clara da via a\u00e9rea durante procedimentos anest\u00e9sicos e emergenciais.<br data-start=\"484\" data-end=\"487\" \/>Ideal para uso em <strong data-start=\"505\" data-end=\"518\" data-is-only-node=\"\">anestesia<\/strong>, <strong data-start=\"520\" data-end=\"534\">emerg\u00eancia<\/strong> e unidades de terapia intensiva.<br data-start=\"567\" data-end=\"570\" \/>Produzida em <strong data-start=\"583\" data-end=\"601\">a\u00e7o inoxid\u00e1vel<\/strong>, proporciona durabilidade, resist\u00eancia e seguran\u00e7a.<br data-start=\"653\" data-end=\"656\" \/>Compat\u00edvel com cabos padr\u00e3o com sistema de <strong data-start=\"699\" data-end=\"715\">fibra \u00f3ptica<\/strong>.<\/p>\n<p data-start=\"718\" data-end=\"1058\"><strong data-start=\"718\" data-end=\"746\">Especifica\u00e7\u00f5es T\u00e9cnicas:<\/strong><br data-start=\"746\" data-end=\"749\" \/>Modelo: <strong data-start=\"757\" data-end=\"778\">Curva (Macintosh)<\/strong><br data-start=\"778\" data-end=\"781\" \/>Tamanho: <strong data-start=\"790\" data-end=\"798\">N\u00b0 2<\/strong><br data-start=\"798\" data-end=\"801\" \/>Aplica\u00e7\u00e3o: <strong data-start=\"812\" data-end=\"843\">Pedi\u00e1trico \/ Adulto pequeno<\/strong><br data-start=\"843\" data-end=\"846\" \/>Ilumina\u00e7\u00e3o: <strong data-start=\"858\" data-end=\"894\">Fibra \u00f3ptica de alta intensidade<\/strong><br data-start=\"894\" data-end=\"897\" \/>Material: <strong data-start=\"907\" data-end=\"936\">A\u00e7o inoxid\u00e1vel resistente<\/strong><br data-start=\"936\" data-end=\"939\" \/>Compatibilidade: Cabos com sistema de fibra \u00f3ptica<br data-start=\"989\" data-end=\"992\" \/>Uso: <strong data-start=\"997\" data-end=\"1039\">Hospitalar, anestesia, emerg\u00eancia, UTI<\/strong><br data-start=\"1039\" data-end=\"1042\" \/>Marca: <strong data-start=\"1049\" data-end=\"1058\">Haoxi<\/strong><\/p>\n","protected":false},"excerpt":{"rendered":"Descri\u00e7\u00e3o:A L\u00e2mina Curva N\u00b0 2 com Fibra \u00d3ptica para Laringosc\u00f3pio \u2013 Haoxi \u00e9 indicada para intuba\u00e7\u00e3o orotraqueal em&hellip;","protected":false},"featured_media":8641,"comment_status":"open","ping_status":"closed","template":"","meta":{"slim_seo":{"title":"L\u00e2mina Curva N\u00b0 2 com Fibra \u00d3ptica para Laringosc\u00f3pio \u2013 Haoxi - Hospitalaria RS","description":"Descri\u00e7\u00e3o: A L\u00e2mina Curva N\u00b0 2 com Fibra \u00d3ptica para Laringosc\u00f3pio \u2013 Haoxi \u00e9 indicada para intuba\u00e7\u00e3o orotraqueal em crian\u00e7as maiores e adultos pequenos. Apresen"}},"product_brand":[1065],"product_cat":[38],"product_tag":[937,1112,1618,1625,1012,1617,1073,1624,1634,1612,1632,1622,1480,1627,1626,1141],"class_list":{"0":"post-8640","1":"product","2":"type-product","3":"status-publish","4":"has-post-thumbnail","6":"product_brand-haoxi","7":"product_cat-oxigenoterapia","8":"product_tag-aco-inoxidavel","9":"product_tag-anestesia","10":"product_tag-clinica","11":"product_tag-emergencia-medica","12":"product_tag-equipamento-medico","13":"product_tag-fibra-optica","14":"product_tag-haoxi","15":"product_tag-intubacao-orotraqueal","16":"product_tag-lamina-curva-no-2","17":"product_tag-lamina-laringoscopio","18":"product_tag-laringoscopia-pediatrica","19":"product_tag-laringoscopio-fibra-optica","20":"product_tag-material-hospitalar","21":"product_tag-produtos-reutilizaveis","22":"product_tag-pronto-atendimento","23":"product_tag-uti","24":"mbf-entry","26":"first","27":"outofstock","28":"shipping-taxable","29":"purchasable","30":"product-type-simple"},"_links":{"self":[{"href":"https:\/\/hospitalariars.com.br\/index.php\/wp-json\/wp\/v2\/product\/8640","targetHints":{"allow":["GET"]}}],"collection":[{"href":"https:\/\/hospitalariars.com.br\/index.php\/wp-json\/wp\/v2\/product"}],"about":[{"href":"https:\/\/hospitalariars.com.br\/index.php\/wp-json\/wp\/v2\/types\/product"}],"replies":[{"embeddable":true,"href":"https:\/\/hospitalariars.com.br\/index.php\/wp-json\/wp\/v2\/comments?post=8640"}],"wp:featuredmedia":[{"embeddable":true,"href":"https:\/\/hospitalariars.com.br\/index.php\/wp-json\/wp\/v2\/media\/8641"}],"wp:attachment":[{"href":"https:\/\/hospitalariars.com.br\/index.php\/wp-json\/wp\/v2\/media?parent=8640"}],"wp:term":[{"taxonomy":"product_brand","embeddable":true,"href":"https:\/\/hospitalariars.com.br\/index.php\/wp-json\/wp\/v2\/product_brand?post=8640"},{"taxonomy":"product_cat","embeddable":true,"href":"https:\/\/hospitalariars.com.br\/index.php\/wp-json\/wp\/v2\/product_cat?post=8640"},{"taxonomy":"product_tag","embeddable":true,"href":"https:\/\/hospitalariars.com.br\/index.php\/wp-json\/wp\/v2\/product_tag?post=8640"}],"curies":[{"name":"wp","href":"https:\/\/api.w.org\/{rel}","templated":true}]}}