{"id":9162,"date":"2026-02-06T11:27:27","date_gmt":"2026-02-06T14:27:27","guid":{"rendered":"https:\/\/hospitalariars.com.br\/?post_type=product&#038;p=9162"},"modified":"2026-03-27T16:03:24","modified_gmt":"2026-03-27T19:03:24","slug":"seringa-descartavel-para-insulina-1-ml-c-agulha-fixa-8x030-30g-medix","status":"publish","type":"product","link":"https:\/\/hospitalariars.com.br\/index.php\/produto\/seringa-descartavel-para-insulina-1-ml-c-agulha-fixa-8x030-30g-medix\/","title":{"rendered":"Seringa descart\u00e1vel para Insulina 1 ml c\/ Agulha Fixa (8&#215;0,30 30G) &#8211; Medix"},"content":{"rendered":"<div id=\"productDescription_feature_div\" class=\"celwidget\" data-feature-name=\"productDescription\" data-csa-c-type=\"widget\" data-csa-c-content-id=\"productDescription\" data-csa-c-slot-id=\"productDescription_feature_div\" data-csa-c-asin=\"\" data-csa-c-is-in-initial-active-row=\"false\" data-csa-c-id=\"gnq12x-1pjxgj-3hcj7m-tfdkrm\" data-cel-widget=\"productDescription_feature_div\">\n<div>\n<div id=\"productDescription_feature_div\" class=\"a-row feature\" data-feature-name=\"productDescription\" data-template-name=\"productDescription\" data-cel-widget=\"productDescription_feature_div\">\n<div id=\"productDescription\" class=\"a-section a-spacing-small\">\n<div class=\"card__header\">\n<h2 class=\"card__title heading h3\">Descri\u00e7\u00e3o<\/h2>\n<\/div>\n<div class=\"card__section\">\n<div class=\"rte text--pull\">\n<p><strong>Apresenta\u00e7\u00e3o<\/strong><\/p>\n<\/div>\n<\/div>\n<\/div>\n<\/div>\n<\/div>\n<\/div>\n<div id=\"renewedProgramDescriptionBtf_feature_div\" class=\"celwidget\" data-feature-name=\"renewedProgramDescriptionBtf\" data-csa-c-type=\"widget\" data-csa-c-content-id=\"renewedProgramDescriptionBtf\" data-csa-c-slot-id=\"renewedProgramDescriptionBtf_feature_div\" data-csa-c-asin=\"\" data-csa-c-is-in-initial-active-row=\"false\" data-csa-c-id=\"1g4few-u1vdm0-f0ssjs-xb7nbg\" data-cel-widget=\"renewedProgramDescriptionBtf_feature_div\">A Seringa de Insulina da Medix Brasil foi desenvolvida para a aspira\u00e7\u00e3o e aplica\u00e7\u00e3o precisa de insulina e outros medicamentos, com alta efici\u00eancia em ambientes m\u00e9dicos, como hospitais, cl\u00ednicas, farm\u00e1cias e laborat\u00f3rios.<\/div>\n<div data-feature-name=\"renewedProgramDescriptionBtf\" data-csa-c-type=\"widget\" data-csa-c-content-id=\"renewedProgramDescriptionBtf\" data-csa-c-slot-id=\"renewedProgramDescriptionBtf_feature_div\" data-csa-c-asin=\"\" data-csa-c-is-in-initial-active-row=\"false\" data-csa-c-id=\"1g4few-u1vdm0-f0ssjs-xb7nbg\" data-cel-widget=\"renewedProgramDescriptionBtf_feature_div\"><\/div>\n<div data-feature-name=\"renewedProgramDescriptionBtf\" data-csa-c-type=\"widget\" data-csa-c-content-id=\"renewedProgramDescriptionBtf\" data-csa-c-slot-id=\"renewedProgramDescriptionBtf_feature_div\" data-csa-c-asin=\"\" data-csa-c-is-in-initial-active-row=\"false\" data-csa-c-id=\"1g4few-u1vdm0-f0ssjs-xb7nbg\" data-cel-widget=\"renewedProgramDescriptionBtf_feature_div\">Atende \u00e0s diversas necessidades dos pacientes e profissionais de sa\u00fade, oferecendo praticidade e conforto. Com design otimizado e precis\u00e3o na aplica\u00e7\u00e3o, \u00e9 indicada para uso di\u00e1rio por diab\u00e9ticos, proporcionando mais seguran\u00e7a na administra\u00e7\u00e3o da insulina.<\/div>\n<div data-feature-name=\"renewedProgramDescriptionBtf\" data-csa-c-type=\"widget\" data-csa-c-content-id=\"renewedProgramDescriptionBtf\" data-csa-c-slot-id=\"renewedProgramDescriptionBtf_feature_div\" data-csa-c-asin=\"\" data-csa-c-is-in-initial-active-row=\"false\" data-csa-c-id=\"1g4few-u1vdm0-f0ssjs-xb7nbg\" data-cel-widget=\"renewedProgramDescriptionBtf_feature_div\">\n<p><strong>Indica\u00e7\u00f5es de uso<\/strong><\/p>\n<div class=\"mt-5 pb-5\">\n<div class=\"col-lg-6 offset-lg-3\">\n<div id=\"indicado\" class=\"tab-content active\">\n<p class=\"mb-0\">Aplica\u00e7\u00e3o de insulina: Ideal para pacientes diab\u00e9ticos, tanto em ambientes hospitalares quanto no cuidado domiciliar.<\/p>\n<\/div>\n<\/div>\n<\/div>\n<p><strong>Especifica\u00e7\u00e3o t\u00e9cnica<\/strong><\/p>\n<ul>\n<li style=\"font-weight: 400;\">Fabricadas em Polipropileno, pol\u00edmero inerte, ou seja, n\u00e3o reage com medicamentos<\/li>\n<li style=\"font-weight: 400;\">Agulha de A\u00e7o inoxid\u00e1vel (exceto o modelo sem agulha)<\/li>\n<li style=\"font-weight: 400;\">Est\u00e9ril por \u00f3xido de Etileno<\/li>\n<li style=\"font-weight: 400;\">Lubrificadas com silicone: reduz a press\u00e3o, permite movimento suave do \u00eambolo<\/li>\n<li style=\"font-weight: 400;\">Corpo transparente: permite a visualiza\u00e7\u00e3o n\u00edtida do flu\u00eddo aspirado<\/li>\n<li style=\"font-weight: 400;\">Anel de reten\u00e7\u00e3o: impede o desprendimento do \u00eambolo<\/li>\n<li style=\"font-weight: 400;\">Gradua\u00e7\u00e3o 2 em 2 UI<\/li>\n<li>Certificadas pelo INMETRO<\/li>\n<li>At\u00f3xicas e apirog\u00eanicas<\/li>\n<li>Descart\u00e1veis e de uso \u00fanico<\/li>\n<\/ul>\n<\/div>\n<div id=\"aplusBrandStory_feature_div\" class=\"celwidget\" data-feature-name=\"aplusBrandStory\" data-csa-c-type=\"widget\" data-csa-c-content-id=\"aplusBrandStory\" data-csa-c-slot-id=\"aplusBrandStory_feature_div\" data-csa-c-asin=\"\" data-csa-c-is-in-initial-active-row=\"false\" data-csa-c-id=\"vmkpr0-7tbhow-il91n9-jrcuki\" data-cel-widget=\"aplusBrandStory_feature_div\"><\/div>\n<div id=\"aplus_feature_div\" class=\"celwidget\" data-feature-name=\"aplus\" data-csa-c-type=\"widget\" data-csa-c-content-id=\"aplus\" data-csa-c-slot-id=\"aplus_feature_div\" data-csa-c-asin=\"\" data-csa-c-is-in-initial-active-row=\"false\" data-csa-c-id=\"oo0fur-1uwafg-qbywl7-vnr0ff\" data-cel-widget=\"aplus_feature_div\"><\/div>\n<div id=\"aplusSustainabilityStory_feature_div\" class=\"celwidget\" data-feature-name=\"aplusSustainabilityStory\" data-csa-c-type=\"widget\" data-csa-c-content-id=\"aplusSustainabilityStory\" data-csa-c-slot-id=\"aplusSustainabilityStory_feature_div\" data-csa-c-asin=\"\" data-csa-c-is-in-initial-active-row=\"false\" data-csa-c-id=\"n8d7w3-ml0wh7-mspybx-kzt143\" data-cel-widget=\"aplusSustainabilityStory_feature_div\"><\/div>\n<div id=\"buffetServiceCard_feature_div\" class=\"celwidget\" data-feature-name=\"buffetServiceCard\" data-csa-c-type=\"widget\" data-csa-c-content-id=\"buffetServiceCard\" data-csa-c-slot-id=\"buffetServiceCard_feature_div\" data-csa-c-asin=\"\" data-csa-c-is-in-initial-active-row=\"false\" data-csa-c-id=\"qptx8c-vkjsg3-7v0yej-px7v5b\" data-cel-widget=\"buffetServiceCard_feature_div\">\n<div class=\"celwidget c-f\" data-csa-op-log-render=\"\" data-csa-c-content-id=\"DsUnknown\" data-csa-c-slot-id=\"DsUnknown-1\" data-csa-c-type=\"widget\" data-csa-c-painter=\"buffet-disclaimers-card-cards\" data-csa-c-id=\"1do5y5-vspful-kae1qn-g73mrw\" data-cel-widget=\"buffet-disclaimers-card_DetailPage_0\">\n<div id=\"CardInstanceyRrrF5B_UG-49Ak9NR8U-A\" data-card-metrics-id=\"buffet-disclaimers-card_DetailPage_0\" data-acp-tracking=\"{}\" data-mix-claimed=\"true\"><\/div>\n<\/div>\n<\/div>\n<div id=\"productDetailsWithModules_feature_div\" class=\"celwidget\" data-feature-name=\"productDetailsWithModules_feature_V2\" data-csa-c-type=\"widget\" data-csa-c-content-id=\"productDetailsWithModules_feature_V2\" data-csa-c-slot-id=\"productDetailsWithModules_feature_div\" data-csa-c-asin=\"\" data-csa-c-is-in-initial-active-row=\"false\" data-csa-c-id=\"rxhqcr-xrsxmt-qb8prn-imel2p\" data-cel-widget=\"productDetailsWithModules_feature_div\"><a id=\"productDetails\" name=\"productDetails\"><\/a><\/div>\n","protected":false},"excerpt":{"rendered":"Descri\u00e7\u00e3o Apresenta\u00e7\u00e3o A Seringa de Insulina da Medix Brasil foi desenvolvida para a aspira\u00e7\u00e3o e aplica\u00e7\u00e3o precisa de&hellip;","protected":false},"featured_media":9165,"comment_status":"open","ping_status":"closed","template":"","meta":{"slim_seo":{"title":"Seringa descart\u00e1vel para Insulina 1 ml c\/ Agulha Fixa (8x0,30 30G) - Medix - Hospitalaria RS","description":"Descri\u00e7\u00e3o Apresenta\u00e7\u00e3o A Seringa de Insulina da Medix Brasil foi desenvolvida para a aspira\u00e7\u00e3o e aplica\u00e7\u00e3o precisa de insulina e outros medicamentos, com alta e"}},"product_brand":[77],"product_cat":[36],"product_tag":[1680,628,625],"class_list":{"0":"post-9162","1":"product","2":"type-product","3":"status-publish","4":"has-post-thumbnail","6":"product_brand-medix","7":"product_cat-materiais-de-consumo","8":"product_tag-diabe","9":"product_tag-para-insulina-e-vacinas","10":"product_tag-seringa-com-agulha-fixa","11":"mbf-entry","13":"first","14":"outofstock","15":"shipping-taxable","16":"product-type-simple"},"_links":{"self":[{"href":"https:\/\/hospitalariars.com.br\/index.php\/wp-json\/wp\/v2\/product\/9162","targetHints":{"allow":["GET"]}}],"collection":[{"href":"https:\/\/hospitalariars.com.br\/index.php\/wp-json\/wp\/v2\/product"}],"about":[{"href":"https:\/\/hospitalariars.com.br\/index.php\/wp-json\/wp\/v2\/types\/product"}],"replies":[{"embeddable":true,"href":"https:\/\/hospitalariars.com.br\/index.php\/wp-json\/wp\/v2\/comments?post=9162"}],"wp:featuredmedia":[{"embeddable":true,"href":"https:\/\/hospitalariars.com.br\/index.php\/wp-json\/wp\/v2\/media\/9165"}],"wp:attachment":[{"href":"https:\/\/hospitalariars.com.br\/index.php\/wp-json\/wp\/v2\/media?parent=9162"}],"wp:term":[{"taxonomy":"product_brand","embeddable":true,"href":"https:\/\/hospitalariars.com.br\/index.php\/wp-json\/wp\/v2\/product_brand?post=9162"},{"taxonomy":"product_cat","embeddable":true,"href":"https:\/\/hospitalariars.com.br\/index.php\/wp-json\/wp\/v2\/product_cat?post=9162"},{"taxonomy":"product_tag","embeddable":true,"href":"https:\/\/hospitalariars.com.br\/index.php\/wp-json\/wp\/v2\/product_tag?post=9162"}],"curies":[{"name":"wp","href":"https:\/\/api.w.org\/{rel}","templated":true}]}}